000
CDUS43 KGRR 302138
CLIBTL


CLIMATE REPORT
NATIONAL WEATHER SERVICE GRAND RAPIDS, MI
538 PM EDT FRI SEP 30 2016


...................................

...THE BATTLE CREEK MI CLIMATE SUMMARY FOR SEPTEMBER 30 2016...
VALID TODAY AS OF 0500 PM LOCAL TIME.

CLIMATE NORMAL PERIOD 1981 TO 2010
CLIMATE RECORD PERIOD 1998 TO 2016


WEATHER ITEM   OBSERVED TIME   NORMAL DEPARTURE LAST
                VALUE   (LST)  VALUE  FROM      YEAR
                                      NORMAL
......................................................
TEMPERATURE (F)
 TODAY
  MAXIMUM         62   1150 AM  67     -5       63
  MINIMUM         59    902 AM  44     15       44
  AVERAGE         61            56      5       54

PRECIPITATION (IN)
  TODAY            0.02          0.11  -0.09     0.00
  MONTH TO DATE    1.99          3.65  -1.66     2.71
  SINCE SEP 1      1.99          3.65  -1.66     2.71
  SINCE JAN 1     25.45         25.19   0.26    25.93

DEGREE DAYS
 HEATING
  TODAY            4            10     -6       11
  MONTH TO DATE   43           156   -113       59
  SINCE SEP 1     43           156   -113       59
  SINCE JUL 1     51           197   -146       81

 COOLING
  TODAY            0             1     -1        0
  MONTH TO DATE   92            55     37      142
  SINCE SEP 1     92            55     37      142
  SINCE JAN 1    708           573    135      720
......................................................


WIND (MPH)
  RESULTANT WIND SPEED  12   RESULTANT WIND DIRECTION  NE (50)
  HIGHEST WIND SPEED    17   HIGHEST WIND DIRECTION    NE (50)
  HIGHEST GUST SPEED    23   HIGHEST GUST DIRECTION    NE (40)
  AVERAGE WIND SPEED    12.1


SKY COVER
  AVERAGE SKY COVER 0.9


WEATHER CONDITIONS
 THE FOLLOWING WEATHER WAS RECORDED TODAY.
  LIGHT RAIN
  FOG


RELATIVE HUMIDITY (PERCENT)
 HIGHEST   100           200 AM
 LOWEST     90           300 PM
 AVERAGE    95

..........................................................


THE BATTLE CREEK MI CLIMATE NORMALS FOR TOMORROW
                         NORMAL
 MAXIMUM TEMPERATURE (F)   67
 MINIMUM TEMPERATURE (F)   44


SUNRISE AND SUNSET
SEPTEMBER 30 2016.....SUNRISE   737 AM EDT   SUNSET   723 PM EDT
OCTOBER  1 2016.......SUNRISE   738 AM EDT   SUNSET   722 PM EDT


-  INDICATES NEGATIVE NUMBERS.
R  INDICATES RECORD WAS SET OR TIED.
MM INDICATES DATA IS MISSING.
T  INDICATES TRACE AMOUNT.




$$
