000
CDUS43 KGRR 242131
CLIBTL


CLIMATE REPORT
NATIONAL WEATHER SERVICE GRAND RAPIDS, MI
529 PM EDT MON APR 24 2017


...................................

...THE BATTLE CREEK MI CLIMATE SUMMARY FOR APRIL 24 2017...
VALID TODAY AS OF 0500 PM LOCAL TIME.

CLIMATE NORMAL PERIOD 1981 TO 2010
CLIMATE RECORD PERIOD 1998 TO 2017


WEATHER ITEM   OBSERVED TIME   NORMAL DEPARTURE LAST
                VALUE   (LST)  VALUE  FROM      YEAR
                                      NORMAL
......................................................
TEMPERATURE (F)
 TODAY
  MAXIMUM         72    251 PM  64      8       70
  MINIMUM         41    608 AM  39      2       41
  AVERAGE         57            51      6       56

PRECIPITATION (IN)
  TODAY            0.00          0.09  -0.09     0.00
  MONTH TO DATE    2.60          2.22   0.38     1.70
  SINCE MAR 1      6.33          4.13   2.20     4.64
  SINCE JAN 1     11.80          7.13   4.67     6.24

DEGREE DAYS
 HEATING
  TODAY            8            14     -6        9
  MONTH TO DATE  312           436   -124      451
  SINCE MAR 1   1217          1346   -129     1178
  SINCE JUL 1   5120          6311  -1191     5093

 COOLING
  TODAY            0             0      0        0
  MONTH TO DATE    3             0      3        2
  SINCE MAR 1      3             0      3        2
  SINCE JAN 1      3             0      3        2
......................................................


WIND (MPH)
  RESULTANT WIND SPEED   6   RESULTANT WIND DIRECTION   E (110)
  HIGHEST WIND SPEED    17   HIGHEST WIND DIRECTION     E (110)
  HIGHEST GUST SPEED    22   HIGHEST GUST DIRECTION    SE (130)
  AVERAGE WIND SPEED     6.6


SKY COVER
  AVERAGE SKY COVER 0.0


WEATHER CONDITIONS
 THE FOLLOWING WEATHER WAS RECORDED TODAY.
  NO SIGNIFICANT WEATHER WAS OBSERVED.


RELATIVE HUMIDITY (PERCENT)
 HIGHEST    96           600 AM
 LOWEST     19           300 PM
 AVERAGE    58

..........................................................


THE BATTLE CREEK MI CLIMATE NORMALS FOR TOMORROW
                         NORMAL
 MAXIMUM TEMPERATURE (F)   64
 MINIMUM TEMPERATURE (F)   39


SUNRISE AND SUNSET
APRIL 24 2017.........SUNRISE   646 AM EDT   SUNSET   833 PM EDT
APRIL 25 2017.........SUNRISE   644 AM EDT   SUNSET   834 PM EDT


-  INDICATES NEGATIVE NUMBERS.
R  INDICATES RECORD WAS SET OR TIED.
MM INDICATES DATA IS MISSING.
T  INDICATES TRACE AMOUNT.




$$

63
