000
CDUS43 KGRR 192126
CLIBTL


CLIMATE REPORT
NATIONAL WEATHER SERVICE GRAND RAPIDS, MI
526 PM EDT TUE SEP 19 2017


...................................

...THE BATTLE CREEK MI CLIMATE SUMMARY FOR SEPTEMBER 19 2017...
VALID TODAY AS OF 0500 PM LOCAL TIME.

CLIMATE NORMAL PERIOD 1981 TO 2010
CLIMATE RECORD PERIOD 1998 TO 2017


WEATHER ITEM   OBSERVED TIME   NORMAL DEPARTURE LAST
                VALUE   (LST)  VALUE  FROM      YEAR
                                      NORMAL
......................................................
TEMPERATURE (F)
 TODAY
  MAXIMUM         72    359 PM  72      0       83
  MINIMUM         63    944 AM  49     14       54
  AVERAGE         68            60      8       69

PRECIPITATION (IN)
  TODAY           MM             0.13  MM        0.00
  MONTH TO DATE    0.23          2.29  -2.06     1.86
  SINCE SEP 1      0.23          2.29  -2.06     1.86
  SINCE JAN 1     21.83         23.83  -2.00    25.32

DEGREE DAYS
 HEATING
  TODAY            0             6     -6        0
  MONTH TO DATE   63            67     -4       16
  SINCE SEP 1     63            67     -4       16
  SINCE JUL 1     83           108    -25       24

 COOLING
  TODAY            3             1      2        4
  MONTH TO DATE   39            45     -6       71
  SINCE SEP 1     39            45     -6       71
  SINCE JAN 1    626           563     63      687
......................................................


WIND (MPH)
  RESULTANT WIND SPEED   6   RESULTANT WIND DIRECTION   E (80)
  HIGHEST WIND SPEED    13   HIGHEST WIND DIRECTION    NE (50)
  HIGHEST GUST SPEED    16   HIGHEST GUST DIRECTION     E (110)
  AVERAGE WIND SPEED     7.1


SKY COVER
  AVERAGE SKY COVER 1.0


WEATHER CONDITIONS
 THE FOLLOWING WEATHER WAS RECORDED TODAY.
  RAIN
  LIGHT RAIN
  FOG


RELATIVE HUMIDITY (PERCENT)
 HIGHEST   100           800 AM
 LOWEST     79           400 PM
 AVERAGE    90

..........................................................


THE BATTLE CREEK MI CLIMATE NORMALS FOR TOMORROW
                         NORMAL
 MAXIMUM TEMPERATURE (F)   72
 MINIMUM TEMPERATURE (F)   48


SUNRISE AND SUNSET
SEPTEMBER 19 2017.....SUNRISE   725 AM EDT   SUNSET   743 PM EDT
SEPTEMBER 20 2017.....SUNRISE   726 AM EDT   SUNSET   741 PM EDT


-  INDICATES NEGATIVE NUMBERS.
R  INDICATES RECORD WAS SET OR TIED.
MM INDICATES DATA IS MISSING.
T  INDICATES TRACE AMOUNT.




$$
