000
CDUS43 KGRR 291337
CLIBTL


CLIMATE REPORT
NATIONAL WEATHER SERVICE GRAND RAPIDS, MI
936 AM EDT FRI MAY 29 2015


...................................

...THE BATTLE CREEK MI CLIMATE SUMMARY FOR MAY 29 2015...
VALID AS OF 0900 AM LOCAL TIME.

CLIMATE NORMAL PERIOD 1981 TO 2010
CLIMATE RECORD PERIOD 1998 TO 2015


WEATHER ITEM   OBSERVED TIME   NORMAL DEPARTURE LAST
                VALUE   (LST)  VALUE  FROM      YEAR
                                      NORMAL
......................................................
TEMPERATURE (F)
 TODAY
  MAXIMUM         69    759 AM  74     -5       78
  MINIMUM         62    450 AM  50     12       54
  AVERAGE         66            62      4       66

PRECIPITATION (IN)
  TODAY            0.00          0.13  -0.13     0.00
  MONTH TO DATE    3.29          3.52  -0.23     3.14
  SINCE MAR 1      5.36          8.23  -2.87     6.43
  SINCE JAN 1      6.37         11.23  -4.86     7.96

DEGREE DAYS
 HEATING
  TODAY            0             5     -5        0
  MONTH TO DATE  131           237   -106      213
  SINCE MAR 1   1567          1661    -94     1899
  SINCE JUL 1   6772          6626    146     7353

 COOLING
  TODAY            1             2     -1        1
  MONTH TO DATE   66            28     38       49
  SINCE MAR 1     66            35     31       49
  SINCE JAN 1     66            35     31       49
......................................................


WIND (MPH)
  RESULTANT WIND SPEED   7   RESULTANT WIND DIRECTION  SE (140)
  HIGHEST WIND SPEED    10   HIGHEST WIND DIRECTION    SE (150)
  HIGHEST GUST SPEED    15   HIGHEST GUST DIRECTION    SE (150)
  AVERAGE WIND SPEED     6.9


SKY COVER
  AVERAGE SKY COVER 0.0


WEATHER CONDITIONS
 THE FOLLOWING WEATHER WAS RECORDED TODAY.
  NO SIGNIFICANT WEATHER WAS OBSERVED.


RELATIVE HUMIDITY (PERCENT)
 HIGHEST    78           500 AM
 LOWEST     55          1200 AM
 AVERAGE    67

..........................................................


THE BATTLE CREEK MI CLIMATE NORMALS FOR TOMORROW
                         NORMAL
 MAXIMUM TEMPERATURE (F)   75
 MINIMUM TEMPERATURE (F)   50


SUNRISE AND SUNSET
MAY 29 2015...........SUNRISE   609 AM EDT   SUNSET   908 PM EDT
MAY 30 2015...........SUNRISE   608 AM EDT   SUNSET   909 PM EDT


-  INDICATES NEGATIVE NUMBERS.
R  INDICATES RECORD WAS SET OR TIED.
MM INDICATES DATA IS MISSING.
T  INDICATES TRACE AMOUNT.




$$
