000
CDUS45 KMSO 232336
CLIBTM


CLIMATE REPORT
NATIONAL WEATHER SERVICE MISSOULA, MT
436 PM MST SUN NOV 23 2014


...................................

...THE BUTTE MT CLIMATE SUMMARY FOR NOVEMBER 23 2014...
VALID TODAY AS OF 0400 PM LOCAL TIME.

CLIMATE NORMAL PERIOD 1981 TO 2010
CLIMATE RECORD PERIOD 1895 TO 2014


WEATHER ITEM   OBSERVED TIME   RECORD YEAR NORMAL DEPARTURE LAST
                VALUE   (LST)  VALUE       VALUE  FROM      YEAR
                                                  NORMAL
..................................................................
TEMPERATURE (F)
 TODAY
  MAXIMUM         35    139 PM  68    1917  36     -1       38
  MINIMUM         23    557 AM -29    1985  12     11        3
  AVERAGE         29                        24      5       21

PRECIPITATION (IN)
  TODAY            0.06          0.80 1909   0.02   0.04     0.00
  MONTH TO DATE    0.40                      0.47  -0.07     0.20
  SINCE OCT 1      1.23                      1.25  -0.02     0.82
  SINCE JAN 1     13.67                     12.13   1.54    11.10

SNOWFALL (IN)
  TODAY           MM
  MONTH TO DATE    0.0
  SINCE JAN 1      0.0
  SINCE JUL 1      0.0
  SNOW DEPTH      MM

DEGREE DAYS
 HEATING
  TODAY           36                        41     -5       44
  MONTH TO DATE  973                       815    158      774
  SINCE SEP 1   1931                      1958    -27     1949
  SINCE JUL 1   2094                      2186    -92     2016

 COOLING
  TODAY            0                         0      0        0
  MONTH TO DATE    0                         0      0        0
  SINCE SEP 1      1                         2     -1        8
  SINCE JAN 1     78                        81     -3      104
..................................................................


WIND (MPH)
  HIGHEST WIND SPEED    20   HIGHEST WIND DIRECTION    NW (310)
  HIGHEST GUST SPEED    26   HIGHEST GUST DIRECTION    NW (310)
  AVERAGE WIND SPEED     8.6


SKY COVER
  POSSIBLE SUNSHINE  MM
  AVERAGE SKY COVER 0.9


WEATHER CONDITIONS
 THE FOLLOWING WEATHER WAS RECORDED TODAY.
  SNOW
  LIGHT SNOW
  FOG


RELATIVE HUMIDITY (PERCENT)
 HIGHEST    92           200 AM
 LOWEST     49          1200 PM
 AVERAGE    71

..........................................................


THE BUTTE MT CLIMATE NORMALS FOR TOMORROW
                         NORMAL    RECORD    YEAR
 MAXIMUM TEMPERATURE (F)   35        69      1917
 MINIMUM TEMPERATURE (F)   11       -22      2010


SUNRISE AND SUNSET
NOVEMBER 23 2014......SUNRISE   741 AM MST   SUNSET   451 PM MST
NOVEMBER 24 2014......SUNRISE   743 AM MST   SUNSET   450 PM MST


-  INDICATES NEGATIVE NUMBERS.
R  INDICATES RECORD WAS SET OR TIED.
MM INDICATES DATA IS MISSING.
T  INDICATES TRACE AMOUNT.




$$
