000
CDUS45 KMSO 250737
CLIBTM


CLIMATE REPORT
NATIONAL WEATHER SERVICE MISSOULA, MT
137 AM MDT FRI JUL 25 2014


...................................

...THE BUTTE MT CLIMATE SUMMARY FOR JULY 24 2014...

CLIMATE NORMAL PERIOD 1981 TO 2010
CLIMATE RECORD PERIOD 1895 TO 2014


WEATHER ITEM   OBSERVED TIME   RECORD YEAR NORMAL DEPARTURE LAST
                VALUE   (LST)  VALUE       VALUE  FROM      YEAR
                                                  NORMAL
..................................................................
TEMPERATURE (F)
 YESTERDAY
  MAXIMUM         73   1136 AM  97    1978  83    -10       91
  MINIMUM         47    520 AM  38    1964  47      0       49
  AVERAGE         60                        64     -4       70

PRECIPITATION (IN)
  YESTERDAY        0.00          0.47 1900   0.04  -0.04     0.00
  MONTH TO DATE    0.69                      1.06  -0.37     0.63
  SINCE OCT 1      9.44                     10.12  -0.68     7.22
  SINCE JAN 1      8.40                      8.23   0.17     5.59

SNOWFALL (IN)
  YESTERDAY       MM
  MONTH TO DATE   MM
  SINCE JAN 1     MM
  SINCE JUL 1     MM
  SNOW DEPTH      MM

DEGREE DAYS
 HEATING
  YESTERDAY        5                         2      3        0
  MONTH TO DATE   19                        85    -66       10
  SINCE JUN 1    372                       372      0      253
  SINCE JUL 1     19                        85    -66       10

 COOLING
  YESTERDAY        0                         2     -2        5
  MONTH TO DATE   56                        35     21       58
  SINCE JUN 1     56                        42     14       71
  SINCE JAN 1     56                        42     14       71
..................................................................


WIND (MPH)
  HIGHEST WIND SPEED    25   HIGHEST WIND DIRECTION    NW (330)
  HIGHEST GUST SPEED    33   HIGHEST GUST DIRECTION    SW (240)
  AVERAGE WIND SPEED    10.4


SKY COVER
  POSSIBLE SUNSHINE  MM
  AVERAGE SKY COVER 0.0


WEATHER CONDITIONS
 THE FOLLOWING WEATHER WAS RECORDED YESTERDAY.
  NO SIGNIFICANT WEATHER WAS OBSERVED.


RELATIVE HUMIDITY (PERCENT)
 HIGHEST    86           300 AM
 LOWEST     16           400 PM
 AVERAGE    51

..........................................................


THE BUTTE MT CLIMATE NORMALS FOR TODAY
                         NORMAL    RECORD    YEAR
 MAXIMUM TEMPERATURE (F)   83        98      1933
 MINIMUM TEMPERATURE (F)   47        34      1948


SUNRISE AND SUNSET
JULY 25 2014..........SUNRISE   605 AM MDT   SUNSET   908 PM MDT
JULY 26 2014..........SUNRISE   606 AM MDT   SUNSET   907 PM MDT


-  INDICATES NEGATIVE NUMBERS.
R  INDICATES RECORD WAS SET OR TIED.
MM INDICATES DATA IS MISSING.
T  INDICATES TRACE AMOUNT.




$$
