746
CDUS45 KMSO 100838
CLIBTM


CLIMATE REPORT
NATIONAL WEATHER SERVICE MISSOULA, MT
138 AM MST WED FEB 10 2016


...................................

...THE BUTTE MT CLIMATE SUMMARY FOR FEBRUARY 9 2016...

CLIMATE NORMAL PERIOD 1981 TO 2010
CLIMATE RECORD PERIOD 1895 TO 2016


WEATHER ITEM   OBSERVED TIME   RECORD YEAR NORMAL DEPARTURE LAST
                VALUE   (LST)  VALUE       VALUE  FROM      YEAR
                                                  NORMAL
..................................................................
TEMPERATURE (F)
 YESTERDAY
  MAXIMUM         40    429 PM  54    1907  34      6       48
  MINIMUM         11    837 AM -52    1933   8      3       34
  AVERAGE         26                        21      5       41

PRECIPITATION (IN)
  YESTERDAY        0.00          0.25 1922   0.01  -0.01     0.05
  MONTH TO DATE    0.03                      0.12  -0.09     0.07
  SINCE OCT 1      3.11                      2.48   0.63     2.63
  SINCE JAN 1      0.37                      0.59  -0.22     0.24

SNOWFALL (IN)
  YESTERDAY       MM
  MONTH TO DATE   MM
  SINCE JAN 1     MM
  SINCE JUL 1     MM
  SNOW DEPTH      MM

DEGREE DAYS
 HEATING
  YESTERDAY       39                        44     -5       24
  MONTH TO DATE  404                       401      3      259
  SINCE DEC 1   3316                      3282     34     2824
  SINCE JUL 1   5736                      5772    -36     5154

 COOLING
  YESTERDAY        0                         0      0        0
  MONTH TO DATE    0                         0      0        0
  SINCE DEC 1      0                         0      0        0
  SINCE JAN 1      0                         0      0        0
..................................................................


WIND (MPH)
  HIGHEST WIND SPEED     8   HIGHEST WIND DIRECTION    SE (150)
  HIGHEST GUST SPEED    10   HIGHEST GUST DIRECTION    NW (310)
  AVERAGE WIND SPEED     2.8


SKY COVER
  POSSIBLE SUNSHINE  MM
  AVERAGE SKY COVER 0.2


WEATHER CONDITIONS
 THE FOLLOWING WEATHER WAS RECORDED YESTERDAY.
  FOG
  FOG W/VISIBILITY <= 1/4 MILE


RELATIVE HUMIDITY (PERCENT)
 HIGHEST    92           100 AM
 LOWEST     70           200 PM
 AVERAGE    81

..........................................................


THE BUTTE MT CLIMATE NORMALS FOR TODAY
                         NORMAL    RECORD    YEAR
 MAXIMUM TEMPERATURE (F)   34        54      1951
 MINIMUM TEMPERATURE (F)    8       -43      1981


SUNRISE AND SUNSET
FEBRUARY 10 2016......SUNRISE   741 AM MST   SUNSET   548 PM MST
FEBRUARY 11 2016......SUNRISE   739 AM MST   SUNSET   550 PM MST


-  INDICATES NEGATIVE NUMBERS.
R  INDICATES RECORD WAS SET OR TIED.
MM INDICATES DATA IS MISSING.
T  INDICATES TRACE AMOUNT.




$$
