000
CDUS45 KMSO 202353
CLIBTM


CLIMATE REPORT
NATIONAL WEATHER SERVICE MISSOULA, MT
441 PM MST MON NOV 20 2017


...................................

...THE BUTTE MT CLIMATE SUMMARY FOR NOVEMBER 20 2017...
VALID TODAY AS OF 0400 PM LOCAL TIME.

CLIMATE NORMAL PERIOD 1981 TO 2010
CLIMATE RECORD PERIOD 1895 TO 2017


WEATHER ITEM   OBSERVED TIME   RECORD YEAR NORMAL DEPARTURE LAST
                VALUE   (LST)  VALUE       VALUE  FROM      YEAR
                                                  NORMAL
..................................................................
TEMPERATURE (F)
 TODAY
  MAXIMUM         43    218 PM  60    1989  37      6       50
  MINIMUM         20    223 AM -32    1977  13      7       26
  AVERAGE         32                        25      7       38

PRECIPITATION (IN)
  TODAY            T             1.20 1921   0.02  -0.02     0.00
  MONTH TO DATE    0.49                      0.41   0.08     0.34
  SINCE OCT 1      0.66                      1.19  -0.53     2.65
  SINCE JAN 1     11.19                     12.07  -0.88    10.03

SNOWFALL (IN)
  TODAY           MM
  MONTH TO DATE   MM
  SINCE JAN 1     MM
  SINCE JUL 1     MM
  SNOW DEPTH       0

DEGREE DAYS
 HEATING
  TODAY           33                        40     -7       27
  MONTH TO DATE  812                       693    119      515
  SINCE SEP 1   2020                      1836    184     1629
  SINCE JUL 1   2093                      2064     29     1927

 COOLING
  TODAY            0                         0      0        0
  MONTH TO DATE    0                         0      0        0
  SINCE SEP 1      5                         2      3        3
  SINCE JAN 1    129                        81     48       57
..................................................................


WIND (MPH)
  HIGHEST WIND SPEED    13   HIGHEST WIND DIRECTION     W (280)
  HIGHEST GUST SPEED    18   HIGHEST GUST DIRECTION     W (280)
  AVERAGE WIND SPEED     5.9


SKY COVER
  POSSIBLE SUNSHINE  MM
  AVERAGE SKY COVER 0.8


WEATHER CONDITIONS
 THE FOLLOWING WEATHER WAS RECORDED TODAY.
  NO SIGNIFICANT WEATHER WAS OBSERVED.


RELATIVE HUMIDITY (PERCENT)
 HIGHEST    68           200 AM
 LOWEST     44           500 AM
 AVERAGE    56

..........................................................


THE BUTTE MT CLIMATE NORMALS FOR TOMORROW
                         NORMAL    RECORD    YEAR
 MAXIMUM TEMPERATURE (F)   37        59      1928
 MINIMUM TEMPERATURE (F)   13       -24      1977


SUNRISE AND SUNSET
NOVEMBER 20 2017......SUNRISE   738 AM MST   SUNSET   453 PM MST
NOVEMBER 21 2017......SUNRISE   739 AM MST   SUNSET   453 PM MST


-  INDICATES NEGATIVE NUMBERS.
R  INDICATES RECORD WAS SET OR TIED.
MM INDICATES DATA IS MISSING.
T  INDICATES TRACE AMOUNT.




$$
