000
CDUS44 KLIX 290701
CLIBTR


CLIMATE REPORT
NATIONAL WEATHER SERVICE NEW ORLEANS
201 AM CDT SAT APR 29 2017


...................................

...THE BATON ROUGE  ASOS CLIMATE SUMMARY FOR APRIL 28 2017...

CLIMATE NORMAL PERIOD 1981 TO 2010
CLIMATE RECORD PERIOD 1894 TO 2017


WEATHER ITEM   OBSERVED TIME   RECORD YEAR NORMAL DEPARTURE LAST
                VALUE   (LST)  VALUE       VALUE  FROM      YEAR
                                                  NORMAL
..................................................................
TEMPERATURE (F)
 YESTERDAY
  MAXIMUM         89    127 PM  90    1987  82      7       85
                                      1963
                                      1899
  MINIMUM         68   1217 AM  44    1992  60      8       71
  AVERAGE         79                        71      8       78

PRECIPITATION (IN)
  YESTERDAY        0.00          3.25 1998   0.14  -0.14     0.11
  MONTH TO DATE    4.57                      4.19   0.38     3.12
  SINCE MAR 1      8.31                      8.60  -0.29    13.12
  SINCE JAN 1     19.74                     19.36   0.38    22.43

SNOWFALL (IN)
  YESTERDAY        0.0
  MONTH TO DATE    0.0
  SINCE MAR 1      0.0
  SINCE JUL 1      0.0
  SNOW DEPTH       0

DEGREE DAYS
 HEATING
  YESTERDAY        0                         0      0        0
  MONTH TO DATE   11                        51    -40       19
  SINCE MAR 1     95                       218   -123       88
  SINCE JUL 1    799                      1553   -754     1079

 COOLING
  YESTERDAY       14                         7      7       13
  MONTH TO DATE  176                       128     48      136
  SINCE MAR 1    314                       186    128      233
  SINCE JAN 1    457                       217    240      250
..................................................................


WIND (MPH)
  HIGHEST WIND SPEED    25   HIGHEST WIND DIRECTION     S (170)
  HIGHEST GUST SPEED    34   HIGHEST GUST DIRECTION    SE (150)
  AVERAGE WIND SPEED    15.1


SKY COVER
  POSSIBLE SUNSHINE  MM
  AVERAGE SKY COVER 0.8


WEATHER CONDITIONS
 THE FOLLOWING WEATHER WAS RECORDED YESTERDAY.
  NO SIGNIFICANT WEATHER WAS OBSERVED.


RELATIVE HUMIDITY (PERCENT)
 HIGHEST    97           200 AM
 LOWEST     59          1200 PM
 AVERAGE    78

..........................................................


THE BATON ROUGE  ASOS CLIMATE NORMALS FOR TODAY
                         NORMAL    RECORD    YEAR
 MAXIMUM TEMPERATURE (F)   82        91      1955
                                             1915
 MINIMUM TEMPERATURE (F)   61        47      1965


SUNRISE AND SUNSET
APRIL 29 2017.........SUNRISE   623 AM CDT   SUNSET   742 PM CDT
APRIL 30 2017.........SUNRISE   622 AM CDT   SUNSET   742 PM CDT


-  INDICATES NEGATIVE NUMBERS.
R  INDICATES RECORD WAS SET OR TIED.
MM INDICATES DATA IS MISSING.
T  INDICATES TRACE AMOUNT.




$$
