000
CDUS44 KLIX 190705
CLIBTR


CLIMATE REPORT
NATIONAL WEATHER SERVICE NEW ORLEANS
205 AM CDT SAT APR 19 2014


...................................

...THE BATON ROUGE  ASOS CLIMATE SUMMARY FOR APRIL 18 2014...

CLIMATE NORMAL PERIOD 1981 TO 2010
CLIMATE RECORD PERIOD 1894 TO 2014


WEATHER ITEM   OBSERVED TIME   RECORD YEAR NORMAL DEPARTURE LAST
                VALUE   (LST)  VALUE       VALUE  FROM      YEAR
                                                  NORMAL
..................................................................
TEMPERATURE (F)
 YESTERDAY
  MAXIMUM         80    128 PM  93    2006  80      0       86
  MINIMUM         58   1101 PM  38    1997  57      1       55
  AVERAGE         69                        69      0       71

PRECIPITATION (IN)
  YESTERDAY        0.01          2.40 1901   0.15  -0.14     0.29
  MONTH TO DATE    3.51                      2.77   0.74     4.29
  SINCE MAR 1      6.73                      7.18  -0.45     7.20
  SINCE JAN 1     16.00                     17.94  -1.94    29.24

SNOWFALL (IN)
  YESTERDAY        0.0
  MONTH TO DATE    0.0
  SINCE MAR 1      0.0
  SINCE JUL 1      0.4
  SNOW DEPTH       0

DEGREE DAYS
 HEATING
  YESTERDAY        0                         1     -1        0
  MONTH TO DATE   51                        42      9       41
  SINCE MAR 1    272                       209     63      317
  SINCE JUL 1   1978                      1544    434     1489

 COOLING
  YESTERDAY        4                         5     -1        6
  MONTH TO DATE   62                        70     -8       77
  SINCE MAR 1     88                       128    -40       96
  SINCE JAN 1    108                       159    -51      121
..................................................................


WIND (MPH)
  HIGHEST WIND SPEED    15   HIGHEST WIND DIRECTION    NE (50)
  HIGHEST GUST SPEED    22   HIGHEST GUST DIRECTION    NE (30)
  AVERAGE WIND SPEED     5.2


SKY COVER
  POSSIBLE SUNSHINE  MM
  AVERAGE SKY COVER 0.6


WEATHER CONDITIONS
 THE FOLLOWING WEATHER WAS RECORDED YESTERDAY.
  THUNDERSTORM
  RAIN


RELATIVE HUMIDITY (PERCENT)
 HIGHEST    90           800 PM
 LOWEST     42           200 PM
 AVERAGE    66

..........................................................


THE BATON ROUGE  ASOS CLIMATE NORMALS FOR TODAY
                         NORMAL    RECORD    YEAR
 MAXIMUM TEMPERATURE (F)   80        90      2006
                                             1987
 MINIMUM TEMPERATURE (F)   58        40      2001


SUNRISE AND SUNSET
APRIL 19 2014.........SUNRISE   633 AM CDT   SUNSET   735 PM CDT
APRIL 20 2014.........SUNRISE   632 AM CDT   SUNSET   736 PM CDT


-  INDICATES NEGATIVE NUMBERS.
R  INDICATES RECORD WAS SET OR TIED.
MM INDICATES DATA IS MISSING.
T  INDICATES TRACE AMOUNT.




$$
