000
CDUS44 KLIX 250702
CLIBTR


CLIMATE REPORT
NATIONAL WEATHER SERVICE NEW ORLEANS
201 AM CDT SUN JUN 25 2017


...................................

...THE BATON ROUGE  ASOS CLIMATE SUMMARY FOR JUNE 24 2017...

CLIMATE NORMAL PERIOD 1981 TO 2010
CLIMATE RECORD PERIOD 1894 TO 2017


WEATHER ITEM   OBSERVED TIME   RECORD YEAR NORMAL DEPARTURE LAST
                VALUE   (LST)  VALUE       VALUE  FROM      YEAR
                                                  NORMAL
..................................................................
TEMPERATURE (F)
 YESTERDAY
  MAXIMUM         90   1148 AM 100    2009  92     -2       94
  MINIMUM         75   1159 PM  62    1902  73      2       74
  AVERAGE         83                        82      1       84

PRECIPITATION (IN)
  YESTERDAY        0.89          2.14 1896   0.22   0.67     0.00
  MONTH TO DATE    7.49                      5.05   2.44     6.41
  SINCE JUN 1      7.49                      5.05   2.44     6.41
  SINCE JAN 1     39.14                     29.57   9.57    36.62

SNOWFALL (IN)
  YESTERDAY        0.0
  MONTH TO DATE    0.0
  SINCE JUN 1      0.0
  SINCE JUL 1      0.0
  SNOW DEPTH       0

DEGREE DAYS
 HEATING
  YESTERDAY        0                         0      0        0
  MONTH TO DATE    0                         0      0        0
  SINCE JUN 1      0                         0      0        0
  SINCE JUL 1    809                      1555   -746     1079

 COOLING
  YESTERDAY       18                        17      1       19
  MONTH TO DATE  348                       380    -32      397
  SINCE JUN 1    348                       380    -32      397
  SINCE JAN 1   1085                       945    140      973
..................................................................


WIND (MPH)
  HIGHEST WIND SPEED    24   HIGHEST WIND DIRECTION    SW (230)
  HIGHEST GUST SPEED    31   HIGHEST GUST DIRECTION    SW (230)
  AVERAGE WIND SPEED     4.6


SKY COVER
  POSSIBLE SUNSHINE  MM
  AVERAGE SKY COVER 0.5


WEATHER CONDITIONS
 THE FOLLOWING WEATHER WAS RECORDED YESTERDAY.
  THUNDERSTORM
  HEAVY RAIN
  RAIN
  LIGHT RAIN
  FOG


RELATIVE HUMIDITY (PERCENT)
 HIGHEST   100          1000 PM
 LOWEST     64          1200 PM
 AVERAGE    82

..........................................................


THE BATON ROUGE  ASOS CLIMATE NORMALS FOR TODAY
                         NORMAL    RECORD    YEAR
 MAXIMUM TEMPERATURE (F)   92       101      2012
 MINIMUM TEMPERATURE (F)   73        57      1974


SUNRISE AND SUNSET
JUNE 25 2017..........SUNRISE   604 AM CDT   SUNSET   811 PM CDT
JUNE 26 2017..........SUNRISE   604 AM CDT   SUNSET   811 PM CDT


-  INDICATES NEGATIVE NUMBERS.
R  INDICATES RECORD WAS SET OR TIED.
MM INDICATES DATA IS MISSING.
T  INDICATES TRACE AMOUNT.




$$
