000
CDUS44 KLIX 030820
CLIBTR


CLIMATE REPORT
NATIONAL WEATHER SERVICE NEW ORLEANS
220 AM CST SAT DEC 3 2016


...................................

...THE BATON ROUGE  ASOS CLIMATE SUMMARY FOR DECEMBER 2 2016...

CLIMATE NORMAL PERIOD 1981 TO 2010
CLIMATE RECORD PERIOD 1894 TO 2016


WEATHER ITEM   OBSERVED TIME   RECORD YEAR NORMAL DEPARTURE LAST
                VALUE   (LST)  VALUE       VALUE  FROM      YEAR
                                                  NORMAL
..................................................................
TEMPERATURE (F)
 YESTERDAY
  MAXIMUM         67    237 PM  85    1982  67      0       60
  MINIMUM         42    116 AM  22    1960  45     -3       49
  AVERAGE         55                        56     -1       55

PRECIPITATION (IN)
  YESTERDAY        0.07          2.08 1896   0.17  -0.10     0.06
  MONTH TO DATE    0.07                      0.33  -0.26     0.38
  SINCE DEC 1      0.07                      0.33  -0.26     0.38
  SINCE JAN 1     79.98                     55.38  24.60    71.64

SNOWFALL (IN)
  YESTERDAY       MM
  MONTH TO DATE    0.0
  SINCE DEC 1      0.0
  SINCE JUL 1      0.0
  SNOW DEPTH       0

DEGREE DAYS
 HEATING
  YESTERDAY       10                        10      0       10
  MONTH TO DATE   24                        20      4       10
  SINCE DEC 1     24                        20      4       10
  SINCE JUL 1    137                       255   -118      121

 COOLING
  YESTERDAY        0                         1     -1        0
  MONTH TO DATE    0                         2     -2        0
  SINCE DEC 1      0                         2     -2        0
  SINCE JAN 1   3109                      2803    306     3124
..................................................................


WIND (MPH)
  HIGHEST WIND SPEED    17   HIGHEST WIND DIRECTION     E (70)
  HIGHEST GUST SPEED    23   HIGHEST GUST DIRECTION    NE (60)
  AVERAGE WIND SPEED     8.1


SKY COVER
  POSSIBLE SUNSHINE  MM
  AVERAGE SKY COVER 0.7


WEATHER CONDITIONS
 THE FOLLOWING WEATHER WAS RECORDED YESTERDAY.
  LIGHT RAIN


RELATIVE HUMIDITY (PERCENT)
 HIGHEST    89          1200 AM
 LOWEST     28           100 PM
 AVERAGE    59

..........................................................


THE BATON ROUGE  ASOS CLIMATE NORMALS FOR TODAY
                         NORMAL    RECORD    YEAR
 MAXIMUM TEMPERATURE (F)   67        85      1921
 MINIMUM TEMPERATURE (F)   45        25      1929


SUNRISE AND SUNSET
DECEMBER  3 2016......SUNRISE   646 AM CST   SUNSET   503 PM CST
DECEMBER  4 2016......SUNRISE   647 AM CST   SUNSET   503 PM CST


-  INDICATES NEGATIVE NUMBERS.
R  INDICATES RECORD WAS SET OR TIED.
MM INDICATES DATA IS MISSING.
T  INDICATES TRACE AMOUNT.




$$
