000
CDUS44 KLIX 220707
CLIBTR


CLIMATE REPORT
NATIONAL WEATHER SERVICE NEW ORLEANS
206 AM CDT SUN OCT 22 2017


...................................

...THE BATON ROUGE  ASOS CLIMATE SUMMARY FOR OCTOBER 21 2017...

CLIMATE NORMAL PERIOD 1981 TO 2010
CLIMATE RECORD PERIOD 1894 TO 2017


WEATHER ITEM   OBSERVED TIME   RECORD YEAR NORMAL DEPARTURE LAST
                VALUE   (LST)  VALUE       VALUE  FROM      YEAR
                                                  NORMAL
..................................................................
TEMPERATURE (F)
 YESTERDAY
  MAXIMUM         86    213 PM  91    1919  80      6       74
  MINIMUM         69    506 AM  36    1976  56     13       53
  AVERAGE         78                        68     10       64

PRECIPITATION (IN)
  YESTERDAY        0.22          2.45 1990   0.17   0.05     0.00
  MONTH TO DATE    2.77                      3.15  -0.38     0.61
  SINCE SEP 1      2.85                      7.69  -4.84     3.09
  SINCE JAN 1     58.24                     49.40   8.84    78.24

SNOWFALL (IN)
  YESTERDAY        0.0
  MONTH TO DATE    0.0
  SINCE SEP 1      0.0
  SINCE JUL 1      0.0
  SNOW DEPTH       0

DEGREE DAYS
 HEATING
  YESTERDAY        0                         2     -2        1
  MONTH TO DATE    2                        19    -17        1
  SINCE SEP 1      2                        21    -19        1
  SINCE JUL 1      2                        21    -19        1

 COOLING
  YESTERDAY       13                         5      8        0
  MONTH TO DATE  231                       141     90      217
  SINCE SEP 1    633                       551     82      724
  SINCE JAN 1   2892                      2712    180     3000
..................................................................


WIND (MPH)
  HIGHEST WIND SPEED    22   HIGHEST WIND DIRECTION     E (100)
  HIGHEST GUST SPEED    30   HIGHEST GUST DIRECTION     E (110)
  AVERAGE WIND SPEED     9.9


SKY COVER
  POSSIBLE SUNSHINE  MM
  AVERAGE SKY COVER 0.5


WEATHER CONDITIONS
 THE FOLLOWING WEATHER WAS RECORDED YESTERDAY.
  THUNDERSTORM
  HEAVY RAIN
  RAIN
  LIGHT RAIN
  FOG


RELATIVE HUMIDITY (PERCENT)
 HIGHEST    97           100 AM
 LOWEST     61           100 PM
 AVERAGE    79

..........................................................


THE BATON ROUGE  ASOS CLIMATE NORMALS FOR TODAY
                         NORMAL    RECORD    YEAR
 MAXIMUM TEMPERATURE (F)   79        90      1941
                                             1934
 MINIMUM TEMPERATURE (F)   56        39      1976


SUNRISE AND SUNSET
OCTOBER 22 2017.......SUNRISE   712 AM CDT   SUNSET   626 PM CDT
OCTOBER 23 2017.......SUNRISE   713 AM CDT   SUNSET   625 PM CDT


-  INDICATES NEGATIVE NUMBERS.
R  INDICATES RECORD WAS SET OR TIED.
MM INDICATES DATA IS MISSING.
T  INDICATES TRACE AMOUNT.




$$
