000
CDUS44 KLIX 260801
CLIBTR


CLIMATE REPORT
NATIONAL WEATHER SERVICE NEW ORLEANS
200 AM CST FRI DEC 26 2014


...................................

...THE BATON ROUGE  ASOS CLIMATE SUMMARY FOR DECEMBER 25 2014...

CLIMATE NORMAL PERIOD 1981 TO 2010
CLIMATE RECORD PERIOD 1894 TO 2014


WEATHER ITEM   OBSERVED TIME   RECORD YEAR NORMAL DEPARTURE LAST
                VALUE   (LST)  VALUE       VALUE  FROM      YEAR
                                                  NORMAL
..................................................................
TEMPERATURE (F)
 YESTERDAY
  MAXIMUM         58    251 PM  85    1903  63     -5       50
  MINIMUM         32    646 AM  11    1983  42    -10       29
  AVERAGE         45                        52     -7       40

PRECIPITATION (IN)
  YESTERDAY        0.00          2.95 1943   0.19  -0.19     0.00
  MONTH TO DATE    4.36                      4.48  -0.12     3.20
  SINCE DEC 1      4.36                      4.48  -0.12     3.20
  SINCE JAN 1     60.39                     59.53   0.86    68.34

SNOWFALL (IN)
  YESTERDAY        0.0
  MONTH TO DATE    0.0
  SINCE DEC 1      0.0
  SINCE JUL 1      0.0
  SNOW DEPTH       0

DEGREE DAYS
 HEATING
  YESTERDAY       20                        13      7       25
  MONTH TO DATE  216                       297    -81      333
  SINCE DEC 1    216                       297    -81      333
  SINCE JUL 1    557                       532     25      620

 COOLING
  YESTERDAY        0                         1     -1        0
  MONTH TO DATE   13                        25    -12       44
  SINCE DEC 1     13                        25    -12       44
  SINCE JAN 1   2693                      2826   -133     2710
..................................................................


WIND (MPH)
  HIGHEST WIND SPEED    12   HIGHEST WIND DIRECTION     S (160)
  HIGHEST GUST SPEED    18   HIGHEST GUST DIRECTION     S (160)
  AVERAGE WIND SPEED     4.5


SKY COVER
  POSSIBLE SUNSHINE  MM
  AVERAGE SKY COVER 0.0


WEATHER CONDITIONS
 THE FOLLOWING WEATHER WAS RECORDED YESTERDAY.
  NO SIGNIFICANT WEATHER WAS OBSERVED.


RELATIVE HUMIDITY (PERCENT)
 HIGHEST    96           600 AM
 LOWEST     40           100 PM
 AVERAGE    68

..........................................................


THE BATON ROUGE  ASOS CLIMATE NORMALS FOR TODAY
                         NORMAL    RECORD    YEAR
 MAXIMUM TEMPERATURE (F)   63        83      2008
 MINIMUM TEMPERATURE (F)   42        15      1983


SUNRISE AND SUNSET
DECEMBER 26 2014......SUNRISE   700 AM CST   SUNSET   511 PM CST
DECEMBER 27 2014......SUNRISE   700 AM CST   SUNSET   511 PM CST


-  INDICATES NEGATIVE NUMBERS.
R  INDICATES RECORD WAS SET OR TIED.
MM INDICATES DATA IS MISSING.
T  INDICATES TRACE AMOUNT.




$$
