000
CDUS44 KLIX 010820
CLIBTR


CLIMATE REPORT
NATIONAL WEATHER SERVICE NEW ORLEANS
220 AM CST SUN FEB 1 2015


...................................

...THE BATON ROUGE  ASOS CLIMATE SUMMARY FOR JANUARY 31 2015...

CLIMATE NORMAL PERIOD 1981 TO 2010
CLIMATE RECORD PERIOD 1894 TO 2015


WEATHER ITEM   OBSERVED TIME   RECORD YEAR NORMAL DEPARTURE LAST
                VALUE   (LST)  VALUE       VALUE  FROM      YEAR
                                                  NORMAL
..................................................................
TEMPERATURE (F)
 YESTERDAY
  MAXIMUM         62    347 PM  84    2002  63     -1       63
  MINIMUM         36    717 AM  19    1909  42     -6       32
  AVERAGE         49                        53     -4       48

PRECIPITATION (IN)
  YESTERDAY        0.00          2.04 2008   0.19  -0.19     0.00
  MONTH TO DATE    6.37                      5.72   0.65     2.09
  SINCE DEC 1     12.04                     11.32   0.72     5.81
  SINCE JAN 1      6.37                      5.72   0.65     2.09

SNOWFALL (IN)
  YESTERDAY        0.0
  MONTH TO DATE    T
  SINCE DEC 1      T
  SINCE JUL 1      T
  SNOW DEPTH       0

DEGREE DAYS
 HEATING
  YESTERDAY       16                        13      3       17
  MONTH TO DATE  493                       426     67      630
  SINCE DEC 1    777                       805    -28     1067
  SINCE JUL 1   1118                      1040     78     1354

 COOLING
  YESTERDAY        0                         0      0        0
  MONTH TO DATE    1                        13    -12        0
  SINCE DEC 1     15                        35    -20       44
  SINCE JAN 1      1                        13    -12        0
..................................................................


WIND (MPH)
  HIGHEST WIND SPEED    16   HIGHEST WIND DIRECTION     E (110)
  HIGHEST GUST SPEED    21   HIGHEST GUST DIRECTION     E (100)
  AVERAGE WIND SPEED     9.2


SKY COVER
  POSSIBLE SUNSHINE  MM
  AVERAGE SKY COVER 0.1


WEATHER CONDITIONS
 THE FOLLOWING WEATHER WAS RECORDED YESTERDAY.
  NO SIGNIFICANT WEATHER WAS OBSERVED.


RELATIVE HUMIDITY (PERCENT)
 HIGHEST    83          1100 PM
 LOWEST     42          1200 PM
 AVERAGE    63

..........................................................


THE BATON ROUGE  ASOS CLIMATE NORMALS FOR TODAY
                         NORMAL    RECORD    YEAR
 MAXIMUM TEMPERATURE (F)   63        81      1975
 MINIMUM TEMPERATURE (F)   42        18      1951


SUNRISE AND SUNSET
FEBRUARY  1 2015......SUNRISE   656 AM CST   SUNSET   541 PM CST
FEBRUARY  2 2015......SUNRISE   655 AM CST   SUNSET   542 PM CST


-  INDICATES NEGATIVE NUMBERS.
R  INDICATES RECORD WAS SET OR TIED.
MM INDICATES DATA IS MISSING.
T  INDICATES TRACE AMOUNT.




$$
