000
CDUS44 KLIX 260706
CLIBTR


CLIMATE REPORT
NATIONAL WEATHER SERVICE NEW ORLEANS
205 AM CDT SUN MAR 26 2017


...................................

...THE BATON ROUGE  ASOS CLIMATE SUMMARY FOR MARCH 25 2017...

CLIMATE NORMAL PERIOD 1981 TO 2010
CLIMATE RECORD PERIOD 1894 TO 2017


WEATHER ITEM   OBSERVED TIME   RECORD YEAR NORMAL DEPARTURE LAST
                VALUE   (LST)  VALUE       VALUE  FROM      YEAR
                                                  NORMAL
..................................................................
TEMPERATURE (F)
 YESTERDAY
  MAXIMUM         75    456 PM  90    1921  75      0       74
  MINIMUM         61   1052 AM  33    2006  52      9       45
                                      1966
  AVERAGE         68                        63      5       60

PRECIPITATION (IN)
  YESTERDAY        0.96          1.76 1976   0.15   0.81     0.00
                                      1897
  MONTH TO DATE    2.49                      3.50  -1.01     8.70
  SINCE MAR 1      2.49                      3.50  -1.01     8.70
  SINCE JAN 1     13.92                     14.26  -0.34    18.01

SNOWFALL (IN)
  YESTERDAY        0.0
  MONTH TO DATE    0.0
  SINCE MAR 1      0.0
  SINCE JUL 1      0.0
  SNOW DEPTH       0

DEGREE DAYS
 HEATING
  YESTERDAY        0                         4     -4        5
  MONTH TO DATE   84                       146    -62       68
  SINCE MAR 1     84                       146    -62       68
  SINCE JUL 1    788                      1481   -693     1059

 COOLING
  YESTERDAY        3                         2      1        0
  MONTH TO DATE   87                        43     44       71
  SINCE MAR 1     87                        43     44       71
  SINCE JAN 1    230                        74    156       88
..................................................................


WIND (MPH)
  HIGHEST WIND SPEED    26   HIGHEST WIND DIRECTION     W (270)
  HIGHEST GUST SPEED    34   HIGHEST GUST DIRECTION     W (280)
  AVERAGE WIND SPEED     9.2


SKY COVER
  POSSIBLE SUNSHINE  MM
  AVERAGE SKY COVER 0.3


WEATHER CONDITIONS
 THE FOLLOWING WEATHER WAS RECORDED YESTERDAY.
  THUNDERSTORM
  HEAVY RAIN
  RAIN
  LIGHT RAIN
  FOG


RELATIVE HUMIDITY (PERCENT)
 HIGHEST    90           300 AM
 LOWEST     60           500 PM
 AVERAGE    75

..........................................................


THE BATON ROUGE  ASOS CLIMATE NORMALS FOR TODAY
                         NORMAL    RECORD    YEAR
 MAXIMUM TEMPERATURE (F)   75        89      1921
 MINIMUM TEMPERATURE (F)   52        32      1955


SUNRISE AND SUNSET
MARCH 26 2017.........SUNRISE   701 AM CDT   SUNSET   720 PM CDT
MARCH 27 2017.........SUNRISE   659 AM CDT   SUNSET   721 PM CDT


-  INDICATES NEGATIVE NUMBERS.
R  INDICATES RECORD WAS SET OR TIED.
MM INDICATES DATA IS MISSING.
T  INDICATES TRACE AMOUNT.




$$
