000
CDUS44 KLIX 020705
CLIBTR


CLIMATE REPORT
NATIONAL WEATHER SERVICE NEW ORLEANS
205 AM CDT MON MAY 2 2016


...................................

...THE BATON ROUGE  ASOS CLIMATE SUMMARY FOR MAY 1 2016...

CLIMATE NORMAL PERIOD 1981 TO 2010
CLIMATE RECORD PERIOD 1894 TO 2016


WEATHER ITEM   OBSERVED TIME   RECORD YEAR NORMAL DEPARTURE LAST
                VALUE   (LST)  VALUE       VALUE  FROM      YEAR
                                                  NORMAL
..................................................................
TEMPERATURE (F)
 YESTERDAY
  MAXIMUM         72    449 PM  91    1990  83    -11       84
  MINIMUM         66   1159 PM  40    1908  61      5       57
  AVERAGE         69                        72     -3       71

PRECIPITATION (IN)
  YESTERDAY        1.63          3.22 1937   0.14   1.49     0.00
  MONTH TO DATE    1.63                      0.14   1.49     0.00
  SINCE MAR 1     16.37                      9.01   7.36    11.46
  SINCE JAN 1     25.68                     19.77   5.91    21.21

SNOWFALL (IN)
  YESTERDAY        0.0
  MONTH TO DATE    0.0
  SINCE MAR 1      0.0
  SINCE JUL 1      0.0
  SNOW DEPTH       0

DEGREE DAYS
 HEATING
  YESTERDAY        0                         0      0        0
  MONTH TO DATE    0                         0      0        0
  SINCE MAR 1     88                       218   -130       99
  SINCE JUL 1   1079                      1553   -474     1641

 COOLING
  YESTERDAY        4                         7     -3        6
  MONTH TO DATE    4                         7     -3        6
  SINCE MAR 1    260                       207     53      313
  SINCE JAN 1    277                       238     39      317
..................................................................


WIND (MPH)
  HIGHEST WIND SPEED    23   HIGHEST WIND DIRECTION    SE (120)
  HIGHEST GUST SPEED    28   HIGHEST GUST DIRECTION     E (110)
  AVERAGE WIND SPEED     5.2


SKY COVER
  POSSIBLE SUNSHINE  MM
  AVERAGE SKY COVER 0.5


WEATHER CONDITIONS
 THE FOLLOWING WEATHER WAS RECORDED YESTERDAY.
  THUNDERSTORM
  HEAVY RAIN
  RAIN
  LIGHT RAIN
  FOG


RELATIVE HUMIDITY (PERCENT)
 HIGHEST    93           100 AM
 LOWEST     81           800 AM
 AVERAGE    87

..........................................................


THE BATON ROUGE  ASOS CLIMATE NORMALS FOR TODAY
                         NORMAL    RECORD    YEAR
 MAXIMUM TEMPERATURE (F)   83        90      2011
                                             2002
                                             1946
 MINIMUM TEMPERATURE (F)   62        41      1909


SUNRISE AND SUNSET
MAY  2 2016...........SUNRISE   620 AM CDT   SUNSET   744 PM CDT
MAY  3 2016...........SUNRISE   619 AM CDT   SUNSET   744 PM CDT


-  INDICATES NEGATIVE NUMBERS.
R  INDICATES RECORD WAS SET OR TIED.
MM INDICATES DATA IS MISSING.
T  INDICATES TRACE AMOUNT.




$$
