000
CDUS44 KLIX 280704
CLIBTR


CLIMATE REPORT
NATIONAL WEATHER SERVICE NEW ORLEANS
203 AM CDT THU JUL 28 2016


...................................

...THE BATON ROUGE  ASOS CLIMATE SUMMARY FOR JULY 27 2016...

CLIMATE NORMAL PERIOD 1981 TO 2010
CLIMATE RECORD PERIOD 1894 TO 2016


WEATHER ITEM   OBSERVED TIME   RECORD YEAR NORMAL DEPARTURE LAST
                VALUE   (LST)  VALUE       VALUE  FROM      YEAR
                                                  NORMAL
..................................................................
TEMPERATURE (F)
 YESTERDAY
  MAXIMUM         84    244 PM  99    1907  92     -8       98
  MINIMUM         74    748 AM  66    1911  74      0       74
  AVERAGE         79                        83     -4       86

PRECIPITATION (IN)
  YESTERDAY        0.57          2.73 1994   0.15   0.42     0.00
  MONTH TO DATE    5.11                      4.30   0.81     3.42
  SINCE JUN 1     12.45                     10.71   1.74     9.40
  SINCE JAN 1     42.66                     35.23   7.43    41.78

SNOWFALL (IN)
  YESTERDAY        0.0
  MONTH TO DATE    0.0
  SINCE JUN 1      0.0
  SINCE JUL 1      0.0
  SNOW DEPTH       0

DEGREE DAYS
 HEATING
  YESTERDAY        0                         0      0        0
  MONTH TO DATE    0                         0      0        0
  SINCE JUN 1      0                         0      0        0
  SINCE JUL 1      0                         0      0        0

 COOLING
  YESTERDAY       14                        18     -4       21
  MONTH TO DATE  531                       486     45      547
  SINCE JUN 1   1048                       970     78     1043
  SINCE JAN 1   1624                      1535     89     1714
..................................................................


WIND (MPH)
  HIGHEST WIND SPEED    20   HIGHEST WIND DIRECTION    SW (220)
  HIGHEST GUST SPEED    26   HIGHEST GUST DIRECTION    SW (220)
  AVERAGE WIND SPEED     8.4


SKY COVER
  POSSIBLE SUNSHINE  MM
  AVERAGE SKY COVER 0.7


WEATHER CONDITIONS
 THE FOLLOWING WEATHER WAS RECORDED YESTERDAY.
  RAIN
  LIGHT RAIN
  FOG


RELATIVE HUMIDITY (PERCENT)
 HIGHEST    88           200 AM
 LOWEST     65           400 PM
 AVERAGE    77

..........................................................


THE BATON ROUGE  ASOS CLIMATE NORMALS FOR TODAY
                         NORMAL    RECORD    YEAR
 MAXIMUM TEMPERATURE (F)   93       100      1995
 MINIMUM TEMPERATURE (F)   74        65      1911


SUNRISE AND SUNSET
JULY 28 2016..........SUNRISE   621 AM CDT   SUNSET   801 PM CDT
JULY 29 2016..........SUNRISE   621 AM CDT   SUNSET   801 PM CDT


-  INDICATES NEGATIVE NUMBERS.
R  INDICATES RECORD WAS SET OR TIED.
MM INDICATES DATA IS MISSING.
T  INDICATES TRACE AMOUNT.




$$
