000
CDUS44 KLIX 310701
CLIBTR


CLIMATE REPORT
NATIONAL WEATHER SERVICE NEW ORLEANS
201 AM CDT SUN AUG 31 2014


...................................

...THE BATON ROUGE  ASOS CLIMATE SUMMARY FOR AUGUST 30 2014...

CLIMATE NORMAL PERIOD 1981 TO 2010
CLIMATE RECORD PERIOD 1894 TO 2014


WEATHER ITEM   OBSERVED TIME   RECORD YEAR NORMAL DEPARTURE LAST
                VALUE   (LST)  VALUE       VALUE  FROM      YEAR
                                                  NORMAL
..................................................................
TEMPERATURE (F)
 YESTERDAY
  MAXIMUM         82    951 AM 105    2000  92    -10       92
  MINIMUM         73   1159 PM  60    1968  73      0       69
  AVERAGE         78                        82     -4       81

PRECIPITATION (IN)
  YESTERDAY        1.55          4.38 1991   0.17   1.38     0.00
  MONTH TO DATE    5.64                      5.64   0.00     3.36
  SINCE JUN 1     22.78                     17.01   5.77    14.48
  SINCE JAN 1     47.12                     41.53   5.59    52.66

SNOWFALL (IN)
  YESTERDAY        0.0
  MONTH TO DATE    0.0
  SINCE JUN 1      0.0
  SINCE JUL 1      0.0
  SNOW DEPTH       0

DEGREE DAYS
 HEATING
  YESTERDAY        0                         0      0        0
  MONTH TO DATE    0                         0      0        0
  SINCE JUN 1      0                         0      0        0
  SINCE JUL 1      0                         0      0        0

 COOLING
  YESTERDAY       13                        17     -4       16
  MONTH TO DATE  530                       537     -7      513
  SINCE JUN 1   1503                      1577    -74     1529
  SINCE JAN 1   2009                      2142   -133     1952
..................................................................


WIND (MPH)
  HIGHEST WIND SPEED    23   HIGHEST WIND DIRECTION     S (160)
  HIGHEST GUST SPEED    28   HIGHEST GUST DIRECTION     S (170)
  AVERAGE WIND SPEED     6.7


SKY COVER
  POSSIBLE SUNSHINE  MM
  AVERAGE SKY COVER 0.5


WEATHER CONDITIONS
 THE FOLLOWING WEATHER WAS RECORDED YESTERDAY.
  HEAVY RAIN
  RAIN
  LIGHT RAIN
  FOG


RELATIVE HUMIDITY (PERCENT)
 HIGHEST   100          1200 PM
 LOWEST     79           900 AM
 AVERAGE    90

..........................................................


THE BATON ROUGE  ASOS CLIMATE NORMALS FOR TODAY
                         NORMAL    RECORD    YEAR
 MAXIMUM TEMPERATURE (F)   92       101      2000
 MINIMUM TEMPERATURE (F)   73        61      1946
                                             1915


SUNRISE AND SUNSET
AUGUST 31 2014........SUNRISE   641 AM CDT   SUNSET   729 PM CDT
SEPTEMBER  1 2014.....SUNRISE   641 AM CDT   SUNSET   727 PM CDT


-  INDICATES NEGATIVE NUMBERS.
R  INDICATES RECORD WAS SET OR TIED.
MM INDICATES DATA IS MISSING.
T  INDICATES TRACE AMOUNT.




$$
