000
CDUS41 KBTV 310535
CLIBTV


CLIMATE REPORT
NATIONAL WEATHER SERVICE BURLINGTON VT
133 AM EDT THU JUL 31 2014


...................................

...THE BURLINGTON VT CLIMATE SUMMARY FOR JULY 30 2014...

CLIMATE NORMAL PERIOD 1981 TO 2010
CLIMATE RECORD PERIOD 1884 TO 2014


WEATHER ITEM   OBSERVED TIME   RECORD YEAR NORMAL DEPARTURE LAST
                VALUE   (LST)  VALUE       VALUE  FROM      YEAR
                                                  NORMAL
..................................................................
TEMPERATURE (F)
 YESTERDAY
  MAXIMUM         77    402 PM  96    1959  81     -4       78
  MINIMUM         52    514 AM  45    1968  60     -8       59
                                      1952
  AVERAGE         65                        70     -5       69

PRECIPITATION (IN)
  YESTERDAY        0.00          2.10 1905   0.14  -0.14      T
  MONTH TO DATE    5.23                      4.03   1.20     4.49
  SINCE JUN 1      9.58                      7.72   1.86    14.35
  SINCE JAN 1     23.34                     20.03   3.31    29.62

SNOWFALL (IN)
  YESTERDAY        0.0           0.0  2002   0.0    0.0      0.0
                                      2001
  MONTH TO DATE    0.0                       0.0    0.0      0.0
  SINCE JUN 1      0.0                       0.0    0.0      0.0
  SINCE JUL 1      0.0                       0.0    0.0      0.0
  SNOW DEPTH       0

DEGREE DAYS
 HEATING
  YESTERDAY        0                         0      0        0
  MONTH TO DATE    1                         8     -7        7
  SINCE JUN 1     21                        81    -60       72
  SINCE JUL 1      1                         8     -7        7

 COOLING
  YESTERDAY        0                         6     -6        4
  MONTH TO DATE  207                       180     27      280
  SINCE JUN 1    327                       277     50      395
  SINCE JAN 1    349                       296     53      442
..................................................................


WIND (MPH)
  HIGHEST WIND SPEED    14   HIGHEST WIND DIRECTION     S (190)
  HIGHEST GUST SPEED    18   HIGHEST GUST DIRECTION     S (190)
  AVERAGE WIND SPEED     5.7


SKY COVER
  POSSIBLE SUNSHINE  MM
  AVERAGE SKY COVER 0.4


WEATHER CONDITIONS
 THE FOLLOWING WEATHER WAS RECORDED YESTERDAY.
  NO SIGNIFICANT WEATHER WAS OBSERVED.


RELATIVE HUMIDITY (PERCENT)
 HIGHEST    96           300 AM
 LOWEST     36           400 PM
 AVERAGE    66

..........................................................


THE BURLINGTON VT CLIMATE NORMALS FOR TODAY
                         NORMAL    RECORD    YEAR
 MAXIMUM TEMPERATURE (F)   81        96      1999
 MINIMUM TEMPERATURE (F)   60        42      1964


SUNRISE AND SUNSET
JULY 31 2014..........SUNRISE   538 AM EDT   SUNSET   819 PM EDT
AUGUST  1 2014........SUNRISE   539 AM EDT   SUNSET   818 PM EDT


-  INDICATES NEGATIVE NUMBERS.
R  INDICATES RECORD WAS SET OR TIED.
MM INDICATES DATA IS MISSING.
T  INDICATES TRACE AMOUNT.

&&

LAKE CHAMPLAIN DATA:
LEVEL...............96.12 FEET
TEMPERATURE.........68 DEGREES

MOUNT MANSFIELD DATA:
HIGH................61 DEGREES
LOW.................43 DEGREES
PRECIPITATION.......TRACE

$$
