000
CDUS41 KBTV 040600 CCA
CLIBTV

CLIMATE REPORT...CORRECTED
NATIONAL WEATHER SERVICE BURLINGTON VT
ISSUED BY NATIONAL WEATHER SERVICE ALBANY NY
200 AM EDT TUE AUG 4 2015


...................................

...THE BURLINGTON VT CLIMATE SUMMARY FOR AUGUST 3 2015...

CLIMATE NORMAL PERIOD 1981 TO 2010
CLIMATE RECORD PERIOD 1884 TO 2015


WEATHER ITEM   OBSERVED TIME   RECORD YEAR NORMAL DEPARTURE LAST
                VALUE   (LST)  VALUE       VALUE  FROM      YEAR
                                                  NORMAL
..................................................................
TEMPERATURE (F)
 TODAY
  MAXIMUM         87    154 PM  97    1988  81      6       83
  MINIMUM         66   1145 PM  42    1964  60      6       62
  AVERAGE         77                        70      7       73

PRECIPITATION (IN)
  TODAY            0.00          1.05 2004   0.14  -0.14     0.02
  MONTH TO DATE    0.02                      0.42  -0.40     0.02
  SINCE JUN 1     13.36                      8.27   5.09     9.91
  SINCE JAN 1     22.20                     20.58   1.62    23.67

SNOWFALL (IN)
  TODAY            0.0           0.0  2002   0.0    0.0      0.0
                                      2001
  MONTH TO DATE    0.0                       0.0    0.0      0.0
  SINCE JUN 1      0.0                       0.0    0.0      0.0
  SINCE JUL 1      0.0                       0.0    0.0      0.0
  SNOW DEPTH       0

DEGREE DAYS
 HEATING
  TODAY            0                         0      0        0
  MONTH TO DATE    0                         0      0        0
  SINCE JUN 1     76                        86    -10       21
  SINCE JUL 1      5                        13     -8        1

 COOLING
  TODAY           15                         6      9        8
  MONTH TO DATE   30                        18     12       23
  SINCE JUN 1    324                       302     22      351
  SINCE JAN 1    417                       321     96      373
..................................................................


WIND (MPH)
  HIGHEST WIND SPEED    23   HIGHEST WIND DIRECTION     S (190)
  HIGHEST GUST SPEED    31   HIGHEST GUST DIRECTION     S (190)
  AVERAGE WIND SPEED    13.6


SKY COVER
  POSSIBLE SUNSHINE  MM
  AVERAGE SKY COVER 0.4


WEATHER CONDITIONS
 THE FOLLOWING WEATHER WAS RECORDED TODAY.
  NO SIGNIFICANT WEATHER WAS OBSERVED.


RELATIVE HUMIDITY (PERCENT)
 HIGHEST    57           400 AM
 LOWEST     47          1000 AM
 AVERAGE    52

..........................................................


THE BURLINGTON VT CLIMATE NORMALS FOR TOMORROW
                         NORMAL    RECORD    YEAR
 MAXIMUM TEMPERATURE (F)   80        95      1944
 MINIMUM TEMPERATURE (F)   60        44      1914


SUNRISE AND SUNSET
AUGUST  4 2015........SUNRISE   542 AM EDT   SUNSET   814 PM EDT


-  INDICATES NEGATIVE NUMBERS.
R  INDICATES RECORD WAS SET OR TIED.
MM INDICATES DATA IS MISSING.
T  INDICATES TRACE AMOUNT.




$$
