000
CDUS41 KBUF 291019
CLIBUF


CLIMATE REPORT
NATIONAL WEATHER SERVICE BUFFALO NY
618 AM EDT SAT AUG 29 2015


...................................

...THE BUFFALO NY CLIMATE SUMMARY FOR AUGUST 28 2015...

CLIMATE NORMAL PERIOD 1981 TO 2010
CLIMATE RECORD PERIOD 1871 TO 2015


WEATHER ITEM   OBSERVED TIME   RECORD YEAR NORMAL DEPARTURE LAST
                VALUE   (LST)  VALUE       VALUE  FROM      YEAR
                                                  NORMAL
..................................................................
TEMPERATURE (F)
 YESTERDAY
  MAXIMUM         74    402 PM  92    1952  77     -3       72
                                      1948
  MINIMUM         55    509 AM  43    1982  59     -4       55
  AVERAGE         65                        68     -3       64

PRECIPITATION (IN)
  YESTERDAY        0.00          2.16 1979   0.10  -0.10     0.00
  MONTH TO DATE    4.38                      2.95   1.43     2.45
  SINCE JUN 1     11.83                      9.84   1.99    11.70
  SINCE JAN 1     24.46                     24.85  -0.39    29.23

SNOWFALL (IN)
  YESTERDAY        0.0           0.0    MM   0.0    0.0      0.0
  MONTH TO DATE    0.0                       0.0    0.0      0.0
  SINCE JUN 1      0.0                       0.0    0.0      0.0
  SINCE JUL 1      0.0                       0.0    0.0      0.0
  SNOW DEPTH       0

DEGREE DAYS
 HEATING
  YESTERDAY        0                         1     -1        1
  MONTH TO DATE    8                        13     -5       11
  SINCE JUN 1     65                        86    -21       49
  SINCE JUL 1     15                        22     -7       21

 COOLING
  YESTERDAY        0                         4     -4        0
  MONTH TO DATE  143                       149     -6      128
  SINCE JUN 1    417                       449    -32      406
  SINCE JAN 1    508                       475     33      429
..................................................................


WIND (MPH)
  HIGHEST WIND SPEED    13   HIGHEST WIND DIRECTION     W (250)
  HIGHEST GUST SPEED    17   HIGHEST GUST DIRECTION    SW (240)
  AVERAGE WIND SPEED     5.8


SKY COVER
  AVERAGE SKY COVER 0.5


WEATHER CONDITIONS
 THE FOLLOWING WEATHER WAS RECORDED YESTERDAY.
  NO SIGNIFICANT WEATHER WAS OBSERVED.


RELATIVE HUMIDITY (PERCENT)
 HIGHEST    93           100 AM
 LOWEST     46           300 PM
 AVERAGE    70

..........................................................


THE BUFFALO NY CLIMATE NORMALS FOR TODAY
                         NORMAL    RECORD    YEAR
 MAXIMUM TEMPERATURE (F)   77        90      1951
 MINIMUM TEMPERATURE (F)   59        38      1982


SUNRISE AND SUNSET
AUGUST 29 2015........SUNRISE   636 AM EDT   SUNSET   755 PM EDT
AUGUST 30 2015........SUNRISE   637 AM EDT   SUNSET   753 PM EDT


-  INDICATES NEGATIVE NUMBERS.
R  INDICATES RECORD WAS SET OR TIED.
MM INDICATES DATA IS MISSING.
T  INDICATES TRACE AMOUNT.




$$
