000
CDUS46 KLOX 250857
CLIBUR


CLIMATE REPORT
NATIONAL WEATHER SERVICE LOS ANGELES/OXNARD CA
157 AM PDT THU MAY 25 2017


...................................

...THE BOB HOPE AIRPORT (BURBANK) CA CLIMATE SUMMARY FOR MAY 24 2017...

CLIMATE NORMAL PERIOD 1981 TO 2010
CLIMATE RECORD PERIOD 1939 TO 2017


WEATHER ITEM   OBSERVED TIME   RECORD YEAR NORMAL DEPARTURE LAST
                VALUE   (LST)  VALUE       VALUE  FROM      YEAR
                                                  NORMAL
..................................................................
TEMPERATURE (F)
 YESTERDAY
  MAXIMUM         80    145 PM  92    1949  77      3       69
  MINIMUM         57   1049 PM  42    1980  56      1       56
  AVERAGE         69                        66      3       63

PRECIPITATION (IN)
  YESTERDAY        0.00          0.14 1977   0.01  -0.01     0.00
  MONTH TO DATE    0.13                      0.30  -0.17     0.02
  SINCE OCT 1     13.83                     16.83  -3.00     7.66
  SINCE JAN 1      9.57                     12.39  -2.82     6.56

SNOWFALL (IN)
  YESTERDAY        0.0
  MONTH TO DATE    0.0
  SINCE MAR 1      0.0
  SINCE JUL 1      0.0

DEGREE DAYS
 HEATING
  YESTERDAY        0                         1     -1        2
  MONTH TO DATE   55                        50      5       43
  SINCE MAR 1    181                       406   -225      215
  SINCE JUL 1   1174                      1547   -373     1122

 COOLING
  YESTERDAY        4                         3      1        0
  MONTH TO DATE   90                        49     41       29
  SINCE MAR 1    237                        94    143      118
  SINCE JAN 1    238                       100    138      173
..................................................................


WIND (MPH)
  HIGHEST WIND SPEED    20   HIGHEST WIND DIRECTION     S (190)
  HIGHEST GUST SPEED    25   HIGHEST GUST DIRECTION     S (190)
  AVERAGE WIND SPEED     7.2


SKY COVER
  POSSIBLE SUNSHINE  MM
  AVERAGE SKY COVER 0.2


WEATHER CONDITIONS
 THE FOLLOWING WEATHER WAS RECORDED YESTERDAY.
  FOG
  HAZE


RELATIVE HUMIDITY (PERCENT)
 HIGHEST    86           500 AM
 LOWEST     42           200 PM
 AVERAGE    64

..........................................................


THE BOB HOPE AIRPORT (BURBANK) CA CLIMATE NORMALS FOR TODAY
                         NORMAL    RECORD    YEAR
 MAXIMUM TEMPERATURE (F)   77       103      1974
 MINIMUM TEMPERATURE (F)   56        43      1980


SUNRISE AND SUNSET
MAY 25 2017...........SUNRISE   545 AM PDT   SUNSET   756 PM PDT
MAY 26 2017...........SUNRISE   545 AM PDT   SUNSET   757 PM PDT


-  INDICATES NEGATIVE NUMBERS.
R  INDICATES RECORD WAS SET OR TIED.
MM INDICATES DATA IS MISSING.
T  INDICATES TRACE AMOUNT.




$$
