000
CDUS46 KLOX 270130
CLIBUR


CLIMATE REPORT
NATIONAL WEATHER SERVICE LOS ANGELES/OXNARD CA
530 PM PST SUN FEB 26 2017


...................................

...THE BOB HOPE AIRPORT (BURBANK) CA CLIMATE SUMMARY FOR FEBRUARY 26 2017...
VALID TODAY AS OF 0500 PM LOCAL TIME.

CLIMATE NORMAL PERIOD 1981 TO 2010
CLIMATE RECORD PERIOD 1939 TO 2017


WEATHER ITEM   OBSERVED TIME   RECORD YEAR NORMAL DEPARTURE LAST
                VALUE   (LST)  VALUE       VALUE  FROM      YEAR
                                                  NORMAL
..................................................................
TEMPERATURE (F)
 TODAY
  MAXIMUM         57    120 PM  92    1986  69    -12       81
  MINIMUM         45    652 AM  35    1987  45      0       52
  AVERAGE         51                        57     -6       67

PRECIPITATION (IN)
  TODAY            0.09          1.35 2004   0.15  -0.06     0.00
  MONTH TO DATE    3.45                      4.19  -0.74     0.63
  SINCE OCT 1     13.40                     12.16   1.24     5.47
  SINCE JAN 1      9.14                      7.72   1.42     4.37

SNOWFALL (IN)
  TODAY           MM
  MONTH TO DATE    0.0
  SINCE DEC 1      0.0
  SINCE JUL 1      0.0

DEGREE DAYS
 HEATING
  TODAY           14                         8      6        0
  MONTH TO DATE  209                       242    -33       89
  SINCE DEC 1    852                       897    -45      729
  SINCE JUL 1    970                      1125   -155      905

 COOLING
  TODAY            0                         0      0        2
  MONTH TO DATE    1                         0      1       53
  SINCE DEC 1      1                         3     -2       57
  SINCE JAN 1      1                         2     -1       53
..................................................................


WIND (MPH)
  HIGHEST WIND SPEED    15   HIGHEST WIND DIRECTION    SE (140)
  HIGHEST GUST SPEED    20   HIGHEST GUST DIRECTION    SE (140)
  AVERAGE WIND SPEED     7.1


SKY COVER
  POSSIBLE SUNSHINE  MM
  AVERAGE SKY COVER 1.0


WEATHER CONDITIONS
 THE FOLLOWING WEATHER WAS RECORDED TODAY.
  LIGHT RAIN


RELATIVE HUMIDITY (PERCENT)
 HIGHEST    76           400 AM
 LOWEST     55           100 PM
 AVERAGE    66

..........................................................


THE BOB HOPE AIRPORT (BURBANK) CA CLIMATE NORMALS FOR TOMORROW
                         NORMAL    RECORD    YEAR
 MAXIMUM TEMPERATURE (F)   69        86      1986
 MINIMUM TEMPERATURE (F)   45        32      1971


SUNRISE AND SUNSET
FEBRUARY 26 2017......SUNRISE   626 AM PST   SUNSET   547 PM PST
FEBRUARY 27 2017......SUNRISE   624 AM PST   SUNSET   548 PM PST


-  INDICATES NEGATIVE NUMBERS.
R  INDICATES RECORD WAS SET OR TIED.
MM INDICATES DATA IS MISSING.
T  INDICATES TRACE AMOUNT.




$$
