000
CDUS46 KLOX 240902
CLIBUR


CLIMATE REPORT
NATIONAL WEATHER SERVICE LOS ANGELES/OXNARD CA
202 AM PDT SUN SEP 24 2017


...................................

...THE BOB HOPE AIRPORT (BURBANK) CA CLIMATE SUMMARY FOR SEPTEMBER 23 2017...

CLIMATE NORMAL PERIOD 1981 TO 2010
CLIMATE RECORD PERIOD 1939 TO 2017


WEATHER ITEM   OBSERVED TIME   RECORD YEAR NORMAL DEPARTURE LAST
                VALUE   (LST)  VALUE       VALUE  FROM      YEAR
                                                  NORMAL
..................................................................
TEMPERATURE (F)
 YESTERDAY
  MAXIMUM         74    119 PM 107    1978  85    -11       85
                                      1944
  MINIMUM         54    620 AM  44    1941  59     -5       57
  AVERAGE         64                        72     -8       71

PRECIPITATION (IN)
  YESTERDAY        0.00          0.04 1987   0.01  -0.01     0.00
                                      1958
  MONTH TO DATE    0.05                      0.13  -0.08      T
  SINCE OCT 1     13.88                     17.21  -3.33     7.66
  SINCE JAN 1      9.62                     12.77  -3.15     6.56

SNOWFALL (IN)
  YESTERDAY        0.0
  MONTH TO DATE    0.0
  SINCE SEP 1      0.0
  SINCE JUL 1      0.0

DEGREE DAYS
 HEATING
  YESTERDAY        1                         0      1        0
  MONTH TO DATE    3                         0      3        1
  SINCE SEP 1      3                         0      3        1
  SINCE JUL 1      3                         0      3        1

 COOLING
  YESTERDAY        0                         7     -7        6
  MONTH TO DATE  237                       205     32      170
  SINCE SEP 1    237                       205     32      170
  SINCE JAN 1   1565                      1087    478     1383
..................................................................


WIND (MPH)
  HIGHEST WIND SPEED    14   HIGHEST WIND DIRECTION     S (200)
  HIGHEST GUST SPEED    17   HIGHEST GUST DIRECTION     S (170)
  AVERAGE WIND SPEED     4.3


SKY COVER
  POSSIBLE SUNSHINE  MM
  AVERAGE SKY COVER 0.0


WEATHER CONDITIONS
 THE FOLLOWING WEATHER WAS RECORDED YESTERDAY.
  NO SIGNIFICANT WEATHER WAS OBSERVED.


RELATIVE HUMIDITY (PERCENT)
 HIGHEST    71           500 AM
 LOWEST     35          1200 PM
 AVERAGE    53

..........................................................


THE BOB HOPE AIRPORT (BURBANK) CA CLIMATE NORMALS FOR TODAY
                         NORMAL    RECORD    YEAR
 MAXIMUM TEMPERATURE (F)   84       108      1978
 MINIMUM TEMPERATURE (F)   59        45      1941


SUNRISE AND SUNSET
SEPTEMBER 24 2017.....SUNRISE   643 AM PDT   SUNSET   647 PM PDT
SEPTEMBER 25 2017.....SUNRISE   644 AM PDT   SUNSET   645 PM PDT


-  INDICATES NEGATIVE NUMBERS.
R  INDICATES RECORD WAS SET OR TIED.
MM INDICATES DATA IS MISSING.
T  INDICATES TRACE AMOUNT.




$$
