000
CDUS46 KLOX 190904
CLIBUR


CLIMATE REPORT
NATIONAL WEATHER SERVICE LOS ANGELES/OXNARD CA
204 AM PDT SAT APR 19 2014


...................................

...THE BOB HOPE AIRPORT (BURBANK) CA CLIMATE SUMMARY FOR APRIL 18 2014...

CLIMATE NORMAL PERIOD 1981 TO 2010
CLIMATE RECORD PERIOD 1939 TO 2014


WEATHER ITEM   OBSERVED TIME   RECORD YEAR NORMAL DEPARTURE LAST
                VALUE   (LST)  VALUE       VALUE  FROM      YEAR
                                                  NORMAL
..................................................................
TEMPERATURE (F)
 YESTERDAY
  MAXIMUM         71    204 PM  92    1980  74     -3       80
  MINIMUM         56    635 AM  39    1976  50      6       56
  AVERAGE         64                        62      2       68

PRECIPITATION (IN)
  YESTERDAY        T             1.17 1983   0.03  -0.03     0.00
  MONTH TO DATE    0.04                      0.77  -0.73      T
  SINCE JUL 1      5.34                     16.51 -11.17     4.70
  SINCE JAN 1      4.91                     11.75  -6.84     1.90

SNOWFALL (IN)
  YESTERDAY        0.0
  MONTH TO DATE    0.0
  SINCE MAR 1      0.0
  SINCE JUL 1      0.0

DEGREE DAYS
 HEATING
  YESTERDAY        1                         4     -3        0
  MONTH TO DATE   55                        95    -40       18
  SINCE MAR 1    143                       313   -170       87
  SINCE JUL 1    620                      1454   -834     1098

 COOLING
  YESTERDAY        0                         1     -1        3
  MONTH TO DATE   42                        18     24       29
  SINCE MAR 1     62                        28     34       77
  SINCE JAN 1    122                        34     88       79
..................................................................


WIND (MPH)
  HIGHEST WIND SPEED    14   HIGHEST WIND DIRECTION     S (180)
  HIGHEST GUST SPEED    20   HIGHEST GUST DIRECTION    SE (130)
  AVERAGE WIND SPEED     4.8


SKY COVER
  POSSIBLE SUNSHINE  MM
  AVERAGE SKY COVER 0.5


WEATHER CONDITIONS
 THE FOLLOWING WEATHER WAS RECORDED YESTERDAY.
  LIGHT RAIN
  FOG
  HAZE


RELATIVE HUMIDITY (PERCENT)
 HIGHEST    86           500 AM
 LOWEST     47           100 PM
 AVERAGE    67

..........................................................


THE BOB HOPE AIRPORT (BURBANK) CA CLIMATE NORMALS FOR TODAY
                         NORMAL    RECORD    YEAR
 MAXIMUM TEMPERATURE (F)   74        98      1958
 MINIMUM TEMPERATURE (F)   51        38      1967


SUNRISE AND SUNSET
APRIL 19 2014.........SUNRISE   617 AM PDT   SUNSET   728 PM PDT
APRIL 20 2014.........SUNRISE   616 AM PDT   SUNSET   729 PM PDT


-  INDICATES NEGATIVE NUMBERS.
R  INDICATES RECORD WAS SET OR TIED.
MM INDICATES DATA IS MISSING.
T  INDICATES TRACE AMOUNT.




$$
