000
CDUS43 KLMK 222128 RRA
CLIBWG

CLIMATE REPORT
NATIONAL WEATHER SERVICE LOUISVILLE KY
427 PM EST SUN JAN 22 2017


...................................

...THE BOWLING GREEN CLIMATE SUMMARY FOR JANUARY 22 2017...
VALID TODAY AS OF 0400 PM LOCAL TIME.

CLIMATE NORMAL PERIOD 1981 TO 2010
CLIMATE RECORD PERIOD 1870 TO 2017


WEATHER ITEM   OBSERVED TIME   RECORD YEAR NORMAL DEPARTURE LAST
                VALUE   (LST)  VALUE       VALUE  FROM      YEAR
                                                  NORMAL
..................................................................
TEMPERATURE (F)
 TODAY
  MAXIMUM         66    200 PM  71    1999  45     21       32
  MINIMUM         49    611 AM  -7    1984  26     23       26
  AVERAGE         58                        36     22       29

PRECIPITATION (IN)
  TODAY            T             2.72 1999   0.12  -0.12     0.82
  MONTH TO DATE    4.15                      2.52   1.63     1.61
  SINCE DEC 1      9.79                      7.32   2.47     6.84
  SINCE JAN 1      4.15                      2.52   1.63     1.61

SNOWFALL (IN)
  TODAY            0.0          12.2  2016   0.2   -0.2     12.2
  MONTH TO DATE    0.7                       2.2   -1.5     14.8
  SINCE DEC 1      0.7                       3.4   -2.7     14.8
  SINCE JUL 1      0.7                       3.4   -2.7     14.8
  SNOW DEPTH       0

DEGREE DAYS
 HEATING
  TODAY            7                        29    -22       36
  MONTH TO DATE  438                       651   -213      689
  SINCE DEC 1   1233                      1472   -239     1130
  SINCE JUL 1   1719                      2235   -516     1668

 COOLING
  TODAY            0                         0      0        0
  MONTH TO DATE    0                         0      0        0
  SINCE DEC 1      0                         1     -1        2
  SINCE JAN 1      0                         0      0        0
..................................................................


WIND (MPH)
  HIGHEST WIND SPEED    12   HIGHEST WIND DIRECTION    NE (50)
  HIGHEST GUST SPEED    16   HIGHEST GUST DIRECTION    NE (40)
  AVERAGE WIND SPEED     4.0


SKY COVER
  POSSIBLE SUNSHINE  MM
  AVERAGE SKY COVER 0.4


WEATHER CONDITIONS
 THE FOLLOWING WEATHER WAS RECORDED TODAY.
  NO SIGNIFICANT WEATHER WAS OBSERVED.


RELATIVE HUMIDITY (PERCENT)
 HIGHEST    93           300 AM
 LOWEST     63           200 PM
 AVERAGE    78

..........................................................


THE BOWLING GREEN CLIMATE NORMALS FOR TOMORROW
                         NORMAL    RECORD    YEAR
 MAXIMUM TEMPERATURE (F)   45        75      1909
 MINIMUM TEMPERATURE (F)   26       -21      1963


SUNRISE AND SUNSET
JANUARY 22 2017.......SUNRISE   655 AM CST   SUNSET   500 PM CST
JANUARY 23 2017.......SUNRISE   654 AM CST   SUNSET   501 PM CST


-  INDICATES NEGATIVE NUMBERS.
R  INDICATES RECORD WAS SET OR TIED.
MM INDICATES DATA IS MISSING.
T  INDICATES TRACE AMOUNT.




$$
