000
CDUS43 KLMK 300635
CLIBWG


CLIMATE REPORT
NATIONAL WEATHER SERVICE LOUISVILLE KY
234 AM EDT THU OCT 30 2014


...................................

...THE BOWLING GREEN KY CLIMATE SUMMARY FOR OCTOBER 29 2014...

CLIMATE NORMAL PERIOD 1981 TO 2010
CLIMATE RECORD PERIOD 1870 TO 2014


WEATHER ITEM   OBSERVED TIME   RECORD YEAR NORMAL DEPARTURE LAST
                VALUE   (LST)  VALUE       VALUE  FROM      YEAR
                                                  NORMAL
..................................................................
TEMPERATURE (F)
 YESTERDAY
  MAXIMUM         66    142 PM  86    1927  67     -1       65
  MINIMUM         41   1158 PM  20    1906  43     -2       51
  AVERAGE         54                        55     -1       58

PRECIPITATION (IN)
  YESTERDAY        0.03          0.54 2002   0.11  -0.08     0.01
  MONTH TO DATE    5.35                      3.15   2.20     2.92
  SINCE SEP 1      5.72                      7.08  -1.36     8.01
  SINCE JAN 1     41.88                     40.64   1.24    50.71

SNOWFALL (IN)
  YESTERDAY        0.0           0.0    MM   0.0    0.0      0.0
  MONTH TO DATE    0.0                       0.0    0.0      0.0
  SINCE SEP 1      0.0                       0.0    0.0      0.0
  SINCE JUL 1      0.0                       0.0    0.0      0.0
  SNOW DEPTH       0

DEGREE DAYS
 HEATING
  YESTERDAY       11                        11      0        7
  MONTH TO DATE  158                       205    -47      238
  SINCE SEP 1    182                       240    -58      250
  SINCE JUL 1    182                       241    -59      250

 COOLING
  YESTERDAY        0                         0      0        0
  MONTH TO DATE   32                        33     -1       43
  SINCE SEP 1    211                       219     -8      235
  SINCE JAN 1   1488                      1488      0     1495
..................................................................


WIND (MPH)
  HIGHEST WIND SPEED    17   HIGHEST WIND DIRECTION     W (280)
  HIGHEST GUST SPEED    23   HIGHEST GUST DIRECTION     W (290)
  AVERAGE WIND SPEED     5.3


SKY COVER
  POSSIBLE SUNSHINE  MM
  AVERAGE SKY COVER 0.3


WEATHER CONDITIONS
 THE FOLLOWING WEATHER WAS RECORDED YESTERDAY.
  LIGHT RAIN
  FOG
  FOG W/VISIBILITY <= 1/4 MILE


RELATIVE HUMIDITY (PERCENT)
 HIGHEST   100           700 AM
 LOWEST     30           400 PM
 AVERAGE    65

..........................................................


THE BOWLING GREEN KY CLIMATE NORMALS FOR TODAY
                         NORMAL    RECORD    YEAR
 MAXIMUM TEMPERATURE (F)   66        87      1927
 MINIMUM TEMPERATURE (F)   42        19      1925


SUNRISE AND SUNSET
OCTOBER 30 2014.......SUNRISE   708 AM CDT   SUNSET   551 PM CDT
OCTOBER 31 2014.......SUNRISE   709 AM CDT   SUNSET   549 PM CDT


-  INDICATES NEGATIVE NUMBERS.
R  INDICATES RECORD WAS SET OR TIED.
MM INDICATES DATA IS MISSING.
T  INDICATES TRACE AMOUNT.




$$
