000
CDUS43 KLMK 152032
CLIBWG

CLIMATE REPORT
NATIONAL WEATHER SERVICE LOUISVILLE KY
430 PM EDT MON SEP 15 2014


...................................

...THE BOWLING GREEN CLIMATE SUMMARY FOR SEPTEMBER 15 2014...
VALID TODAY AS OF 0400 PM LOCAL TIME.

CLIMATE NORMAL PERIOD 1981 TO 2010
CLIMATE RECORD PERIOD 1870 TO 2014


WEATHER ITEM   OBSERVED TIME   RECORD YEAR NORMAL DEPARTURE LAST
                VALUE   (LST)  VALUE       VALUE  FROM      YEAR
                                                  NORMAL
..................................................................
TEMPERATURE (F)
 TODAY
  MAXIMUM         74    200 PM 102    1927  82     -8       81
  MINIMUM         51        MM  39    1902  58     -7       50
  AVERAGE         63                        70     -7       66

PRECIPITATION (IN)
  TODAY            0.00          1.33 1981   0.14  -0.14     0.00
  MONTH TO DATE    0.14                      1.98  -1.84     3.50
  SINCE SEP 1      0.14                      1.98  -1.84     3.50
  SINCE JAN 1     36.30                     35.54   0.76    46.20

SNOWFALL (IN)
  TODAY            0.0           0.0    MM   0.0    0.0      0.0
  MONTH TO DATE    0.0                       0.0    0.0      0.0
  SINCE SEP 1      0.0                       0.0    0.0      0.0
  SINCE JUL 1      0.0                       0.0    0.0      0.0
  SNOW DEPTH       0

DEGREE DAYS
 HEATING
  TODAY            2                         1      1        0
  MONTH TO DATE   12                         2     10        6
  SINCE SEP 1     12                         2     10        6
  SINCE JUL 1     12                         3      9        6

 COOLING
  TODAY            0                         6     -6        1
  MONTH TO DATE  126                       123      3      137
  SINCE SEP 1    126                       123      3      137
  SINCE JAN 1   1403                      1392     11     1397
..................................................................


WIND (MPH)
  HIGHEST WIND SPEED     5   HIGHEST WIND DIRECTION    SW (230)
  HIGHEST GUST SPEED    MM   HIGHEST GUST DIRECTION    MM
  AVERAGE WIND SPEED     1.6


SKY COVER
  POSSIBLE SUNSHINE   0 PERCENT
  AVERAGE SKY COVER 0.0


WEATHER CONDITIONS
 THE FOLLOWING WEATHER WAS RECORDED TODAY.
  NO SIGNIFICANT WEATHER WAS OBSERVED.


RELATIVE HUMIDITY (PERCENT)
 HIGHEST    90           500 AM
 LOWEST     58           113 PM
 AVERAGE    74

..........................................................


THE BOWLING GREEN CLIMATE NORMALS FOR TOMORROW
                         NORMAL    RECORD    YEAR
 MAXIMUM TEMPERATURE (F)   82       101      1927
 MINIMUM TEMPERATURE (F)   58        38      1916
                                             1904


SUNRISE AND SUNSET
SEPTEMBER 15 2014.....SUNRISE   628 AM CDT   SUNSET   653 PM CDT
SEPTEMBER 16 2014.....SUNRISE   629 AM CDT   SUNSET   652 PM CDT


-  INDICATES NEGATIVE NUMBERS.
R  INDICATES RECORD WAS SET OR TIED.
MM INDICATES DATA IS MISSING.
T  INDICATES TRACE AMOUNT.




$$
