000
CDUS43 KLMK 312107 RRB
CLIBWG

CLIMATE REPORT
NATIONAL WEATHER SERVICE LOUISVILLE KY
506 PM EDT WED AUG 31 2016


...................................

...THE BOWLING GREEN CLIMATE SUMMARY FOR AUGUST 31 2016...
VALID TODAY AS OF 0400 PM LOCAL TIME.

CLIMATE NORMAL PERIOD 1981 TO 2010
CLIMATE RECORD PERIOD 1870 TO 2016


WEATHER ITEM   OBSERVED TIME   RECORD YEAR NORMAL DEPARTURE LAST
                VALUE   (LST)  VALUE       VALUE  FROM      YEAR
                                                  NORMAL
..................................................................
TEMPERATURE (F)
 TODAY
  MAXIMUM         92    112 PM 102    1932  87      5       89
  MINIMUM         71    511 AM  42    1946  64      7       62
  AVERAGE         82                        75      7       76

PRECIPITATION (IN)
  TODAY            0.00          1.58 1933   0.12  -0.12     0.00
  MONTH TO DATE    5.16                      3.33   1.83     1.57
  SINCE JUN 1     18.75                     11.63   7.12    10.85
  SINCE JAN 1     37.92                     33.56   4.36    35.04

SNOWFALL (IN)
  TODAY            0.0           0.0    MM   0.0    0.0      0.0
  MONTH TO DATE    0.0                       0.0    0.0      0.0
  SINCE JUN 1      0.0                       0.0    0.0      0.0
  SINCE JUL 1      0.0                       0.0    0.0      0.0
  SNOW DEPTH       0

DEGREE DAYS
 HEATING
  TODAY            0                         0      0        0
  MONTH TO DATE    0                         0      0        0
  SINCE JUN 1      0                         6     -6        3
  SINCE JUL 1      0                         1     -1        0

 COOLING
  TODAY           17                        10      7       11
  MONTH TO DATE  492                       388    104      317
  SINCE JUN 1   1393                      1116    277     1178
  SINCE JAN 1   1559                      1269    290     1381
..................................................................


WIND (MPH)
  HIGHEST WIND SPEED     7   HIGHEST WIND DIRECTION     E (99)
  HIGHEST GUST SPEED    11   HIGHEST GUST DIRECTION    SE (150)
  AVERAGE WIND SPEED     1.7


SKY COVER
  POSSIBLE SUNSHINE  MM
  AVERAGE SKY COVER 0.1


WEATHER CONDITIONS
 THE FOLLOWING WEATHER WAS RECORDED TODAY.
  FOG


RELATIVE HUMIDITY (PERCENT)
 HIGHEST    94          1200 AM
 LOWEST     49          1200 PM
 AVERAGE    72

..........................................................


THE BOWLING GREEN CLIMATE NORMALS FOR TOMORROW
                         NORMAL    RECORD    YEAR
 MAXIMUM TEMPERATURE (F)   87       104      1943
 MINIMUM TEMPERATURE (F)   63        44      1887


SUNRISE AND SUNSET
AUGUST 31 2016........SUNRISE   616 AM CDT   SUNSET   715 PM CDT
SEPTEMBER  1 2016.....SUNRISE   617 AM CDT   SUNSET   713 PM CDT


-  INDICATES NEGATIVE NUMBERS.
R  INDICATES RECORD WAS SET OR TIED.
MM INDICATES DATA IS MISSING.
T  INDICATES TRACE AMOUNT.




$$
