000
CDUS43 KLMK 210628
CLIBWG


CLIMATE REPORT
NATIONAL WEATHER SERVICE LOUISVILLE KY
228 AM EDT TUE OCT 21 2014


...................................

...THE BOWLING GREEN KY CLIMATE SUMMARY FOR OCTOBER 20 2014...

CLIMATE NORMAL PERIOD 1981 TO 2010
CLIMATE RECORD PERIOD 1870 TO 2014


WEATHER ITEM   OBSERVED TIME   RECORD YEAR NORMAL DEPARTURE LAST
                VALUE   (LST)  VALUE       VALUE  FROM      YEAR
                                                  NORMAL
..................................................................
TEMPERATURE (F)
 YESTERDAY
  MAXIMUM         69    255 PM  88    1908  70     -1       62
  MINIMUM         42    151 AM  26    1917  45     -3       34
  AVERAGE         56                        57     -1       48

PRECIPITATION (IN)
  YESTERDAY        T             1.00 1905   0.10  -0.10     0.00
  MONTH TO DATE    4.98                      2.16   2.82     2.64
  SINCE SEP 1      5.35                      6.09  -0.74     7.73
  SINCE JAN 1     41.51                     39.65   1.86    50.43

SNOWFALL (IN)
  YESTERDAY        0.0           1.0  1913   0.0    0.0      0.0
  MONTH TO DATE    0.0                       0.0    0.0      0.0
  SINCE SEP 1      0.0                       0.0    0.0      0.0
  SINCE JUL 1      0.0                       0.0    0.0      0.0
  SNOW DEPTH       0

DEGREE DAYS
 HEATING
  YESTERDAY        9                         8      1       17
  MONTH TO DATE   92                       118    -26       89
  SINCE SEP 1    116                       153    -37      101
  SINCE JUL 1    116                       154    -38      101

 COOLING
  YESTERDAY        0                         1     -1        0
  MONTH TO DATE   29                        29      0       43
  SINCE SEP 1    208                       215     -7      235
  SINCE JAN 1   1485                      1484      1     1495
..................................................................


WIND (MPH)
  HIGHEST WIND SPEED    18   HIGHEST WIND DIRECTION    SW (210)
  HIGHEST GUST SPEED    25   HIGHEST GUST DIRECTION    SW (210)
  AVERAGE WIND SPEED     5.8


SKY COVER
  POSSIBLE SUNSHINE  MM
  AVERAGE SKY COVER 0.3


WEATHER CONDITIONS
 THE FOLLOWING WEATHER WAS RECORDED YESTERDAY.
  FOG


RELATIVE HUMIDITY (PERCENT)
 HIGHEST    96           100 AM
 LOWEST     49           400 PM
 AVERAGE    73

..........................................................


THE BOWLING GREEN KY CLIMATE NORMALS FOR TODAY
                         NORMAL    RECORD    YEAR
 MAXIMUM TEMPERATURE (F)   70        88      1963
                                             1934
 MINIMUM TEMPERATURE (F)   45        25      1952


SUNRISE AND SUNSET
OCTOBER 21 2014.......SUNRISE   659 AM CDT   SUNSET   601 PM CDT
OCTOBER 22 2014.......SUNRISE   700 AM CDT   SUNSET   600 PM CDT


-  INDICATES NEGATIVE NUMBERS.
R  INDICATES RECORD WAS SET OR TIED.
MM INDICATES DATA IS MISSING.
T  INDICATES TRACE AMOUNT.




$$
