000
CDUS41 KLWX 022123
CLIBWI


CLIMATE REPORT
NATIONAL WEATHER SERVICE BALTIMORE MD/WASHINGTON DC
423 PM EST FRI DEC 2 2016


...................................

...THE BALTIMORE MD CLIMATE SUMMARY FOR DECEMBER 2 2016...
VALID TODAY AS OF 0400 PM LOCAL TIME.

CLIMATE NORMAL PERIOD 1981 TO 2010
CLIMATE RECORD PERIOD 1870 TO 2016


WEATHER ITEM   OBSERVED TIME   RECORD YEAR NORMAL DEPARTURE LAST
                VALUE   (LST)  VALUE       VALUE  FROM      YEAR
                                                  NORMAL
..................................................................
TEMPERATURE (F)
 TODAY
  MAXIMUM         51   1216 PM  72    1970  50      1       57
  MINIMUM         39    346 AM   9    1967  32      7       47
  AVERAGE         45                        41      4       52

PRECIPITATION (IN)
  TODAY            0.00          1.40 1927   0.11  -0.11     0.20
  MONTH TO DATE    0.09                      0.23  -0.14     1.01
  SINCE DEC 1      0.09                      0.23  -0.14     1.01
  SINCE JAN 1     37.84                     38.74  -0.90    46.32

SNOWFALL (IN)
  TODAY            0.0           3.0  1952   0.0    0.0
  MONTH TO DATE    0.0                       0.1   -0.1
  SINCE JUL 1      0.0                       0.5   -0.5
  SNOW DEPTH       0

DEGREE DAYS
 HEATING
  TODAY           20                        24     -4       13
  MONTH TO DATE   32                        48    -16       30
  SINCE DEC 1     32                        48    -16       30
  SINCE JUL 1    731                       952   -221      750

 COOLING
  TODAY            0                         0      0        0
  MONTH TO DATE    0                         0      0        0
  SINCE DEC 1      0                         0      0        0
  SINCE JAN 1   1551                      1164    387     1416
..................................................................


WIND (MPH)
  HIGHEST WIND SPEED    25   HIGHEST WIND DIRECTION     W (280)
  HIGHEST GUST SPEED    33   HIGHEST GUST DIRECTION     W (280)
  AVERAGE WIND SPEED    13.9


SKY COVER
  POSSIBLE SUNSHINE  MM
  AVERAGE SKY COVER 0.6


WEATHER CONDITIONS
 THE FOLLOWING WEATHER WAS RECORDED TODAY.
  NO SIGNIFICANT WEATHER WAS OBSERVED.


RELATIVE HUMIDITY (PERCENT)
 HIGHEST    60           300 AM
 LOWEST     46          1100 AM
 AVERAGE    53

..........................................................


THE BALTIMORE MD CLIMATE NORMALS FOR TOMORROW
                         NORMAL    RECORD    YEAR
 MAXIMUM TEMPERATURE (F)   49        72      1998
 MINIMUM TEMPERATURE (F)   31        11      1976


SUNRISE AND SUNSET
DECEMBER  2 2016......SUNRISE   708 AM EST   SUNSET   444 PM EST
DECEMBER  3 2016......SUNRISE   709 AM EST   SUNSET   444 PM EST


-  INDICATES NEGATIVE NUMBERS.
R  INDICATES RECORD WAS SET OR TIED.
MM INDICATES DATA IS MISSING.
T  INDICATES TRACE AMOUNT.




$$
