000
CDUS41 KLWX 090525
CLIBWI


CLIMATE REPORT
NATIONAL WEATHER SERVICE BALTIMORE MD/WASHINGTON DC
1223 AM EST TUE FEB 9 2016


...................................

...THE BALTIMORE MD CLIMATE SUMMARY FOR FEBRUARY 8 2016...

CLIMATE NORMAL PERIOD 1981 TO 2010
CLIMATE RECORD PERIOD 1870 TO 2016


WEATHER ITEM   OBSERVED TIME   RECORD YEAR NORMAL DEPARTURE LAST
                VALUE   (LST)  VALUE       VALUE  FROM      YEAR
                                                  NORMAL
..................................................................
TEMPERATURE (F)
 YESTERDAY
  MAXIMUM         46    224 PM  70    1965  43      3       55
  MINIMUM         32    714 AM  -1    1967  26      6       30
  AVERAGE         39                        34      5       43

PRECIPITATION (IN)
  YESTERDAY        0.04          1.46 1890   0.10  -0.06     0.00
  MONTH TO DATE    0.92                      0.82   0.10     0.35
  SINCE DEC 1     10.27                      7.24   3.03     7.82
  SINCE JAN 1      4.42                      3.87   0.55     4.24

SNOWFALL (IN)
  YESTERDAY        0.0           6.3  1974   0.3   -0.3
  MONTH TO DATE    T                         2.6   -2.6
  SINCE JUL 1     30.0                      12.8   17.2
  SNOW DEPTH       0

DEGREE DAYS
 HEATING
  YESTERDAY       26                        31     -5       22
  MONTH TO DATE  196                       248    -52      267
  SINCE DEC 1   1702                      2120   -418     2088
  SINCE JUL 1   2422                      3024   -602     2980

 COOLING
  YESTERDAY        0                         0      0        0
  MONTH TO DATE    0                         0      0        0
  SINCE DEC 1      1                         0      1        0
  SINCE JAN 1      0                         0      0        0
..................................................................


WIND (MPH)
  HIGHEST WIND SPEED    14   HIGHEST WIND DIRECTION    NE (50)
  HIGHEST GUST SPEED    23   HIGHEST GUST DIRECTION    NE (30)
  AVERAGE WIND SPEED     7.3


SKY COVER
  POSSIBLE SUNSHINE  MM
  AVERAGE SKY COVER 0.8


WEATHER CONDITIONS
 THE FOLLOWING WEATHER WAS RECORDED YESTERDAY.
  LIGHT RAIN
  FOG


RELATIVE HUMIDITY (PERCENT)
 HIGHEST    64           700 PM
 LOWEST     48           200 AM
 AVERAGE    56

..........................................................


THE BALTIMORE MD CLIMATE NORMALS FOR TODAY
                         NORMAL    RECORD    YEAR
 MAXIMUM TEMPERATURE (F)   44        69      2001
 MINIMUM TEMPERATURE (F)   26        -7      1934


SUNRISE AND SUNSET
FEBRUARY  9 2016......SUNRISE   706 AM EST   SUNSET   536 PM EST
FEBRUARY 10 2016......SUNRISE   705 AM EST   SUNSET   537 PM EST


-  INDICATES NEGATIVE NUMBERS.
R  INDICATES RECORD WAS SET OR TIED.
MM INDICATES DATA IS MISSING.
T  INDICATES TRACE AMOUNT.




$$
