000
CDUS41 KLWX 230522
CLIBWI


CLIMATE REPORT
NATIONAL WEATHER SERVICE BALTIMORE MD/WASHINGTON DC
120 AM EDT THU OCT 23 2014


...................................

...THE BALTIMORE MD CLIMATE SUMMARY FOR OCTOBER 22 2014...

CLIMATE NORMAL PERIOD 1981 TO 2010
CLIMATE RECORD PERIOD 1870 TO 2014


WEATHER ITEM   OBSERVED TIME   RECORD YEAR NORMAL DEPARTURE LAST
                VALUE   (LST)  VALUE       VALUE  FROM      YEAR
                                                  NORMAL
..................................................................
TEMPERATURE (F)
 YESTERDAY
  MAXIMUM         55    513 PM  85    1979  65    -10       64
                                      1920
  MINIMUM         52   1159 PM  31    1952  43      9       42
  AVERAGE         54                        54      0       53

PRECIPITATION (IN)
  YESTERDAY        0.95          2.04 1956   0.11   0.84      T
  MONTH TO DATE    4.11                      2.38   1.73     7.50
  SINCE SEP 1      7.32                      6.41   0.91     9.15
  SINCE JAN 1     45.59                     34.26  11.33    34.72

SNOWFALL (IN)
  YESTERDAY        0.0          MM      MM   0.0    0.0
  MONTH TO DATE    0.0                       0.0    0.0
  SINCE JUL 1      0.0                       0.0    0.0
  SNOW DEPTH       0

DEGREE DAYS
 HEATING
  YESTERDAY       11                        11      0       12
  MONTH TO DATE  138                       181    -43       99
  SINCE SEP 1    175                       233    -58      151
  SINCE JUL 1    175                       234    -59      151

 COOLING
  YESTERDAY        0                         0      0        0
  MONTH TO DATE   12                        15     -3       51
  SINCE SEP 1    167                       150     17      194
  SINCE JAN 1   1084                      1160    -76     1339
..................................................................


WIND (MPH)
  HIGHEST WIND SPEED    18   HIGHEST WIND DIRECTION    NW (320)
  HIGHEST GUST SPEED    26   HIGHEST GUST DIRECTION    NW (330)
  AVERAGE WIND SPEED     9.9


SKY COVER
  POSSIBLE SUNSHINE  MM
  AVERAGE SKY COVER 0.9


WEATHER CONDITIONS
 THE FOLLOWING WEATHER WAS RECORDED YESTERDAY.
  HEAVY RAIN
  RAIN
  LIGHT RAIN
  FOG


RELATIVE HUMIDITY (PERCENT)
 HIGHEST    93           100 AM
 LOWEST     66          1100 PM
 AVERAGE    80

..........................................................


THE BALTIMORE MD CLIMATE NORMALS FOR TODAY
                         NORMAL    RECORD    YEAR
 MAXIMUM TEMPERATURE (F)   65        91      1947
 MINIMUM TEMPERATURE (F)   43        28      1997


SUNRISE AND SUNSET
OCTOBER 23 2014.......SUNRISE   725 AM EDT   SUNSET   617 PM EDT
OCTOBER 24 2014.......SUNRISE   726 AM EDT   SUNSET   615 PM EDT


-  INDICATES NEGATIVE NUMBERS.
R  INDICATES RECORD WAS SET OR TIED.
MM INDICATES DATA IS MISSING.
T  INDICATES TRACE AMOUNT.




$$
