000
CDUS41 KLWX 310522
CLIBWI


CLIMATE REPORT
NATIONAL WEATHER SERVICE BALTIMORE MD/WASHINGTON DC
122 AM EDT SUN AUG 31 2014


...................................

...THE BALTIMORE MD CLIMATE SUMMARY FOR AUGUST 30 2014...

CLIMATE NORMAL PERIOD 1981 TO 2010
CLIMATE RECORD PERIOD 1870 TO 2014


WEATHER ITEM   OBSERVED TIME   RECORD YEAR NORMAL DEPARTURE LAST
                VALUE   (LST)  VALUE       VALUE  FROM      YEAR
                                                  NORMAL
..................................................................
TEMPERATURE (F)
 YESTERDAY
  MAXIMUM         83    300 PM 101    1953  83      0       88
  MINIMUM         62    342 AM  45    1986  63     -1       68
  AVERAGE         73                        73      0       78

PRECIPITATION (IN)
  YESTERDAY        0.00          3.23 2001   0.10  -0.10     0.00
  MONTH TO DATE    7.36                      3.19   4.17     1.13
  SINCE JUN 1     14.11                     10.72   3.39    11.71
  SINCE JAN 1     37.73                     27.75   9.98    25.57

SNOWFALL (IN)
  YESTERDAY        0.0          MM      MM   0.0    0.0
  MONTH TO DATE    0.0                       0.0    0.0
  SINCE JUL 1      0.0                       0.0    0.0
  SNOW DEPTH       0

DEGREE DAYS
 HEATING
  YESTERDAY        0                         0      0        0
  MONTH TO DATE    0                         0      0        0
  SINCE JUN 1      2                        15    -13        0
  SINCE JUL 1      0                         0      0        0

 COOLING
  YESTERDAY        8                         8      0       13
  MONTH TO DATE  223                       308    -85      276
  SINCE JUN 1    814                       918   -104      998
  SINCE JAN 1    899                      1002   -103     1129
..................................................................


WIND (MPH)
  HIGHEST WIND SPEED    12   HIGHEST WIND DIRECTION    SE (140)
  HIGHEST GUST SPEED    15   HIGHEST GUST DIRECTION    SE (130)
  AVERAGE WIND SPEED     4.4


SKY COVER
  POSSIBLE SUNSHINE  MM
  AVERAGE SKY COVER 0.8


WEATHER CONDITIONS
 THE FOLLOWING WEATHER WAS RECORDED YESTERDAY.
  NO SIGNIFICANT WEATHER WAS OBSERVED.


RELATIVE HUMIDITY (PERCENT)
 HIGHEST    87           300 AM
 LOWEST     62           100 PM
 AVERAGE    75

..........................................................


THE BALTIMORE MD CLIMATE NORMALS FOR TODAY
                         NORMAL    RECORD    YEAR
 MAXIMUM TEMPERATURE (F)   83       102      1953
 MINIMUM TEMPERATURE (F)   63        49      1986


SUNRISE AND SUNSET
AUGUST 31 2014........SUNRISE   634 AM EDT   SUNSET   739 PM EDT
SEPTEMBER  1 2014.....SUNRISE   635 AM EDT   SUNSET   737 PM EDT


-  INDICATES NEGATIVE NUMBERS.
R  INDICATES RECORD WAS SET OR TIED.
MM INDICATES DATA IS MISSING.
T  INDICATES TRACE AMOUNT.




$$
