000
CDUS41 KLWX 260534
CLIBWI


CLIMATE REPORT
NATIONAL WEATHER SERVICE BALTIMORE MD/WASHINGTON DC
133 AM EDT FRI MAY 26 2017


...................................

...THE BALTIMORE MD CLIMATE SUMMARY FOR MAY 25 2017...

CLIMATE NORMAL PERIOD 1981 TO 2010
CLIMATE RECORD PERIOD 1870 TO 2017


WEATHER ITEM   OBSERVED TIME   RECORD YEAR NORMAL DEPARTURE LAST
                VALUE   (LST)  VALUE       VALUE  FROM      YEAR
                                                  NORMAL
..................................................................
TEMPERATURE (F)
 YESTERDAY
  MAXIMUM         74    359 PM  94    1991  76     -2       86
  MINIMUM         56    508 AM  38    1956  55      1       60
  AVERAGE         65                        66     -1       73

PRECIPITATION (IN)
  YESTERDAY        1.04          2.22 1952   0.14   0.90     0.00
  MONTH TO DATE    4.95                      3.19   1.76     4.92
  SINCE MAR 1     12.29                     10.28   2.01     8.33
  SINCE JAN 1     16.44                     16.23   0.21    17.53

SNOWFALL (IN)
  YESTERDAY        0.0          MM      MM   0.0    0.0
  MONTH TO DATE    0.0                       0.0    0.0
  SINCE JUL 1      3.0                      20.1  -17.1
  SNOW DEPTH       0

DEGREE DAYS
 HEATING
  YESTERDAY        0                         3     -3        0
  MONTH TO DATE  129                       121      8      175
  SINCE MAR 1    958                      1141   -183      979
  SINCE JUL 1   3849                      4736   -887     4000

 COOLING
  YESTERDAY        0                         3     -3        8
  MONTH TO DATE   45                        46     -1       12
  SINCE MAR 1     94                        60     34       39
  SINCE JAN 1     94                        60     34       39
..................................................................


WIND (MPH)
  HIGHEST WIND SPEED    25   HIGHEST WIND DIRECTION    SW (240)
  HIGHEST GUST SPEED    35   HIGHEST GUST DIRECTION    SW (240)
  AVERAGE WIND SPEED    10.0


SKY COVER
  POSSIBLE SUNSHINE  MM
  AVERAGE SKY COVER 0.9


WEATHER CONDITIONS
 THE FOLLOWING WEATHER WAS RECORDED YESTERDAY.
  THUNDERSTORM
  HEAVY RAIN
  RAIN
  LIGHT RAIN
  FOG


RELATIVE HUMIDITY (PERCENT)
 HIGHEST   100          1200 AM
 LOWEST     64           400 PM
 AVERAGE    82

..........................................................


THE BALTIMORE MD CLIMATE NORMALS FOR TODAY
                         NORMAL    RECORD    YEAR
 MAXIMUM TEMPERATURE (F)   77        94      1914
 MINIMUM TEMPERATURE (F)   55        41      1967


SUNRISE AND SUNSET
MAY 26 2017...........SUNRISE   545 AM EDT   SUNSET   823 PM EDT
MAY 27 2017...........SUNRISE   545 AM EDT   SUNSET   824 PM EDT


-  INDICATES NEGATIVE NUMBERS.
R  INDICATES RECORD WAS SET OR TIED.
MM INDICATES DATA IS MISSING.
T  INDICATES TRACE AMOUNT.




$$
