000
CDUS41 KLWX 230524
CLIBWI


CLIMATE REPORT
NATIONAL WEATHER SERVICE BALTIMORE MD/WASHINGTON DC
1223 AM EST TUE JAN 23 2018


...................................

...THE BALTIMORE MD CLIMATE SUMMARY FOR JANUARY 22 2018...

CLIMATE NORMAL PERIOD 1981 TO 2010
CLIMATE RECORD PERIOD 1871 TO 2018


WEATHER ITEM   OBSERVED TIME   RECORD YEAR NORMAL DEPARTURE LAST
                VALUE   (LST)  VALUE       VALUE  FROM      YEAR
                                                  NORMAL
..................................................................
TEMPERATURE (F)
 YESTERDAY
  MAXIMUM         62    111 PM  69    1927  41     21       51
  MINIMUM         42    315 AM  -7    1984  24     18       45
  AVERAGE         52                        33     19       48

PRECIPITATION (IN)
  YESTERDAY        T             1.75 1987   0.10  -0.10     0.07
  MONTH TO DATE    0.73                      2.17  -1.44     2.08
  SINCE DEC 1      1.68                      5.54  -3.86     4.85
  SINCE JAN 1      0.73                      2.17  -1.44     2.08

SNOWFALL (IN)
  YESTERDAY        0.0          12.3  1987   0.2   -0.2
  MONTH TO DATE    2.2                       4.4   -2.2
  SINCE JUL 1      6.5                       7.8   -1.3
  SNOW DEPTH       0

DEGREE DAYS
 HEATING
  YESTERDAY       13                        32    -19       17
  MONTH TO DATE  779                       704     75      577
  SINCE DEC 1   1687                      1581    106     1395
  SINCE JUL 1   2434                      2485    -51     2094

 COOLING
  YESTERDAY        0                         0      0        0
  MONTH TO DATE    0                         0      0        0
  SINCE DEC 1      0                         0      0        0
  SINCE JAN 1      0                         0      0        0
..................................................................


WIND (MPH)
  HIGHEST WIND SPEED    10   HIGHEST WIND DIRECTION    SE (130)
  HIGHEST GUST SPEED    14   HIGHEST GUST DIRECTION    NE (30)
  AVERAGE WIND SPEED     3.7


SKY COVER
  POSSIBLE SUNSHINE  MM
  AVERAGE SKY COVER 0.9


WEATHER CONDITIONS
 THE FOLLOWING WEATHER WAS RECORDED YESTERDAY.
  HAZE


RELATIVE HUMIDITY (PERCENT)
 HIGHEST    89           300 AM
 LOWEST     51           200 PM
 AVERAGE    70

..........................................................


THE BALTIMORE MD CLIMATE NORMALS FOR TODAY
                         NORMAL    RECORD    YEAR
 MAXIMUM TEMPERATURE (F)   41        73      1967
 MINIMUM TEMPERATURE (F)   24         0      1936


SUNRISE AND SUNSET
JANUARY 23 2018.......SUNRISE   720 AM EST   SUNSET   517 PM EST
JANUARY 24 2018.......SUNRISE   720 AM EST   SUNSET   518 PM EST


-  INDICATES NEGATIVE NUMBERS.
R  INDICATES RECORD WAS SET OR TIED.
MM INDICATES DATA IS MISSING.
T  INDICATES TRACE AMOUNT.




$$
