000
CDUS41 KLWX 250524
CLIBWI


CLIMATE REPORT
NATIONAL WEATHER SERVICE BALTIMORE MD/WASHINGTON DC
124 AM EDT MON MAY 25 2015


...................................

...THE BALTIMORE MD CLIMATE SUMMARY FOR MAY 24 2015...

CLIMATE NORMAL PERIOD 1981 TO 2010
CLIMATE RECORD PERIOD 1870 TO 2015


WEATHER ITEM   OBSERVED TIME   RECORD YEAR NORMAL DEPARTURE LAST
                VALUE   (LST)  VALUE       VALUE  FROM      YEAR
                                                  NORMAL
..................................................................
TEMPERATURE (F)
 YESTERDAY
  MAXIMUM         82    341 PM  93    1933  76      6       76
  MINIMUM         47    505 AM  41    1963  55     -8       50
  AVERAGE         65                        65      0       63

PRECIPITATION (IN)
  YESTERDAY        0.00          2.23 1930   0.14  -0.14     0.00
  MONTH TO DATE    2.08                      3.05  -0.97     2.68
  SINCE MAR 1     11.05                     10.14   0.91    15.66
  SINCE JAN 1     17.18                     16.09   1.09    22.95

SNOWFALL (IN)
  YESTERDAY        0.0          MM      MM   0.0    0.0
  MONTH TO DATE    0.0                       0.0    0.0
  SINCE JUL 1     28.7                      20.1    8.6
  SNOW DEPTH       0

DEGREE DAYS
 HEATING
  YESTERDAY        0                         3     -3        2
  MONTH TO DATE   48                       118    -70       65
  SINCE MAR 1   1135                      1138     -3     1238
  SINCE JUL 1   4950                      4733    217     4995

 COOLING
  YESTERDAY        0                         3     -3        0
  MONTH TO DATE  100                        43     57       48
  SINCE MAR 1    105                        57     48       55
  SINCE JAN 1    105                        57     48       55
..................................................................


WIND (MPH)
  HIGHEST WIND SPEED    12   HIGHEST WIND DIRECTION    SE (130)
  HIGHEST GUST SPEED    16   HIGHEST GUST DIRECTION     S (160)
  AVERAGE WIND SPEED     3.3


SKY COVER
  POSSIBLE SUNSHINE  MM
  AVERAGE SKY COVER 0.4


WEATHER CONDITIONS
 THE FOLLOWING WEATHER WAS RECORDED YESTERDAY.
  NO SIGNIFICANT WEATHER WAS OBSERVED.


RELATIVE HUMIDITY (PERCENT)
 HIGHEST    93           500 AM
 LOWEST     30           300 PM
 AVERAGE    62

..........................................................


THE BALTIMORE MD CLIMATE NORMALS FOR TODAY
                         NORMAL    RECORD    YEAR
 MAXIMUM TEMPERATURE (F)   76        94      1991
 MINIMUM TEMPERATURE (F)   55        38      1956


SUNRISE AND SUNSET
MAY 25 2015...........SUNRISE   546 AM EDT   SUNSET   822 PM EDT
MAY 26 2015...........SUNRISE   545 AM EDT   SUNSET   822 PM EDT


-  INDICATES NEGATIVE NUMBERS.
R  INDICATES RECORD WAS SET OR TIED.
MM INDICATES DATA IS MISSING.
T  INDICATES TRACE AMOUNT.




$$
