000
CDUS41 KLWX 310523
CLIBWI


CLIMATE REPORT
NATIONAL WEATHER SERVICE BALTIMORE MD/WASHINGTON DC
122 AM EDT TUE MAY 31 2016


...................................

...THE BALTIMORE MD CLIMATE SUMMARY FOR MAY 30 2016...

CLIMATE NORMAL PERIOD 1981 TO 2010
CLIMATE RECORD PERIOD 1870 TO 2016


WEATHER ITEM   OBSERVED TIME   RECORD YEAR NORMAL DEPARTURE LAST
                VALUE   (LST)  VALUE       VALUE  FROM      YEAR
                                                  NORMAL
..................................................................
TEMPERATURE (F)
 YESTERDAY
  MAXIMUM         82   1247 PM  98    2011  78      4       88
                                      1991
  MINIMUM         65    525 AM  38    1996  57      8       69
  AVERAGE         74                        67      7       79

PRECIPITATION (IN)
  YESTERDAY        T             1.65 1971   0.13  -0.13     0.00
  MONTH TO DATE    5.24                      3.86   1.38     2.08
  SINCE MAR 1      8.65                     10.95  -2.30    11.05
  SINCE JAN 1     17.85                     16.90   0.95    17.18

SNOWFALL (IN)
  YESTERDAY        0.0          MM      MM   0.0    0.0
  MONTH TO DATE    0.0                       0.0    0.0
  SINCE JUL 1     35.1                      20.1   15.0
  SNOW DEPTH       0

DEGREE DAYS
 HEATING
  YESTERDAY        0                         2     -2        0
  MONTH TO DATE  175                       132     43       48
  SINCE MAR 1    979                      1152   -173     1135
  SINCE JUL 1   4000                      4747   -747     4950

 COOLING
  YESTERDAY        9                         4      5       14
  MONTH TO DATE   64                        66     -2      169
  SINCE MAR 1     91                        80     11      174
  SINCE JAN 1     91                        80     11      174
..................................................................


WIND (MPH)
  HIGHEST WIND SPEED    12   HIGHEST WIND DIRECTION    SE (130)
  HIGHEST GUST SPEED    16   HIGHEST GUST DIRECTION     E (100)
  AVERAGE WIND SPEED     3.5


SKY COVER
  POSSIBLE SUNSHINE  MM
  AVERAGE SKY COVER 0.8


WEATHER CONDITIONS
 THE FOLLOWING WEATHER WAS RECORDED YESTERDAY.
  LIGHT RAIN
  FOG


RELATIVE HUMIDITY (PERCENT)
 HIGHEST   100           500 AM
 LOWEST     58           100 PM
 AVERAGE    79

..........................................................


THE BALTIMORE MD CLIMATE NORMALS FOR TODAY
                         NORMAL    RECORD    YEAR
 MAXIMUM TEMPERATURE (F)   78        97      2011
 MINIMUM TEMPERATURE (F)   57        40      1996


SUNRISE AND SUNSET
MAY 31 2016...........SUNRISE   543 AM EDT   SUNSET   827 PM EDT
JUNE  1 2016..........SUNRISE   542 AM EDT   SUNSET   827 PM EDT


-  INDICATES NEGATIVE NUMBERS.
R  INDICATES RECORD WAS SET OR TIED.
MM INDICATES DATA IS MISSING.
T  INDICATES TRACE AMOUNT.




$$
