008
CDUS41 KLWX 250532
CLIBWI


CLIMATE REPORT
NATIONAL WEATHER SERVICE BALTIMORE MD/WASHINGTON DC
1232 AM EST SAT FEB 25 2017


...................................

...THE BALTIMORE MD CLIMATE SUMMARY FOR FEBRUARY 24 2017...

CLIMATE NORMAL PERIOD 1981 TO 2010
CLIMATE RECORD PERIOD 1870 TO 2017


WEATHER ITEM   OBSERVED TIME   RECORD YEAR NORMAL DEPARTURE LAST
                VALUE   (LST)  VALUE       VALUE  FROM      YEAR
                                                  NORMAL
..................................................................
TEMPERATURE (F)
 YESTERDAY
  MAXIMUM         74    143 PM  79    1985  47     27       62
  MINIMUM         46    706 AM   2    1873  28     18       40
  AVERAGE         60                        38     22       51

PRECIPITATION (IN)
  YESTERDAY        0.00          2.61 2016   0.11  -0.11     2.61
  MONTH TO DATE    0.46                      2.48  -2.02     5.69
  SINCE DEC 1      5.92                      8.90  -2.98    15.04
  SINCE JAN 1      3.15                      5.53  -2.38     9.19

SNOWFALL (IN)
  YESTERDAY        0.0           8.1  1966   0.2   -0.2
  MONTH TO DATE    T                         7.2   -7.2
  SINCE JUL 1      0.7                      17.4  -16.7
  SNOW DEPTH       0

DEGREE DAYS
 HEATING
  YESTERDAY        5                        27    -22       14
  MONTH TO DATE  505                       712   -207      689
  SINCE DEC 1   2121                      2584   -463     2195
  SINCE JUL 1   2820                      3488   -668     2915

 COOLING
  YESTERDAY        0                         0      0        0
  MONTH TO DATE    0                         0      0        0
  SINCE DEC 1      0                         0      0        1
  SINCE JAN 1      0                         0      0        0
..................................................................


WIND (MPH)
  HIGHEST WIND SPEED    17   HIGHEST WIND DIRECTION    SE (120)
  HIGHEST GUST SPEED    24   HIGHEST GUST DIRECTION    SE (150)
  AVERAGE WIND SPEED     6.9


SKY COVER
  POSSIBLE SUNSHINE  MM
  AVERAGE SKY COVER 0.4


WEATHER CONDITIONS
 THE FOLLOWING WEATHER WAS RECORDED YESTERDAY.
  NO SIGNIFICANT WEATHER WAS OBSERVED.


RELATIVE HUMIDITY (PERCENT)
 HIGHEST   100           500 AM
 LOWEST     49          1200 PM
 AVERAGE    75

..........................................................


THE BALTIMORE MD CLIMATE NORMALS FOR TODAY
                         NORMAL    RECORD    YEAR
 MAXIMUM TEMPERATURE (F)   47        83      1930
 MINIMUM TEMPERATURE (F)   28         8      1914
                                             1900
                                             1894


SUNRISE AND SUNSET
FEBRUARY 25 2017......SUNRISE   645 AM EST   SUNSET   555 PM EST
FEBRUARY 26 2017......SUNRISE   643 AM EST   SUNSET   556 PM EST


-  INDICATES NEGATIVE NUMBERS.
R  INDICATES RECORD WAS SET OR TIED.
MM INDICATES DATA IS MISSING.
T  INDICATES TRACE AMOUNT.




$$
