000
CDUS41 KLWX 172132
CLIBWI


CLIMATE REPORT
NATIONAL WEATHER SERVICE BALTIMORE MD/WASHINGTON DC
432 PM EST FRI NOV 17 2017


...................................

...THE BALTIMORE MD CLIMATE SUMMARY FOR NOVEMBER 17 2017...
VALID TODAY AS OF 0400 PM LOCAL TIME.

CLIMATE NORMAL PERIOD 1981 TO 2010
CLIMATE RECORD PERIOD 1871 TO 2017


WEATHER ITEM   OBSERVED TIME   RECORD YEAR NORMAL DEPARTURE LAST
                VALUE   (LST)  VALUE       VALUE  FROM      YEAR
                                                  NORMAL
..................................................................
TEMPERATURE (F)
 TODAY
  MAXIMUM         53    149 PM  75    1928  56     -3       62
                                      1896
  MINIMUM         35    713 AM  20    1996  36     -1       35
  AVERAGE         44                        46     -2       49

PRECIPITATION (IN)
  TODAY            0.00          2.39 1935   0.12  -0.12     0.00
  MONTH TO DATE    1.96                      1.84   0.12     0.22
  SINCE SEP 1      6.90                      9.20  -2.30     5.36
  SINCE JAN 1     37.14                     37.05   0.09    36.46

SNOWFALL (IN)
  TODAY            0.0           1.0  1935   0.0    0.0
  MONTH TO DATE    0.0                       0.1   -0.1
  SINCE JUL 1      0.0                       0.1   -0.1
  SNOW DEPTH       0

DEGREE DAYS
 HEATING
  TODAY           21                        19      2       16
  MONTH TO DATE  295                       279     16      233
  SINCE SEP 1    486                       625   -139      446
  SINCE JUL 1    486                       626   -140      446

 COOLING
  TODAY            0                         0      0        0
  MONTH TO DATE    0                         0      0        0
  SINCE SEP 1    224                       153     71      284
  SINCE JAN 1   1316                      1163    153     1551
..................................................................


WIND (MPH)
  HIGHEST WIND SPEED    16   HIGHEST WIND DIRECTION     W (290)
  HIGHEST GUST SPEED    26   HIGHEST GUST DIRECTION    NW (330)
  AVERAGE WIND SPEED     8.8


SKY COVER
  POSSIBLE SUNSHINE  MM
  AVERAGE SKY COVER 0.4


WEATHER CONDITIONS
 THE FOLLOWING WEATHER WAS RECORDED TODAY.
  NO SIGNIFICANT WEATHER WAS OBSERVED.


RELATIVE HUMIDITY (PERCENT)
 HIGHEST    82           700 AM
 LOWEST     35           300 PM
 AVERAGE    59

..........................................................


THE BALTIMORE MD CLIMATE NORMALS FOR TOMORROW
                         NORMAL    RECORD    YEAR
 MAXIMUM TEMPERATURE (F)   56        78      1938
                                             1928
 MINIMUM TEMPERATURE (F)   36        20      1959


SUNRISE AND SUNSET
NOVEMBER 17 2017......SUNRISE   652 AM EST   SUNSET   451 PM EST
NOVEMBER 18 2017......SUNRISE   654 AM EST   SUNSET   450 PM EST


-  INDICATES NEGATIVE NUMBERS.
R  INDICATES RECORD WAS SET OR TIED.
MM INDICATES DATA IS MISSING.
T  INDICATES TRACE AMOUNT.




$$
