000
CDUS45 KRIW 010736
CLIBYG


CLIMATE REPORT
NATIONAL WEATHER SERVICE RIVERTON WY
136 AM MDT SAT AUG 1 2015


...................................

...THE BUFFALO WY CLIMATE SUMMARY FOR JULY 31 2015...

CLIMATE NORMAL PERIOD 1981 TO 2010
CLIMATE RECORD PERIOD 1998 TO 2015


WEATHER ITEM   OBSERVED TIME   RECORD YEAR NORMAL DEPARTURE LAST
                VALUE   (LST)  VALUE       VALUE  FROM      YEAR
                                                  NORMAL
..................................................................
TEMPERATURE (F)
 YESTERDAY
  MAXIMUM         92    358 PM  94    2007  86      6       87
  MINIMUM         58    308 AM  51    2013  58      0       58
                                      2009
  AVERAGE         75                        72      3       73

PRECIPITATION (IN)
  YESTERDAY        0.00          0.02 2013   0.06  -0.06     0.00
  MONTH TO DATE    0.77                      1.66  -0.89     0.94
  SINCE JUN 1      4.00                      3.94   0.06     3.85
  SINCE JAN 1     11.26                      9.46   1.80     7.61

DEGREE DAYS
 HEATING
  YESTERDAY        0                         1     -1        0
  MONTH TO DATE   30                        34     -4       11
  SINCE JUN 1     84                       188   -104      217
  SINCE JUL 1     30                        25      5       11

 COOLING
  YESTERDAY       10                         8      2        8
  MONTH TO DATE  148                       203    -55      189
  SINCE JUN 1    218                       254    -36      194
  SINCE JAN 1    218                       261    -43      205
..................................................................


WIND (MPH)
  HIGHEST WIND SPEED    15   HIGHEST WIND DIRECTION     N (360)
  HIGHEST GUST SPEED    18   HIGHEST GUST DIRECTION    NE (30)
  AVERAGE WIND SPEED     6.8


SKY COVER
  POSSIBLE SUNSHINE  MM
  AVERAGE SKY COVER 0.0


WEATHER CONDITIONS
 THE FOLLOWING WEATHER WAS RECORDED YESTERDAY.
  NO SIGNIFICANT WEATHER WAS OBSERVED.


RELATIVE HUMIDITY (PERCENT)
 HIGHEST    39           100 AM
 LOWEST     15           300 PM
 AVERAGE    27

..........................................................


THE BUFFALO WY CLIMATE NORMALS FOR TODAY
                         NORMAL    RECORD    YEAR
 MAXIMUM TEMPERATURE (F)   86       101      2008
 MINIMUM TEMPERATURE (F)   58        46      2009


SUNRISE AND SUNSET
AUGUST  1 2015........SUNRISE   554 AM MDT   SUNSET   832 PM MDT
AUGUST  2 2015........SUNRISE   555 AM MDT   SUNSET   831 PM MDT


-  INDICATES NEGATIVE NUMBERS.
R  INDICATES RECORD WAS SET OR TIED.
MM INDICATES DATA IS MISSING.
T  INDICATES TRACE AMOUNT.




$$
