000
CDUS45 KRIW 240029
CLIBYG


CLIMATE REPORT
NATIONAL WEATHER SERVICE RIVERTON WY
628 PM MDT THU OCT 23 2014


...................................

...THE BUFFALO WY CLIMATE SUMMARY FOR OCTOBER 23 2014...
VALID TODAY AS OF 0500 PM LOCAL TIME.

CLIMATE NORMAL PERIOD 1981 TO 2010
CLIMATE RECORD PERIOD 1998 TO 2014


WEATHER ITEM   OBSERVED TIME   RECORD YEAR NORMAL DEPARTURE LAST
                VALUE   (LST)  VALUE       VALUE  FROM      YEAR
                                                  NORMAL
..................................................................
TEMPERATURE (F)
 TODAY
  MAXIMUM         70        MM  76    2003  56     14       56
  MINIMUM         37        MM  17    2002  32      5       37
  AVERAGE         54

PRECIPITATION (IN)
  TODAY            0.00          0.21 2012   0.02  -0.02     0.00
  MONTH TO DATE    0.20                      0.82  -0.62     1.95
  SINCE SEP 1      1.30                      2.13  -0.83     5.29
  SINCE JAN 1     11.51                     12.40  -0.89     9.71

DEGREE DAYS
 HEATING
  TODAY           11                        21    -10       18
  MONTH TO DATE  270                       411   -141      496
  SINCE SEP 1    508                       660   -152      647
  SINCE JUL 1    567                       725   -158      648

 COOLING
  TODAY            0                         0      0        0
  MONTH TO DATE    2                         0      2        0
  SINCE SEP 1     53                        45      8       95
  SINCE JAN 1    387                       491   -104      709
..................................................................


WIND (MPH)
  HIGHEST WIND SPEED    10   HIGHEST WIND DIRECTION    SW (240)
  HIGHEST GUST SPEED    MM   HIGHEST GUST DIRECTION    MM
  AVERAGE WIND SPEED     5.8


SKY COVER
  POSSIBLE SUNSHINE  MM
  AVERAGE SKY COVER 0.0


WEATHER CONDITIONS
 THE FOLLOWING WEATHER WAS RECORDED TODAY.
  NO SIGNIFICANT WEATHER WAS OBSERVED.


RELATIVE HUMIDITY (PERCENT)
 HIGHEST    34          1200 AM
 LOWEST     15          1100 AM
 AVERAGE    25

..........................................................


THE BUFFALO WY CLIMATE NORMALS FOR TOMORROW
                         NORMAL    RECORD    YEAR
 MAXIMUM TEMPERATURE (F)   55        77      2007
 MINIMUM TEMPERATURE (F)   32        22      2012


SUNRISE AND SUNSET
OCTOBER 23 2014.......SUNRISE   732 AM MDT   SUNSET   609 PM MDT
OCTOBER 24 2014.......SUNRISE   734 AM MDT   SUNSET   608 PM MDT


-  INDICATES NEGATIVE NUMBERS.
R  INDICATES RECORD WAS SET OR TIED.
MM INDICATES DATA IS MISSING.
T  INDICATES TRACE AMOUNT.




$$
