000
CDUS45 KRIW 290744
CLIBYG


CLIMATE REPORT
NATIONAL WEATHER SERVICE RIVERTON WY
133 AM MDT FRI JUL 29 2016


...................................

...THE BUFFALO WY CLIMATE SUMMARY FOR JULY 28 2016...

CLIMATE NORMAL PERIOD 1981 TO 2010
CLIMATE RECORD PERIOD 1998 TO 2016


WEATHER ITEM   OBSERVED TIME   RECORD YEAR NORMAL DEPARTURE LAST
                VALUE   (LST)  VALUE       VALUE  FROM      YEAR
                                                  NORMAL
..................................................................
TEMPERATURE (F)
 YESTERDAY
  MAXIMUM         79    419 PM 100    2006  86     -7       71
  MINIMUM         59   1110 PM  45    2015  58      1       45
  AVERAGE         69                        72     -3       58

PRECIPITATION (IN)
  YESTERDAY        0.12          0.28 2004   0.05   0.07     0.00
  MONTH TO DATE    0.49                      1.49  -1.00     0.77
  SINCE JUN 1      0.88                      3.77  -2.89     4.00
  SINCE JAN 1      5.80                      9.29  -3.49    11.26

DEGREE DAYS
 HEATING
  YESTERDAY        0                         1     -1        7
  MONTH TO DATE    1                        31    -30       30
  SINCE JUN 1     16                       194   -178       84
  SINCE JUL 1      1                        31    -30       30

 COOLING
  YESTERDAY        4                         8     -4        0
  MONTH TO DATE  227                       182     45      131
  SINCE JUN 1    362                       233    129      201
  SINCE JAN 1    367                       240    127      201
..................................................................


WIND (MPH)
  HIGHEST WIND SPEED    22   HIGHEST WIND DIRECTION    NW (310)
  HIGHEST GUST SPEED    29   HIGHEST GUST DIRECTION     N (340)
  AVERAGE WIND SPEED     8.3


SKY COVER
  POSSIBLE SUNSHINE  MM
  AVERAGE SKY COVER 0.3


WEATHER CONDITIONS
 THE FOLLOWING WEATHER WAS RECORDED YESTERDAY.
  THUNDERSTORM
  LIGHT RAIN


RELATIVE HUMIDITY (PERCENT)
 HIGHEST    84           700 AM
 LOWEST     33           600 PM
 AVERAGE    59

..........................................................


THE BUFFALO WY CLIMATE NORMALS FOR TODAY
                         NORMAL    RECORD    YEAR
 MAXIMUM TEMPERATURE (F)   86       101      2006
 MINIMUM TEMPERATURE (F)   58        46      2009


SUNRISE AND SUNSET
JULY 29 2016..........SUNRISE   551 AM MDT   SUNSET   835 PM MDT
JULY 30 2016..........SUNRISE   552 AM MDT   SUNSET   833 PM MDT


-  INDICATES NEGATIVE NUMBERS.
R  INDICATES RECORD WAS SET OR TIED.
MM INDICATES DATA IS MISSING.
T  INDICATES TRACE AMOUNT.




$$
