943
CDUS45 KRIW 210737
CLIBYG


CLIMATE REPORT
NATIONAL WEATHER SERVICE RIVERTON WY
135 AM MDT SAT OCT 21 2017


...................................

...THE BUFFALO WY CLIMATE SUMMARY FOR OCTOBER 20 2017...

CLIMATE NORMAL PERIOD 1981 TO 2010
CLIMATE RECORD PERIOD 1998 TO 2017


WEATHER ITEM   OBSERVED TIME   RECORD YEAR NORMAL DEPARTURE LAST
                VALUE   (LST)  VALUE       VALUE  FROM      YEAR
                                                  NORMAL
..................................................................
TEMPERATURE (F)
 YESTERDAY
  MAXIMUM         76   1207 PM  79    2014  56     20       58
  MINIMUM         43   1155 PM  28    2016  33     10       28
  AVERAGE         60                        45     15       43

PRECIPITATION (IN)
  YESTERDAY        0.00          0.75 2007   0.02  -0.02     0.00
  MONTH TO DATE    0.24                      0.75  -0.51     1.56
  SINCE SEP 1      2.03                      2.06  -0.03     4.80
  SINCE JAN 1     13.93                     12.33   1.60    11.12

DEGREE DAYS
 HEATING
  YESTERDAY        5                        20    -15       22
  MONTH TO DATE  288                       348    -60      317
  SINCE SEP 1    565                       597    -32      489
  SINCE JUL 1    587                       662    -75      528

 COOLING
  YESTERDAY        0                         0      0        0
  MONTH TO DATE    0                         0      0        2
  SINCE SEP 1     90                        45     45       38
  SINCE JAN 1    622                       491    131      632
..................................................................


WIND (MPH)
  HIGHEST WIND SPEED    41   HIGHEST WIND DIRECTION    SW (240)
  HIGHEST GUST SPEED    51   HIGHEST GUST DIRECTION    SW (240)
  AVERAGE WIND SPEED    16.4


SKY COVER
  POSSIBLE SUNSHINE  MM
  AVERAGE SKY COVER 0.0


WEATHER CONDITIONS
 THE FOLLOWING WEATHER WAS RECORDED YESTERDAY.
  NO SIGNIFICANT WEATHER WAS OBSERVED.


RELATIVE HUMIDITY (PERCENT)
 HIGHEST    49           900 PM
 LOWEST     11           100 AM
 AVERAGE    30

..........................................................


THE BUFFALO WY CLIMATE NORMALS FOR TODAY
                         NORMAL    RECORD    YEAR
 MAXIMUM TEMPERATURE (F)   56        78      2003
 MINIMUM TEMPERATURE (F)   33        26      2006


SUNRISE AND SUNSET
OCTOBER 21 2017.......SUNRISE   730 AM MDT   SUNSET   612 PM MDT
OCTOBER 22 2017.......SUNRISE   731 AM MDT   SUNSET   611 PM MDT


-  INDICATES NEGATIVE NUMBERS.
R  INDICATES RECORD WAS SET OR TIED.
MM INDICATES DATA IS MISSING.
T  INDICATES TRACE AMOUNT.




$$
