000
CDUS45 KRIW 010736
CLIBYG


CLIMATE REPORT
NATIONAL WEATHER SERVICE RIVERTON WY
134 AM MDT FRI AUG 1 2014


...................................

...THE BUFFALO WY CLIMATE SUMMARY FOR JULY 31 2014...

CLIMATE NORMAL PERIOD 1981 TO 2010
CLIMATE RECORD PERIOD 1998 TO 2014


WEATHER ITEM   OBSERVED TIME   RECORD YEAR NORMAL DEPARTURE LAST
                VALUE   (LST)  VALUE       VALUE  FROM      YEAR
                                                  NORMAL
..................................................................
TEMPERATURE (F)
 YESTERDAY
  MAXIMUM         87    129 PM  94    2007  86      1       86
  MINIMUM         58    429 AM  51    2013  58      0       51
                                      2009
  AVERAGE         73                        72      1       69

PRECIPITATION (IN)
  YESTERDAY        0.00          0.02 2013   0.06  -0.06     0.02
  MONTH TO DATE    0.94                      1.66  -0.72     0.11
  SINCE JUN 1      3.85                      3.94  -0.09     1.06
  SINCE JAN 1      7.61                      9.46  -1.85     4.19

DEGREE DAYS
 HEATING
  YESTERDAY        0                         1     -1        0
  MONTH TO DATE   11                        34    -23        1
  SINCE JUN 1    217                       188     29      101
  SINCE JUL 1     11                        25    -14        1

 COOLING
  YESTERDAY        8                         8      0        4
  MONTH TO DATE  189                       203    -14      258
  SINCE JUN 1    194                       254    -60      335
  SINCE JAN 1    205                       261    -56      345
..................................................................


WIND (MPH)
  HIGHEST WIND SPEED    26   HIGHEST WIND DIRECTION    SW (220)
  HIGHEST GUST SPEED    35   HIGHEST GUST DIRECTION    SW (210)
  AVERAGE WIND SPEED     8.8


SKY COVER
  POSSIBLE SUNSHINE  MM
  AVERAGE SKY COVER 0.0


WEATHER CONDITIONS
 THE FOLLOWING WEATHER WAS RECORDED YESTERDAY.
  THUNDERSTORM


RELATIVE HUMIDITY (PERCENT)
 HIGHEST    39          1200 AM
 LOWEST     12          1200 PM
 AVERAGE    26

..........................................................


THE BUFFALO WY CLIMATE NORMALS FOR TODAY
                         NORMAL    RECORD    YEAR
 MAXIMUM TEMPERATURE (F)   86       101      2008
 MINIMUM TEMPERATURE (F)   58        46      2009


SUNRISE AND SUNSET
AUGUST  1 2014........SUNRISE   554 AM MDT   SUNSET   832 PM MDT
AUGUST  2 2014........SUNRISE   555 AM MDT   SUNSET   830 PM MDT


-  INDICATES NEGATIVE NUMBERS.
R  INDICATES RECORD WAS SET OR TIED.
MM INDICATES DATA IS MISSING.
T  INDICATES TRACE AMOUNT.




$$
