000
CDUS45 KRIW 220730
CLIBYG


CLIMATE REPORT
NATIONAL WEATHER SERVICE RIVERTON WY
129 AM MDT THU JUN 22 2017


...................................

...THE BUFFALO WY CLIMATE SUMMARY FOR JUNE 21 2017...

CLIMATE NORMAL PERIOD 1981 TO 2010
CLIMATE RECORD PERIOD 1998 TO 2017


WEATHER ITEM   OBSERVED TIME   RECORD YEAR NORMAL DEPARTURE LAST
                VALUE   (LST)  VALUE       VALUE  FROM      YEAR
                                                  NORMAL
..................................................................
TEMPERATURE (F)
 YESTERDAY
  MAXIMUM         80    454 PM 100    2016  77      3      100
  MINIMUM         60   1150 PM  43    2000  50     10       60
  AVERAGE         70                        63      7       80

PRECIPITATION (IN)
  YESTERDAY        0.00          0.10 2014   0.07  -0.07     0.00
  MONTH TO DATE    1.13                      1.71  -0.58     0.20
  SINCE JUN 1      1.13                      1.71  -0.58     0.20
  SINCE JAN 1      9.41                      7.23   2.18     5.12

DEGREE DAYS
 HEATING
  YESTERDAY        0                         4     -4        0
  MONTH TO DATE   51                       137    -86       12
  SINCE JUN 1     51                       137    -86       12
  SINCE JUL 1   6490                      7391   -901     5911

 COOLING
  YESTERDAY        5                         2      3       15
  MONTH TO DATE   42                        24     18       79
  SINCE JUN 1     42                        24     18       79
  SINCE JAN 1     53                        31     22       84
..................................................................


WIND (MPH)
  HIGHEST WIND SPEED    26   HIGHEST WIND DIRECTION    NW (330)
  HIGHEST GUST SPEED    37   HIGHEST GUST DIRECTION     N (340)
  AVERAGE WIND SPEED     9.1


SKY COVER
  POSSIBLE SUNSHINE  MM
  AVERAGE SKY COVER 0.0


WEATHER CONDITIONS
 THE FOLLOWING WEATHER WAS RECORDED YESTERDAY.
  NO SIGNIFICANT WEATHER WAS OBSERVED.


RELATIVE HUMIDITY (PERCENT)
 HIGHEST    65           100 AM
 LOWEST     36           200 PM
 AVERAGE    51

..........................................................


THE BUFFALO WY CLIMATE NORMALS FOR TODAY
                         NORMAL    RECORD    YEAR
 MAXIMUM TEMPERATURE (F)   77        94      2001
 MINIMUM TEMPERATURE (F)   51        44      2004


SUNRISE AND SUNSET
JUNE 22 2017..........SUNRISE   523 AM MDT   SUNSET   855 PM MDT
JUNE 23 2017..........SUNRISE   523 AM MDT   SUNSET   855 PM MDT


-  INDICATES NEGATIVE NUMBERS.
R  INDICATES RECORD WAS SET OR TIED.
MM INDICATES DATA IS MISSING.
T  INDICATES TRACE AMOUNT.




$$
