000
CDUS45 KPIH 090740
CLIBYI


CLIMATE REPORT
NATIONAL WEATHER SERVICE POCATELLO ID
1237 AM MST FRI DEC 9 2016


...................................

...THE BURLEY ID CLIMATE SUMMARY FOR DECEMBER 8 2016...

CLIMATE NORMAL PERIOD 1981 TO 2010
CLIMATE RECORD PERIOD 1948 TO 2016


WEATHER ITEM   OBSERVED TIME   RECORD YEAR NORMAL DEPARTURE LAST
                VALUE   (LST)  VALUE       VALUE  FROM      YEAR
                                                  NORMAL
..................................................................
TEMPERATURE (F)
 YESTERDAY
  MAXIMUM         23   1159 PM  60    1976  36    -13       52
  MINIMUM          6   1253 AM  -9    1972  19    -13       35
  AVERAGE         15                        27    -12       44

PRECIPITATION (IN)
  YESTERDAY        0.06          0.73 2004   0.03   0.03      T
  MONTH TO DATE    0.16                      0.30  -0.14     0.30
  SINCE OCT 1      3.42                      2.00   1.42     2.25
  SINCE JAN 1     12.12                      9.31   2.81     9.12

SNOWFALL (IN)
  YESTERDAY       MM
  MONTH TO DATE   MM
  SINCE DEC 1     MM
  SINCE JUL 1     MM
  SNOW DEPTH      MM

DEGREE DAYS
 HEATING
  YESTERDAY       50                        38     12       21
  MONTH TO DATE  327                       294     33      294
  SINCE DEC 1    327                       294     33      294
  SINCE JUL 1   1725                      1982   -257     1715

 COOLING
  YESTERDAY        0                         0      0        0
  MONTH TO DATE    0                         0      0        0
  SINCE DEC 1      0                         0      0        0
  SINCE JAN 1    353                       365    -12      472
..................................................................


WIND (MPH)
  HIGHEST WIND SPEED    20   HIGHEST WIND DIRECTION    NE (60)
  HIGHEST GUST SPEED    24   HIGHEST GUST DIRECTION    NE (60)
  AVERAGE WIND SPEED    12.2


SKY COVER
  POSSIBLE SUNSHINE  MM
  AVERAGE SKY COVER 0.6


WEATHER CONDITIONS
 THE FOLLOWING WEATHER WAS RECORDED YESTERDAY.
  SNOW
  LIGHT SNOW
  FOG


RELATIVE HUMIDITY (PERCENT)
 HIGHEST    96          1000 PM
 LOWEST     76           700 AM
 AVERAGE    86

..........................................................


THE BURLEY ID CLIMATE NORMALS FOR TODAY
                         NORMAL    RECORD    YEAR
 MAXIMUM TEMPERATURE (F)   35        60      2015
                                             1990
 MINIMUM TEMPERATURE (F)   19       -19      1972


SUNRISE AND SUNSET
DECEMBER  9 2016......SUNRISE   753 AM MST   SUNSET   502 PM MST
DECEMBER 10 2016......SUNRISE   754 AM MST   SUNSET   502 PM MST


-  INDICATES NEGATIVE NUMBERS.
R  INDICATES RECORD WAS SET OR TIED.
MM INDICATES DATA IS MISSING.
T  INDICATES TRACE AMOUNT.




$$
