000
CDUS45 KPIH 302334
CLIBYI


CLIMATE REPORT
NATIONAL WEATHER SERVICE POCATELLO ID
531 PM MDT THU OCT 30 2014


...................................

...THE BURLEY ID CLIMATE SUMMARY FOR OCTOBER 30 2014...
VALID TODAY AS OF 0500 PM LOCAL TIME.

CLIMATE NORMAL PERIOD 1981 TO 2010
CLIMATE RECORD PERIOD 1948 TO 2014


WEATHER ITEM   OBSERVED TIME   RECORD YEAR NORMAL DEPARTURE LAST
                VALUE   (LST)  VALUE       VALUE  FROM      YEAR
                                                  NORMAL
..................................................................
TEMPERATURE (F)
 TODAY
  MAXIMUM         73R   357 PM  73    1990  55     18       45
  MINIMUM         31    658 AM  14    1972  31      0       35
  AVERAGE         52                        43      9       40

PRECIPITATION (IN)
  TODAY            0.00          0.67 1964   0.03  -0.03      T
  MONTH TO DATE    0.12                      0.73  -0.61     0.25
  SINCE OCT 1      0.12                      0.73  -0.61     0.25
  SINCE JAN 1     10.04                      8.04   2.00     4.33

SNOWFALL (IN)
  TODAY           MM
  MONTH TO DATE   MM
  SINCE SEP 1     MM
  SINCE JUL 1     MM
  SNOW DEPTH      MM

DEGREE DAYS
 HEATING
  TODAY           13                        22     -9       25
  MONTH TO DATE  366                       516   -150      585
  SINCE SEP 1    491                       729   -238      728
  SINCE JUL 1    521                       786   -265      728

 COOLING
  TODAY            0                         0      0        0
  MONTH TO DATE    0                         0      0        0
  SINCE SEP 1     27                        21      6       54
  SINCE JAN 1    428                       365     63      642
..................................................................


WIND (MPH)
  HIGHEST WIND SPEED    14   HIGHEST WIND DIRECTION    NE (50)
  HIGHEST GUST SPEED    17   HIGHEST GUST DIRECTION    NE (50)
  AVERAGE WIND SPEED     4.6


SKY COVER
  POSSIBLE SUNSHINE  MM
  AVERAGE SKY COVER 0.1


WEATHER CONDITIONS
 THE FOLLOWING WEATHER WAS RECORDED TODAY.
  NO SIGNIFICANT WEATHER WAS OBSERVED.


RELATIVE HUMIDITY (PERCENT)
 HIGHEST    89           200 AM
 LOWEST     20           400 PM
 AVERAGE    55

..........................................................


THE BURLEY ID CLIMATE NORMALS FOR TOMORROW
                         NORMAL    RECORD    YEAR
 MAXIMUM TEMPERATURE (F)   54        76      2012
 MINIMUM TEMPERATURE (F)   31        11      2002


SUNRISE AND SUNSET
OCTOBER 30 2014.......SUNRISE   806 AM MDT   SUNSET   631 PM MDT
OCTOBER 31 2014.......SUNRISE   808 AM MDT   SUNSET   629 PM MDT


-  INDICATES NEGATIVE NUMBERS.
R  INDICATES RECORD WAS SET OR TIED.
MM INDICATES DATA IS MISSING.
T  INDICATES TRACE AMOUNT.




$$
