000
CDUS45 KPIH 060733
CLIBYI


CLIMATE REPORT
NATIONAL WEATHER SERVICE POCATELLO ID
1229 AM MST FRI MAR 6 2015


...................................

...THE BURLEY ID CLIMATE SUMMARY FOR MARCH 5 2015...

CLIMATE NORMAL PERIOD 1981 TO 2010
CLIMATE RECORD PERIOD 1948 TO 2015


WEATHER ITEM   OBSERVED TIME   RECORD YEAR NORMAL DEPARTURE LAST
                VALUE   (LST)  VALUE       VALUE  FROM      YEAR
                                                  NORMAL
..................................................................
TEMPERATURE (F)
 YESTERDAY
  MAXIMUM         54    425 PM  68    1968  47      7       61
  MINIMUM         18    629 AM   7    1954  26     -8       38
  AVERAGE         36                        36      0       50

PRECIPITATION (IN)
  YESTERDAY        0.00          0.23 1950   0.04  -0.04     0.00
  MONTH TO DATE    0.01                      0.17  -0.16     0.46
  SINCE OCT 1      3.11                      4.68  -1.57     2.91
  SINCE JAN 1      1.06                      1.85  -0.79     2.30

SNOWFALL (IN)
  YESTERDAY       MM
  MONTH TO DATE   MM
  SINCE MAR 1     MM
  SINCE JUL 1     MM
  SNOW DEPTH      MM

DEGREE DAYS
 HEATING
  YESTERDAY       29                        29      0       15
  MONTH TO DATE  162                       147     15       99
  SINCE MAR 1    162                       147     15       99
  SINCE JUL 1   4139                      5169  -1030     4794

 COOLING
  YESTERDAY        0                         0      0        0
  MONTH TO DATE    0                         0      0        0
  SINCE MAR 1      0                         0      0        0
  SINCE JAN 1      0                         0      0        0
..................................................................


WIND (MPH)
  HIGHEST WIND SPEED    14   HIGHEST WIND DIRECTION    SW (220)
  HIGHEST GUST SPEED    17   HIGHEST GUST DIRECTION     W (280)
  AVERAGE WIND SPEED     4.9


SKY COVER
  POSSIBLE SUNSHINE  MM
  AVERAGE SKY COVER 0.0


WEATHER CONDITIONS
 THE FOLLOWING WEATHER WAS RECORDED YESTERDAY.
  NO SIGNIFICANT WEATHER WAS OBSERVED.


RELATIVE HUMIDITY (PERCENT)
 HIGHEST    44           800 PM
 LOWEST     18           400 PM
 AVERAGE    31

..........................................................


THE BURLEY ID CLIMATE NORMALS FOR TODAY
                         NORMAL    RECORD    YEAR
 MAXIMUM TEMPERATURE (F)   47        64      1986
 MINIMUM TEMPERATURE (F)   26         7      1976


SUNRISE AND SUNSET
MARCH  6 2015.........SUNRISE   703 AM MST   SUNSET   631 PM MST
MARCH  7 2015.........SUNRISE   701 AM MST   SUNSET   632 PM MST


-  INDICATES NEGATIVE NUMBERS.
R  INDICATES RECORD WAS SET OR TIED.
MM INDICATES DATA IS MISSING.
T  INDICATES TRACE AMOUNT.




$$
