000
CDUS45 KPIH 280735
CLIBYI


CLIMATE REPORT
NATIONAL WEATHER SERVICE POCATELLO ID
133 AM MDT THU JUL 28 2016


...................................

...THE BURLEY ID CLIMATE SUMMARY FOR JULY 27 2016...

CLIMATE NORMAL PERIOD 1981 TO 2010
CLIMATE RECORD PERIOD 1948 TO 2016


WEATHER ITEM   OBSERVED TIME   RECORD YEAR NORMAL DEPARTURE LAST
                VALUE   (LST)  VALUE       VALUE  FROM      YEAR
                                                  NORMAL
..................................................................
TEMPERATURE (F)
 YESTERDAY
  MAXIMUM         95    512 PM 103    1999  87      8       69
  MINIMUM         52    500 AM  43    1963  55     -3       46
  AVERAGE         74                        71      3       58

PRECIPITATION (IN)
  YESTERDAY        0.00          0.07 2015   0.01  -0.01     0.07
  MONTH TO DATE    0.24                      0.26  -0.02     1.10
  SINCE OCT 1      8.17                      9.15  -0.98     8.32
  SINCE JAN 1      5.37                      6.32  -0.95     6.27

SNOWFALL (IN)
  YESTERDAY       MM
  MONTH TO DATE   MM
  SINCE JUN 1     MM
  SINCE JUL 1     MM
  SNOW DEPTH      MM

DEGREE DAYS
 HEATING
  YESTERDAY        0                         0      0        7
  MONTH TO DATE   26                        20      6        9
  SINCE JUN 1     76                       154    -78       35
  SINCE JUL 1     26                        20      6        9

 COOLING
  YESTERDAY        9                         6      3        0
  MONTH TO DATE   99                       136    -37      145
  SINCE JUN 1    199                       183     16      293
  SINCE JAN 1    203                       189     14      298
..................................................................


WIND (MPH)
  HIGHEST WIND SPEED    10   HIGHEST WIND DIRECTION     E (90)
  HIGHEST GUST SPEED    13   HIGHEST GUST DIRECTION     E (80)
  AVERAGE WIND SPEED     3.7


SKY COVER
  POSSIBLE SUNSHINE  MM
  AVERAGE SKY COVER 0.0


WEATHER CONDITIONS
 THE FOLLOWING WEATHER WAS RECORDED YESTERDAY.
  NO SIGNIFICANT WEATHER WAS OBSERVED.


RELATIVE HUMIDITY (PERCENT)
 HIGHEST    77           500 AM
 LOWEST     15           400 PM
 AVERAGE    46

..........................................................


THE BURLEY ID CLIMATE NORMALS FOR TODAY
                         NORMAL    RECORD    YEAR
 MAXIMUM TEMPERATURE (F)   87       102      1995
 MINIMUM TEMPERATURE (F)   55        41      2015


SUNRISE AND SUNSET
JULY 28 2016..........SUNRISE   624 AM MDT   SUNSET   859 PM MDT
JULY 29 2016..........SUNRISE   625 AM MDT   SUNSET   858 PM MDT


-  INDICATES NEGATIVE NUMBERS.
R  INDICATES RECORD WAS SET OR TIED.
MM INDICATES DATA IS MISSING.
T  INDICATES TRACE AMOUNT.




$$
