000
CDUS45 KPIH 260732
CLIBYI


CLIMATE REPORT
NATIONAL WEATHER SERVICE POCATELLO ID
131 AM MDT MON JUN 26 2017


...................................

...THE BURLEY ID CLIMATE SUMMARY FOR JUNE 25 2017...

CLIMATE NORMAL PERIOD 1981 TO 2010
CLIMATE RECORD PERIOD 1948 TO 2017


WEATHER ITEM   OBSERVED TIME   RECORD YEAR NORMAL DEPARTURE LAST
                VALUE   (LST)  VALUE       VALUE  FROM      YEAR
                                                  NORMAL
..................................................................
TEMPERATURE (F)
 YESTERDAY
  MAXIMUM         90    305 PM 101    1988  80     10       76
  MINIMUM         48    348 AM  31    1966  50     -2       43
  AVERAGE         69                        65      4       60

PRECIPITATION (IN)
  YESTERDAY        0.00          0.68 1992   0.01  -0.01     0.00
  MONTH TO DATE    0.72                      0.79  -0.07     0.03
  SINCE OCT 1     13.13                      8.81   4.32     7.93
  SINCE JAN 1      8.34                      5.98   2.36     5.13

SNOWFALL (IN)
  YESTERDAY       MM
  MONTH TO DATE   MM
  SINCE JUN 1     MM
  SINCE JUL 1     MM
  SNOW DEPTH      MM

DEGREE DAYS
 HEATING
  YESTERDAY        0                         3     -3        5
  MONTH TO DATE   72                       125    -53       50
  SINCE JUN 1     72                       125    -53       50
  SINCE JUL 1   6314                      6856   -542     5958

 COOLING
  YESTERDAY        4                         2      2        0
  MONTH TO DATE   53                        34     19       68
  SINCE JUN 1     53                        34     19       68
  SINCE JAN 1     58                        40     18       72
..................................................................


WIND (MPH)
  HIGHEST WIND SPEED    12   HIGHEST WIND DIRECTION     N (10)
  HIGHEST GUST SPEED    15   HIGHEST GUST DIRECTION     N (10)
  AVERAGE WIND SPEED     5.2


SKY COVER
  POSSIBLE SUNSHINE  MM
  AVERAGE SKY COVER 0.0


WEATHER CONDITIONS
 THE FOLLOWING WEATHER WAS RECORDED YESTERDAY.
  NO SIGNIFICANT WEATHER WAS OBSERVED.


RELATIVE HUMIDITY (PERCENT)
 HIGHEST    77           400 AM
 LOWEST     16           400 PM
 AVERAGE    47

..........................................................


THE BURLEY ID CLIMATE NORMALS FOR TODAY
                         NORMAL    RECORD    YEAR
 MAXIMUM TEMPERATURE (F)   80        98      1970
 MINIMUM TEMPERATURE (F)   50        34      1976


SUNRISE AND SUNSET
JUNE 26 2017..........SUNRISE   559 AM MDT   SUNSET   917 PM MDT
JUNE 27 2017..........SUNRISE   600 AM MDT   SUNSET   917 PM MDT


-  INDICATES NEGATIVE NUMBERS.
R  INDICATES RECORD WAS SET OR TIED.
MM INDICATES DATA IS MISSING.
T  INDICATES TRACE AMOUNT.




$$
