000
CDUS45 KPIH 050732
CLIBYI


CLIMATE REPORT
NATIONAL WEATHER SERVICE POCATELLO ID
132 AM MDT SUN JUL 5 2015


...................................

...THE BURLEY ID CLIMATE SUMMARY FOR JULY 4 2015...

CLIMATE NORMAL PERIOD 1981 TO 2010
CLIMATE RECORD PERIOD 1948 TO 2015


WEATHER ITEM   OBSERVED TIME   RECORD YEAR NORMAL DEPARTURE LAST
                VALUE   (LST)  VALUE       VALUE  FROM      YEAR
                                                  NORMAL
..................................................................
TEMPERATURE (F)
 YESTERDAY
  MAXIMUM         94    457 PM 101    1954  83     11       95
  MINIMUM         62    524 AM  39    1971  52     10       53
  AVERAGE         78                        67     11       74

PRECIPITATION (IN)
  YESTERDAY        0.00          0.11 1961   0.02  -0.02      T
  MONTH TO DATE    0.00                      0.05  -0.05      T
  SINCE OCT 1      7.22                      8.94  -1.72     7.37
  SINCE JAN 1      5.17                      6.11  -0.94     6.76

SNOWFALL (IN)
  YESTERDAY       MM
  MONTH TO DATE   MM
  SINCE JUN 1     MM
  SINCE JUL 1     MM
  SNOW DEPTH      MM

DEGREE DAYS
 HEATING
  YESTERDAY        0                         1     -1        0
  MONTH TO DATE    0                         6     -6        0
  SINCE JUN 1     26                       140   -114      104
  SINCE JUL 1      0                         6     -6        0

 COOLING
  YESTERDAY       13                         4      9        9
  MONTH TO DATE   52                        13     39       26
  SINCE JUN 1    200                        60    140       45
  SINCE JAN 1    205                        66    139       46
..................................................................


WIND (MPH)
  HIGHEST WIND SPEED    18   HIGHEST WIND DIRECTION     S (200)
  HIGHEST GUST SPEED    25   HIGHEST GUST DIRECTION     S (200)
  AVERAGE WIND SPEED     8.1


SKY COVER
  POSSIBLE SUNSHINE  MM
  AVERAGE SKY COVER 0.0


WEATHER CONDITIONS
 THE FOLLOWING WEATHER WAS RECORDED YESTERDAY.
  NO SIGNIFICANT WEATHER WAS OBSERVED.


RELATIVE HUMIDITY (PERCENT)
 HIGHEST    63           600 AM
 LOWEST     15           400 PM
 AVERAGE    39

..........................................................


THE BURLEY ID CLIMATE NORMALS FOR TODAY
                         NORMAL    RECORD    YEAR
 MAXIMUM TEMPERATURE (F)   83       101      1981
 MINIMUM TEMPERATURE (F)   52        39      1986


SUNRISE AND SUNSET
JULY  5 2015..........SUNRISE   604 AM MDT   SUNSET   915 PM MDT
JULY  6 2015..........SUNRISE   604 AM MDT   SUNSET   915 PM MDT


-  INDICATES NEGATIVE NUMBERS.
R  INDICATES RECORD WAS SET OR TIED.
MM INDICATES DATA IS MISSING.
T  INDICATES TRACE AMOUNT.




$$
