379
CDUS45 KTFX 210741
CLIBZN


CLIMATE REPORT
NATIONAL WEATHER SERVICE GREAT FALLS MT
140 AM MDT MON AUG 21 2017


...................................

...THE BOZEMAN/GALLATIN FIELD MT CLIMATE SUMMARY FOR AUGUST 20 2017...

CLIMATE NORMAL PERIOD 1981 TO 2010
CLIMATE RECORD PERIOD 1935 TO 2017


WEATHER ITEM   OBSERVED TIME   RECORD YEAR NORMAL DEPARTURE LAST
                VALUE   (LST)  VALUE       VALUE  FROM      YEAR
                                                  NORMAL
..................................................................
TEMPERATURE (F)
 YESTERDAY
  MAXIMUM         80    254 PM  98    1953  87     -7       80
  MINIMUM         47    530 AM  36    1938  49     -2       40
  AVERAGE         64                        68     -4       60

PRECIPITATION (IN)
  YESTERDAY        0.00          0.69 1965   0.03  -0.03     0.00
  MONTH TO DATE    0.12                      0.68  -0.56     1.11
  SINCE OCT 1     11.70                     12.48  -0.78    11.64
  SINCE JAN 1      8.37                     10.10  -1.73     8.79

SNOWFALL (IN)
  YESTERDAY        0.0           0.0  1999   0.0    0.0      0.0
                                      1994
  MONTH TO DATE    0.0                       0.0    0.0      0.0
  SINCE JUN 1      0.0                       0.0    0.0      0.0
  SINCE JUL 1      0.0                       0.0    0.0      0.0
  SNOW DEPTH       0

DEGREE DAYS
 HEATING
  YESTERDAY        1                         1      0        5
  MONTH TO DATE    7                        14     -7       26
  SINCE JUN 1    171                       183    -12      167
  SINCE JUL 1      7                        42    -35       68

 COOLING
  YESTERDAY        0                         4     -4        0
  MONTH TO DATE   33                       106    -73       36
  SINCE JUN 1    254                       310    -56      206
  SINCE JAN 1    254                       314    -60      206
..................................................................


WIND (MPH)
  HIGHEST WIND SPEED    14   HIGHEST WIND DIRECTION    SW (220)
  HIGHEST GUST SPEED    16   HIGHEST GUST DIRECTION     N (20)
  AVERAGE WIND SPEED     4.6


SKY COVER
  AVERAGE SKY COVER 0.0


WEATHER CONDITIONS
 THE FOLLOWING WEATHER WAS RECORDED YESTERDAY.
  HAZE


RELATIVE HUMIDITY (PERCENT)
 HIGHEST    66
 LOWEST     15
 AVERAGE    41

..........................................................


THE BOZEMAN/GALLATIN FIELD MT CLIMATE NORMALS FOR TODAY
                         NORMAL    RECORD    YEAR
 MAXIMUM TEMPERATURE (F)   86        98      2010
 MINIMUM TEMPERATURE (F)   48        35      1945


SUNRISE AND SUNSET
AUGUST 21 2017........SUNRISE   632 AM MDT   SUNSET   822 PM MDT
AUGUST 22 2017........SUNRISE   634 AM MDT   SUNSET   820 PM MDT


-  INDICATES NEGATIVE NUMBERS.
R  INDICATES RECORD WAS SET OR TIED.
MM INDICATES DATA IS MISSING.
T  INDICATES TRACE AMOUNT.




$$
