000
CDUS45 KTFX 230845
CLIBZN


CLIMATE REPORT
NATIONAL WEATHER SERVICE GREAT FALLS MT
245 AM MDT THU MAR 23 2017


...................................

...THE BOZEMAN/GALLATIN FIELD MT CLIMATE SUMMARY FOR MARCH 22 2017...

CLIMATE NORMAL PERIOD 1981 TO 2010
CLIMATE RECORD PERIOD 1935 TO 2017


WEATHER ITEM   OBSERVED TIME   RECORD YEAR NORMAL DEPARTURE LAST
                VALUE   (LST)  VALUE       VALUE  FROM      YEAR
                                                  NORMAL
..................................................................
TEMPERATURE (F)
 YESTERDAY
  MAXIMUM         60    136 PM  72    1972  52      8       38
  MINIMUM         32    637 AM  -2    1943  25      7       26
  AVERAGE         46                        39      7       32

PRECIPITATION (IN)
  YESTERDAY        0.06          0.26 1965   0.03   0.03     0.24
  MONTH TO DATE    0.83                      0.59   0.24     0.44
  SINCE OCT 1      4.73                      3.88   0.85     3.88
  SINCE JAN 1      1.40                      1.50  -0.10     1.03

SNOWFALL (IN)
  YESTERDAY        0.0           5.0  1965   0.3   -0.3       T
  MONTH TO DATE    1.8                       5.3   -3.5       T
  SINCE MAR 1      1.8                       5.3   -3.5       T
  SINCE JUL 1     41.0                      27.6   13.4     23.6
  SNOW DEPTH       0

DEGREE DAYS
 HEATING
  YESTERDAY       19                        26     -7       33
  MONTH TO DATE  521                       660   -139      591
  SINCE MAR 1    521                       660   -139      591
  SINCE JUL 1   6714                      6240    474     6276

 COOLING
  YESTERDAY        0                         0      0        0
  MONTH TO DATE    0                         0      0        0
  SINCE MAR 1      0                         0      0        0
  SINCE JAN 1      0                         0      0        0
..................................................................


WIND (MPH)
  HIGHEST WIND SPEED    15   HIGHEST WIND DIRECTION    NW (310)
  HIGHEST GUST SPEED    19   HIGHEST GUST DIRECTION    NW (330)
  AVERAGE WIND SPEED     6.1


SKY COVER
  AVERAGE SKY COVER 0.4


WEATHER CONDITIONS
 THE FOLLOWING WEATHER WAS RECORDED YESTERDAY.
  RAIN
  LIGHT RAIN
  FOG


RELATIVE HUMIDITY (PERCENT)
 HIGHEST   100
 LOWEST     43
 AVERAGE    72

..........................................................


THE BOZEMAN/GALLATIN FIELD MT CLIMATE NORMALS FOR TODAY
                         NORMAL    RECORD    YEAR
 MAXIMUM TEMPERATURE (F)   52        72      2004
 MINIMUM TEMPERATURE (F)   26       -13      1965


SUNRISE AND SUNSET
MARCH 23 2017.........SUNRISE   721 AM MDT   SUNSET   742 PM MDT
MARCH 24 2017.........SUNRISE   719 AM MDT   SUNSET   743 PM MDT


-  INDICATES NEGATIVE NUMBERS.
R  INDICATES RECORD WAS SET OR TIED.
MM INDICATES DATA IS MISSING.
T  INDICATES TRACE AMOUNT.




$$
