000
CDUS45 KTFX 281011
CLIBZN


CLIMATE REPORT
NATIONAL WEATHER SERVICE GREAT FALLS MT
310 AM MST WED JAN 28 2015


...................................

...THE BOZEMAN/GALLATIN FIELD MT CLIMATE SUMMARY FOR JANUARY 27 2015...

CLIMATE NORMAL PERIOD 1981 TO 2010
CLIMATE RECORD PERIOD 1935 TO 2015


WEATHER ITEM   OBSERVED TIME   RECORD YEAR NORMAL DEPARTURE
                VALUE   (LST)  VALUE       VALUE  FROM
                                                  NORMAL
...............................................................
TEMPERATURE (F)
 YESTERDAY
  MAXIMUM         44   1207 PM  54    1987  37      7
  MINIMUM         23    745 AM -39    1957  12     11
  AVERAGE         34                        25      9

PRECIPITATION (IN)
  YESTERDAY        0.00          0.41 1995   0.01  -0.01
  MONTH TO DATE    0.22                      0.42  -0.20
  SINCE OCT 1      2.15                      2.80  -0.65
  SINCE JAN 1      0.22                      0.42  -0.20

SNOWFALL (IN)
  YESTERDAY        0.0           5.9  1949   0.1   -0.1
  MONTH TO DATE    4.8                       3.4    1.4
  SINCE DEC 1     12.9                       9.4    3.5
  SINCE JUL 1     28.5                      16.8   11.7
  SNOW DEPTH       0

DEGREE DAYS
 HEATING
  YESTERDAY       31                               -9
  MONTH TO DATE 1122                               -5
  SINCE DEC 1   2411                              -70
  SINCE JUL 1   4538                              176

 COOLING
  YESTERDAY        0                                0
  MONTH TO DATE    0                                0
  SINCE DEC 1      0                                0
  SINCE JAN 1      0                                0
...............................................................


WIND (MPH)
  HIGHEST WIND SPEED    10   HIGHEST WIND DIRECTION     S (160)
  HIGHEST GUST SPEED    12   HIGHEST GUST DIRECTION     S (160)
  AVERAGE WIND SPEED     2.5



WEATHER CONDITIONS
 THE FOLLOWING WEATHER WAS RECORDED YESTERDAY.
  FOG


RELATIVE HUMIDITY (PERCENT)
 HIGHEST    92
 LOWEST     62
 AVERAGE    77

..........................................................


THE BOZEMAN/GALLATIN FIELD MT CLIMATE NORMALS FOR TODAY
                         NORMAL    RECORD    YEAR
 MAXIMUM TEMPERATURE (F)   37        53      1967
 MINIMUM TEMPERATURE (F)   13       -38      1951


SUNRISE AND SUNSET
JANUARY 28 2015.......SUNRISE   751 AM MST   SUNSET   525 PM MST
JANUARY 29 2015.......SUNRISE   750 AM MST   SUNSET   526 PM MST


-  INDICATES NEGATIVE NUMBERS.
R  INDICATES RECORD WAS SET OR TIED.
MM INDICATES DATA IS MISSING.
T  INDICATES TRACE AMOUNT.




$$
