000
CDUS45 KTFX 290909
CLIBZN


CLIMATE REPORT
NATIONAL WEATHER SERVICE GREAT FALLS MT
307 AM MDT SAT APR 29 2017


...................................

...THE BOZEMAN/GALLATIN FIELD MT CLIMATE SUMMARY FOR APRIL 28 2017...

CLIMATE NORMAL PERIOD 1981 TO 2010
CLIMATE RECORD PERIOD 1935 TO 2017


WEATHER ITEM   OBSERVED TIME   RECORD YEAR NORMAL DEPARTURE LAST
                VALUE   (LST)  VALUE       VALUE  FROM      YEAR
                                                  NORMAL
..................................................................
TEMPERATURE (F)
 YESTERDAY
  MAXIMUM         47    131 PM  83    2007  63    -16       47
  MINIMUM         34   1159 PM  17    1984  34      0       33
  AVERAGE         41                        48     -7       40

PRECIPITATION (IN)
  YESTERDAY        0.01          0.66 1990   0.06  -0.05     0.10
  MONTH TO DATE    1.97                      1.47   0.50     0.84
  SINCE OCT 1      7.15                      5.70   1.45     5.24
  SINCE JAN 1      3.82                      3.32   0.50     2.39

SNOWFALL (IN)
  YESTERDAY        0.0           3.8  1990   0.2   -0.2       T
  MONTH TO DATE    2.5                       7.2   -4.7       T
  SINCE MAR 1      4.3                      14.9  -10.6      2.1
  SINCE JUL 1     43.5                      37.2    6.3     25.7
  SNOW DEPTH       0

DEGREE DAYS
 HEATING
  YESTERDAY       24                        17      7       25
  MONTH TO DATE  612                       566     46      506
  SINCE MAR 1   1326                      1450   -124     1331
  SINCE JUL 1   7519                      7030    489     7016

 COOLING
  YESTERDAY        0                         0      0        0
  MONTH TO DATE    0                         0      0        0
  SINCE MAR 1      0                         0      0        0
  SINCE JAN 1      0                         0      0        0
..................................................................


WIND (MPH)
  HIGHEST WIND SPEED    21   HIGHEST WIND DIRECTION     N (350)
  HIGHEST GUST SPEED    24   HIGHEST GUST DIRECTION     N (350)
  AVERAGE WIND SPEED     9.0


SKY COVER
  AVERAGE SKY COVER 1.0


WEATHER CONDITIONS
 THE FOLLOWING WEATHER WAS RECORDED YESTERDAY.
  LIGHT RAIN
  LIGHT SNOW
  HAZE


RELATIVE HUMIDITY (PERCENT)
 HIGHEST    92
 LOWEST     58
 AVERAGE    75

..........................................................


THE BOZEMAN/GALLATIN FIELD MT CLIMATE NORMALS FOR TODAY
                         NORMAL    RECORD    YEAR
 MAXIMUM TEMPERATURE (F)   63        82      2007
                                             1992
 MINIMUM TEMPERATURE (F)   34        15      2005


SUNRISE AND SUNSET
APRIL 29 2017.........SUNRISE   615 AM MDT   SUNSET   830 PM MDT
APRIL 30 2017.........SUNRISE   613 AM MDT   SUNSET   831 PM MDT


-  INDICATES NEGATIVE NUMBERS.
R  INDICATES RECORD WAS SET OR TIED.
MM INDICATES DATA IS MISSING.
T  INDICATES TRACE AMOUNT.




$$
