000
CDUS45 KTFX 211021
CLIBZN


CLIMATE REPORT
NATIONAL WEATHER SERVICE GREAT FALLS MT
417 AM MDT TUE OCT 21 2014


...................................

...THE BOZEMAN/GALLATIN FIELD MT CLIMATE SUMMARY FOR OCTOBER 20 2014...

CLIMATE NORMAL PERIOD 1981 TO 2010
CLIMATE RECORD PERIOD 1935 TO 2014


WEATHER ITEM   OBSERVED TIME   RECORD YEAR NORMAL DEPARTURE
                VALUE   (LST)  VALUE       VALUE  FROM
                                                  NORMAL
...............................................................
TEMPERATURE (F)
 YESTERDAY
  MAXIMUM         77    228 PM  79    2003  60     17
  MINIMUM         29    602 AM  14    1938  29      0
  AVERAGE         53                        44      9

PRECIPITATION (IN)
  YESTERDAY        0.00          0.17 1979   0.04  -0.04
  MONTH TO DATE    0.21                      0.77  -0.56
  SINCE OCT 1      0.21                      0.77  -0.56
  SINCE JAN 1     13.82                     12.38   1.44

SNOWFALL (IN)
  YESTERDAY        0.0           0.8  1981   0.0    0.0
  MONTH TO DATE    0.0                       1.0   -1.0
  SINCE SEP 1      T                         1.3   -1.3
  SINCE JUL 1      T                         1.3   -1.3
  SNOW DEPTH       0

DEGREE DAYS
 HEATING
  YESTERDAY       12                               -8
  MONTH TO DATE  318                              -23
  SINCE SEP 1    623                               44
  SINCE JUL 1    709                               63

 COOLING
  YESTERDAY        0                                0
  MONTH TO DATE    0                                0
  SINCE SEP 1      5                              -17
  SINCE JAN 1    187                             -181
...............................................................


WIND (MPH)
  HIGHEST WIND SPEED    15   HIGHEST WIND DIRECTION    SE (150)
  HIGHEST GUST SPEED    16   HIGHEST GUST DIRECTION    SE (150)
  AVERAGE WIND SPEED     5.2



WEATHER CONDITIONS
 THE FOLLOWING WEATHER WAS RECORDED YESTERDAY.
  NO SIGNIFICANT WEATHER WAS OBSERVED.


RELATIVE HUMIDITY (PERCENT)
 HIGHEST    85
 LOWEST     21
 AVERAGE    53

..........................................................


THE BOZEMAN/GALLATIN FIELD MT CLIMATE NORMALS FOR TODAY
                         NORMAL    RECORD    YEAR
 MAXIMUM TEMPERATURE (F)   59        79      2003
 MINIMUM TEMPERATURE (F)   29         5      1996


SUNRISE AND SUNSET
OCTOBER 21 2014.......SUNRISE   749 AM MDT   SUNSET   628 PM MDT
OCTOBER 22 2014.......SUNRISE   751 AM MDT   SUNSET   627 PM MDT


-  INDICATES NEGATIVE NUMBERS.
R  INDICATES RECORD WAS SET OR TIED.
MM INDICATES DATA IS MISSING.
T  INDICATES TRACE AMOUNT.




$$
