265
CDUS45 KTFX 162230
CLIBZN


CLIMATE REPORT
NATIONAL WEATHER SERVICE GREAT FALLS MT
430 PM MDT MON OCT 16 2017


...................................

...THE BOZEMAN/GALLATIN FIELD MT CLIMATE SUMMARY FOR OCTOBER 16 2017...
VALID TODAY AS OF 0400 PM LOCAL TIME.

CLIMATE NORMAL PERIOD 1981 TO 2010
CLIMATE RECORD PERIOD 1935 TO 2017


WEATHER ITEM   OBSERVED TIME   RECORD YEAR NORMAL DEPARTURE LAST
                VALUE   (LST)  VALUE       VALUE  FROM      YEAR
                                                  NORMAL
..................................................................
TEMPERATURE (F)
 TODAY
  MAXIMUM         69    258 PM  80    1991  61      8       59
  MINIMUM         29    256 AM  18    1999  31     -2       38
  AVERAGE         49                        46      3       49

PRECIPITATION (IN)
  TODAY            0.00          1.15 2006   0.03  -0.03     0.14
  MONTH TO DATE    0.30                      0.63  -0.33     1.45
  SINCE OCT 1      0.30                      0.63  -0.33     1.45
  SINCE JAN 1     10.40                     12.24  -1.84    11.34

SNOWFALL (IN)
  TODAY            0.0           1.2  1994   0.1   -0.1      0.0
  MONTH TO DATE    0.2                       0.8   -0.6      3.0
  SINCE SEP 1      0.2                       1.1   -0.9      3.0
  SINCE JUL 1      0.2                       1.1   -0.9      3.0

DEGREE DAYS
 HEATING
  TODAY           16                        19     -3       16
  MONTH TO DATE  370                       262    108      297
  SINCE SEP 1    688                       500    188      604
  SINCE JUL 1    699                       567    132      713

 COOLING
  TODAY            0                         0      0        0
  MONTH TO DATE    0                         0      0        0
  SINCE SEP 1     27                        22      5       10
  SINCE JAN 1    327                       368    -41      232
..................................................................


WIND (MPH)
  HIGHEST WIND SPEED     9   HIGHEST WIND DIRECTION     S (180)
  HIGHEST GUST SPEED    11   HIGHEST GUST DIRECTION     S (190)
  AVERAGE WIND SPEED     2.7


SKY COVER
  AVERAGE SKY COVER 0.0


WEATHER CONDITIONS
 THE FOLLOWING WEATHER WAS RECORDED TODAY.
  NO SIGNIFICANT WEATHER WAS OBSERVED.


RELATIVE HUMIDITY (PERCENT)
 HIGHEST    92           300 AM
 LOWEST     16           300 PM
 AVERAGE    54

..........................................................


THE BOZEMAN/GALLATIN FIELD MT CLIMATE NORMALS FOR TOMORROW
                         NORMAL    RECORD    YEAR
 MAXIMUM TEMPERATURE (F)   61        80      2003
 MINIMUM TEMPERATURE (F)   30        12      1948


SUNRISE AND SUNSET
OCTOBER 16 2017.......SUNRISE   743 AM MDT   SUNSET   636 PM MDT
OCTOBER 17 2017.......SUNRISE   744 AM MDT   SUNSET   635 PM MDT


-  INDICATES NEGATIVE NUMBERS.
R  INDICATES RECORD WAS SET OR TIED.
MM INDICATES DATA IS MISSING.
T  INDICATES TRACE AMOUNT.




$$
