000
CDUS45 KTFX 010940
CLIBZN


CLIMATE REPORT
NATIONAL WEATHER SERVICE GREAT FALLS MT
339 AM MDT MON SEP 1 2014


...................................

...THE BOZEMAN/GALLATIN FIELD MT CLIMATE SUMMARY FOR AUGUST 31 2014...

CLIMATE NORMAL PERIOD 1981 TO 2010
CLIMATE RECORD PERIOD 1935 TO 2014


WEATHER ITEM   OBSERVED TIME   RECORD YEAR NORMAL DEPARTURE
                VALUE   (LST)  VALUE       VALUE  FROM
                                                  NORMAL
...............................................................
TEMPERATURE (F)
 YESTERDAY
  MAXIMUM         68    242 PM  97    1991  82    -14
  MINIMUM         49    958 PM  32    1993  46      3
  AVERAGE         59                        64     -5

PRECIPITATION (IN)
  YESTERDAY        0.00          0.93 1973   0.04  -0.04
  MONTH TO DATE    2.93                      1.08   1.85
  SINCE OCT 1     13.36                     12.88   0.48
  SINCE JAN 1     12.31                     10.50   1.81

SNOWFALL (IN)
  YESTERDAY        0.0           0.0  1999   0.0    0.0
                                      1994
  MONTH TO DATE    0.0                       T      0.0
  SINCE JUN 1      0.0                       T      0.0
  SINCE JUL 1      0.0                       T      0.0
  SNOW DEPTH       0

DEGREE DAYS
 HEATING
  YESTERDAY        6                                3
  MONTH TO DATE   73                               34
  SINCE JUN 1    322                              114
  SINCE JUL 1     86                               19

 COOLING
  YESTERDAY        0                               -2
  MONTH TO DATE   59                              -79
  SINCE JUN 1    182                             -160
  SINCE JAN 1    182                             -164
...............................................................


WIND (MPH)
  HIGHEST WIND SPEED    22   HIGHEST WIND DIRECTION     N (20)
  HIGHEST GUST SPEED    24   HIGHEST GUST DIRECTION     N (20)
  AVERAGE WIND SPEED     5.5



WEATHER CONDITIONS
 THE FOLLOWING WEATHER WAS RECORDED YESTERDAY.
  NO SIGNIFICANT WEATHER WAS OBSERVED.


RELATIVE HUMIDITY (PERCENT)
 HIGHEST    93
 LOWEST     42
 AVERAGE    68

..........................................................


THE BOZEMAN/GALLATIN FIELD MT CLIMATE NORMALS FOR TODAY
                         NORMAL    RECORD    YEAR
 MAXIMUM TEMPERATURE (F)   82        95      1983
 MINIMUM TEMPERATURE (F)   45        32      2006


SUNRISE AND SUNSET
SEPTEMBER  1 2014.....SUNRISE   646 AM MDT   SUNSET   802 PM MDT
SEPTEMBER  2 2014.....SUNRISE   647 AM MDT   SUNSET   801 PM MDT


-  INDICATES NEGATIVE NUMBERS.
R  INDICATES RECORD WAS SET OR TIED.
MM INDICATES DATA IS MISSING.
T  INDICATES TRACE AMOUNT.




$$
