000
CDUS45 KTFX 271036
CLIBZN


CLIMATE REPORT
NATIONAL WEATHER SERVICE GREAT FALLS MT
435 AM MDT WED MAY 27 2015


...................................

...THE BOZEMAN/GALLATIN FIELD MT CLIMATE SUMMARY FOR MAY 26 2015...

CLIMATE NORMAL PERIOD 1981 TO 2010
CLIMATE RECORD PERIOD 1935 TO 2015


WEATHER ITEM   OBSERVED TIME   RECORD YEAR NORMAL DEPARTURE LAST
                VALUE   (LST)  VALUE       VALUE  FROM      YEAR
                                                  NORMAL
..................................................................
TEMPERATURE (F)
 YESTERDAY
  MAXIMUM         69    506 PM  90    1969  71     -2       81
  MINIMUM         49    609 AM  23    1975  42      7       46
  AVERAGE         59                        56      3       64

PRECIPITATION (IN)
  YESTERDAY        0.17          0.50 1940   0.09   0.08      T
  MONTH TO DATE    2.37                      1.97   0.40     1.53
  SINCE OCT 1      6.93                      7.80  -0.87     5.96
  SINCE JAN 1      5.00                      5.42  -0.42     4.91

SNOWFALL (IN)
  YESTERDAY        0.0           T    1973   0.1   -0.1      0.0
                                      1995
  MONTH TO DATE    0.0                       2.3   -2.3       T
  SINCE MAR 1      7.0                      17.5  -10.5      7.3
  SINCE JUL 1     37.4                      39.8   -2.4     32.3
  SNOW DEPTH       0

DEGREE DAYS
 HEATING
  YESTERDAY        6                         9     -3        1
  MONTH TO DATE  403                       315     88      372
  SINCE MAR 1   1845                      1796     49     2015
  SINCE JUL 1   7427                      7376     51     8030

 COOLING
  YESTERDAY        0                         0      0        0
  MONTH TO DATE    0                         0      0        0
  SINCE MAR 1      0                         0      0        0
  SINCE JAN 1      0                         0      0        0
..................................................................


WIND (MPH)
  HIGHEST WIND SPEED    22   HIGHEST WIND DIRECTION     W (270)
  HIGHEST GUST SPEED    26   HIGHEST GUST DIRECTION     W (280)
  AVERAGE WIND SPEED     4.2


SKY COVER
  AVERAGE SKY COVER 0.6


WEATHER CONDITIONS
 THE FOLLOWING WEATHER WAS RECORDED YESTERDAY.
  RAIN
  LIGHT RAIN
  FOG


RELATIVE HUMIDITY (PERCENT)
 HIGHEST    93
 LOWEST     35
 AVERAGE    64

..........................................................


THE BOZEMAN/GALLATIN FIELD MT CLIMATE NORMALS FOR TODAY
                         NORMAL    RECORD    YEAR
 MAXIMUM TEMPERATURE (F)   71        86      1966
 MINIMUM TEMPERATURE (F)   42        29      1973


SUNRISE AND SUNSET
MAY 27 2015...........SUNRISE   542 AM MDT   SUNSET   902 PM MDT
MAY 28 2015...........SUNRISE   541 AM MDT   SUNSET   903 PM MDT


-  INDICATES NEGATIVE NUMBERS.
R  INDICATES RECORD WAS SET OR TIED.
MM INDICATES DATA IS MISSING.
T  INDICATES TRACE AMOUNT.




$$
