000
CDUS45 KTFX 280951
CLIBZN


CLIMATE REPORT
NATIONAL WEATHER SERVICE GREAT FALLS MT
250 AM MST FRI NOV 28 2014


...................................

...THE BOZEMAN/GALLATIN FIELD MT CLIMATE SUMMARY FOR NOVEMBER 27 2014...

CLIMATE NORMAL PERIOD 1981 TO 2010
CLIMATE RECORD PERIOD 1935 TO 2014


WEATHER ITEM   OBSERVED TIME   RECORD YEAR NORMAL DEPARTURE
                VALUE   (LST)  VALUE       VALUE  FROM
                                                  NORMAL
...............................................................
TEMPERATURE (F)
 YESTERDAY
  MAXIMUM         55    244 PM  63    1949  38     17
  MINIMUM         31   1258 AM -17    1952  14     17
  AVERAGE         43                        26     17

PRECIPITATION (IN)
  YESTERDAY        0.00          0.57 1991   0.02  -0.02
  MONTH TO DATE    0.78                      0.70   0.08
  SINCE OCT 1      1.17                      1.80  -0.63
  SINCE JAN 1     14.78                     13.41   1.37

SNOWFALL (IN)
  YESTERDAY        0.0           5.4  1991   0.2   -0.2
  MONTH TO DATE   10.6                       4.5    6.1
  SINCE SEP 1     10.6                       6.7    3.9
  SINCE JUL 1     10.6                       6.7    3.9
  SNOW DEPTH       5

DEGREE DAYS
 HEATING
  YESTERDAY       22                              -17
  MONTH TO DATE 1057                              194
  SINCE SEP 1   1908                              215
  SINCE JUL 1   1994                              234

 COOLING
  YESTERDAY        0                                0
  MONTH TO DATE    0                                0
  SINCE SEP 1      5                              -17
  SINCE JAN 1    187                             -181
...............................................................


WIND (MPH)
  HIGHEST WIND SPEED    21   HIGHEST WIND DIRECTION    SW (210)
  HIGHEST GUST SPEED    31   HIGHEST GUST DIRECTION    SW (220)
  AVERAGE WIND SPEED     8.0



WEATHER CONDITIONS
 THE FOLLOWING WEATHER WAS RECORDED YESTERDAY.
  NO SIGNIFICANT WEATHER WAS OBSERVED.


RELATIVE HUMIDITY (PERCENT)
 HIGHEST    92
 LOWEST     38
 AVERAGE    65

..........................................................


THE BOZEMAN/GALLATIN FIELD MT CLIMATE NORMALS FOR TODAY
                         NORMAL    RECORD    YEAR
 MAXIMUM TEMPERATURE (F)   37        53      2011
                                             1998
 MINIMUM TEMPERATURE (F)   14       -18      1952


SUNRISE AND SUNSET
NOVEMBER 28 2014......SUNRISE   742 AM MST   SUNSET   443 PM MST
NOVEMBER 29 2014......SUNRISE   743 AM MST   SUNSET   443 PM MST


-  INDICATES NEGATIVE NUMBERS.
R  INDICATES RECORD WAS SET OR TIED.
MM INDICATES DATA IS MISSING.
T  INDICATES TRACE AMOUNT.




$$
