000
CDUS45 KTFX 301009
CLIBZN


CLIMATE REPORT
NATIONAL WEATHER SERVICE GREAT FALLS MT
407 AM MDT THU OCT 30 2014


...................................

...THE BOZEMAN/GALLATIN FIELD MT CLIMATE SUMMARY FOR OCTOBER 29 2014...

CLIMATE NORMAL PERIOD 1981 TO 2010
CLIMATE RECORD PERIOD 1935 TO 2014


WEATHER ITEM   OBSERVED TIME   RECORD YEAR NORMAL DEPARTURE
                VALUE   (LST)  VALUE       VALUE  FROM
                                                  NORMAL
...............................................................
TEMPERATURE (F)
 YESTERDAY
  MAXIMUM         58    326 PM  77    1968  55      3
  MINIMUM         27   1100 PM  -2    1971  27      0
  AVERAGE         43                        41      2

PRECIPITATION (IN)
  YESTERDAY        T             0.42 1978   0.03  -0.03
  MONTH TO DATE    0.39                      1.04  -0.65
  SINCE OCT 1      0.39                      1.04  -0.65
  SINCE JAN 1     14.00                     12.65   1.35

SNOWFALL (IN)
  YESTERDAY        0.0           2.0  1978   0.1   -0.1
  MONTH TO DATE    0.0                       1.7   -1.7
  SINCE SEP 1      T                         2.0   -2.0
  SINCE JUL 1      T                         2.0   -2.0
  SNOW DEPTH       0

DEGREE DAYS
 HEATING
  YESTERDAY       22                               -2
  MONTH TO DATE  507                              -36
  SINCE SEP 1    812                               31
  SINCE JUL 1    898                               50

 COOLING
  YESTERDAY        0                                0
  MONTH TO DATE    0                                0
  SINCE SEP 1      5                              -17
  SINCE JAN 1    187                             -181
...............................................................


WIND (MPH)
  HIGHEST WIND SPEED    23   HIGHEST WIND DIRECTION     W (260)
  HIGHEST GUST SPEED    29   HIGHEST GUST DIRECTION     W (260)
  AVERAGE WIND SPEED     6.9



WEATHER CONDITIONS
 THE FOLLOWING WEATHER WAS RECORDED YESTERDAY.
  LIGHT RAIN


RELATIVE HUMIDITY (PERCENT)
 HIGHEST    85
 LOWEST     33
 AVERAGE    59

..........................................................


THE BOZEMAN/GALLATIN FIELD MT CLIMATE NORMALS FOR TODAY
                         NORMAL    RECORD    YEAR
 MAXIMUM TEMPERATURE (F)   55        73      2008
 MINIMUM TEMPERATURE (F)   26       -10      1991


SUNRISE AND SUNSET
OCTOBER 30 2014.......SUNRISE   802 AM MDT   SUNSET   614 PM MDT
OCTOBER 31 2014.......SUNRISE   803 AM MDT   SUNSET   612 PM MDT


-  INDICATES NEGATIVE NUMBERS.
R  INDICATES RECORD WAS SET OR TIED.
MM INDICATES DATA IS MISSING.
T  INDICATES TRACE AMOUNT.




$$
