000
CDUS45 KTFX 061011
CLIBZN


CLIMATE REPORT
NATIONAL WEATHER SERVICE GREAT FALLS MT
310 AM MST TUE DEC 6 2016


...................................

...THE BOZEMAN/GALLATIN FIELD MT CLIMATE SUMMARY FOR DECEMBER 5 2016...

CLIMATE NORMAL PERIOD 1981 TO 2010
CLIMATE RECORD PERIOD 1935 TO 2016


WEATHER ITEM   OBSERVED TIME   RECORD YEAR NORMAL DEPARTURE LAST
                VALUE   (LST)  VALUE       VALUE  FROM      YEAR
                                                  NORMAL
..................................................................
TEMPERATURE (F)
 YESTERDAY
  MAXIMUM         30   1227 AM  62    1939  34     -4       44
  MINIMUM         14   1137 PM -28    1972  11      3       19
  AVERAGE         22                        23     -1       32

PRECIPITATION (IN)
  YESTERDAY        T             0.30 1974   0.02  -0.02     0.01
  MONTH TO DATE    T                         0.11  -0.11     0.01
  SINCE OCT 1      2.87                      1.97   0.90     2.29
  SINCE JAN 1     12.76                     13.58  -0.82    12.41

SNOWFALL (IN)
  YESTERDAY       MM             2.1  1943   0.3   MM         T
  MONTH TO DATE   MM                         1.2   MM         T
  SINCE DEC 1     MM                         1.2   MM         T
  SINCE JUL 1      3.9                       8.6   -4.7      6.6
  SNOW DEPTH       0

DEGREE DAYS
 HEATING
  YESTERDAY       43                        42      1       33
  MONTH TO DATE  182                       208    -26      211
  SINCE DEC 1    182                       208    -26      211
  SINCE JUL 1   1959                      2089   -130     2175

 COOLING
  YESTERDAY        0                         0      0        0
  MONTH TO DATE    0                         0      0        0
  SINCE DEC 1      0                         0      0        0
  SINCE JAN 1    232                       368   -136      243
..................................................................


WIND (MPH)
  HIGHEST WIND SPEED    22   HIGHEST WIND DIRECTION    NW (300)
  HIGHEST GUST SPEED    28   HIGHEST GUST DIRECTION     W (280)
  AVERAGE WIND SPEED     6.8


SKY COVER
  AVERAGE SKY COVER 0.9


WEATHER CONDITIONS
 THE FOLLOWING WEATHER WAS RECORDED YESTERDAY.
  LIGHT SNOW
  FOG


RELATIVE HUMIDITY (PERCENT)
 HIGHEST    77
 LOWEST     42
 AVERAGE    60

..........................................................


THE BOZEMAN/GALLATIN FIELD MT CLIMATE NORMALS FOR TODAY
                         NORMAL    RECORD    YEAR
 MAXIMUM TEMPERATURE (F)   34        60      1939
 MINIMUM TEMPERATURE (F)   11       -32      1972


SUNRISE AND SUNSET
DECEMBER  6 2016......SUNRISE   751 AM MST   SUNSET   440 PM MST
DECEMBER  7 2016......SUNRISE   752 AM MST   SUNSET   440 PM MST


-  INDICATES NEGATIVE NUMBERS.
R  INDICATES RECORD WAS SET OR TIED.
MM INDICATES DATA IS MISSING.
T  INDICATES TRACE AMOUNT.




$$
