000
CDUS45 KTFX 021022
CLIBZN


CLIMATE REPORT
NATIONAL WEATHER SERVICE GREAT FALLS MT
419 AM MDT THU JUL 2 2015


...................................

...THE BOZEMAN/GALLATIN FIELD MT CLIMATE SUMMARY FOR JULY 1 2015...

CLIMATE NORMAL PERIOD 1981 TO 2010
CLIMATE RECORD PERIOD 1935 TO 2015


WEATHER ITEM   OBSERVED TIME   RECORD YEAR NORMAL DEPARTURE LAST
                VALUE   (LST)  VALUE       VALUE  FROM      YEAR
                                                  NORMAL
..................................................................
TEMPERATURE (F)
 YESTERDAY
  MAXIMUM         91    523 PM  98    1990  83      8       78
  MINIMUM         40   1058 AM  34    1970  49     -9       39
  AVERAGE         66                        66      0       59

PRECIPITATION (IN)
  YESTERDAY        0.00          0.57 1997   0.05  -0.05     0.00
  MONTH TO DATE    0.00                      0.05  -0.05     0.00
  SINCE OCT 1      8.49                     10.73  -2.24    10.05
  SINCE JAN 1      6.56                      8.35  -1.79     9.00

SNOWFALL (IN)
  YESTERDAY        0.0           T    1954   0.0    0.0      0.0
                                      1994
  MONTH TO DATE    0.0                       0.0    0.0      0.0
  SINCE JUN 1      0.0                       0.0    0.0      0.0
  SINCE JUL 1      0.0                       0.0    0.0      0.0
  SNOW DEPTH       0

DEGREE DAYS
 HEATING
  YESTERDAY        0                         2     -2        6
  MONTH TO DATE    0                         2     -2        6
  SINCE JUN 1     72                       143    -71      242
  SINCE JUL 1      0                         2     -2        6

 COOLING
  YESTERDAY        1                         3     -2        0
  MONTH TO DATE    1                         3     -2        0
  SINCE JUN 1     71                        41     30        0
  SINCE JAN 1     71                        45     26        0
..................................................................


WIND (MPH)
  HIGHEST WIND SPEED    15   HIGHEST WIND DIRECTION    NW (320)
  HIGHEST GUST SPEED    21   HIGHEST GUST DIRECTION     S (180)
  AVERAGE WIND SPEED     5.7


SKY COVER
  AVERAGE SKY COVER 0.1


WEATHER CONDITIONS
 THE FOLLOWING WEATHER WAS RECORDED YESTERDAY.
  NO SIGNIFICANT WEATHER WAS OBSERVED.


RELATIVE HUMIDITY (PERCENT)
 HIGHEST    77
 LOWEST     19
 AVERAGE    48

..........................................................


THE BOZEMAN/GALLATIN FIELD MT CLIMATE NORMALS FOR TODAY
                         NORMAL    RECORD    YEAR
 MAXIMUM TEMPERATURE (F)   84        97      1990
 MINIMUM TEMPERATURE (F)   49        34      1955


SUNRISE AND SUNSET
JULY  2 2015..........SUNRISE   539 AM MDT   SUNSET   918 PM MDT
JULY  3 2015..........SUNRISE   540 AM MDT   SUNSET   918 PM MDT


-  INDICATES NEGATIVE NUMBERS.
R  INDICATES RECORD WAS SET OR TIED.
MM INDICATES DATA IS MISSING.
T  INDICATES TRACE AMOUNT.




$$
