000
CDUS42 KCAE 050553
CLICAE


CLIMATE REPORT
NATIONAL WEATHER SERVICE COLUMBIA SC
151 AM EDT SUN JUL 5 2015


...................................

...THE COLUMBIA METRO AIRPORT SC CLIMATE SUMMARY FOR JULY 4 2015...

CLIMATE NORMAL PERIOD 1981 TO 2010
CLIMATE RECORD PERIOD 1887 TO 2015


WEATHER ITEM   OBSERVED TIME   RECORD YEAR NORMAL DEPARTURE LAST
                VALUE   (LST)  VALUE       VALUE  FROM      YEAR
                                                  NORMAL
..................................................................
TEMPERATURE (F)
 YESTERDAY
  MAXIMUM         90    500 PM 102    1948  93     -3       91
  MINIMUM         70    440 AM  59    1933  71     -1       72
  AVERAGE         80                        82     -2       82

PRECIPITATION (IN)
  YESTERDAY        0.07          4.00 1991   0.16  -0.09     0.00
  MONTH TO DATE    1.28                      0.62   0.66     0.10
  SINCE JUN 1     10.07                      5.31   4.76     1.51
  SINCE JAN 1     25.95                     21.82   4.13    20.47

SNOWFALL (IN)
  YESTERDAY        0.0          MM      MM   0.0             0.0
  MONTH TO DATE    0.0                       0.0             0.0
  SINCE JUN 1      0.0                       0.0             0.0
  SINCE JUL 1      0.0                       0.0             0.0

DEGREE DAYS
 HEATING
  YESTERDAY        0                         0      0        0
  MONTH TO DATE    0                         0      0        0
  SINCE JUN 1      0                         1     -1        0
  SINCE JUL 1      0                         0      0        0

 COOLING
  YESTERDAY       15                        17     -2       17
  MONTH TO DATE   61                        68     -7       80
  SINCE JUN 1    598                       492    106      600
  SINCE JAN 1   1019                       813    206     1014
..................................................................


WIND (MPH)
  HIGHEST WIND SPEED    21   HIGHEST WIND DIRECTION    SW (230)
  HIGHEST GUST SPEED    26   HIGHEST GUST DIRECTION    SW (230)
  AVERAGE WIND SPEED     9.0


SKY COVER
  AVERAGE SKY COVER 0.7


WEATHER CONDITIONS
 THE FOLLOWING WEATHER WAS RECORDED YESTERDAY.
  LIGHT RAIN


RELATIVE HUMIDITY (PERCENT)
 HIGHEST    90           500 AM
 LOWEST     50           300 PM
 AVERAGE    70

..........................................................


THE COLUMBIA METRO AIRPORT SC CLIMATE NORMALS FOR TODAY
                         NORMAL    RECORD    YEAR
 MAXIMUM TEMPERATURE (F)   93       102      2012
                                             1954
 MINIMUM TEMPERATURE (F)   71        59      1933


SUNRISE AND SUNSET
JULY  5 2015..........SUNRISE   619 AM EDT   SUNSET   839 PM EDT
JULY  6 2015..........SUNRISE   619 AM EDT   SUNSET   839 PM EDT


-  INDICATES NEGATIVE NUMBERS.
R  INDICATES RECORD WAS SET OR TIED.
MM INDICATES DATA IS MISSING.
T  INDICATES TRACE AMOUNT.




$$
