000
CDUS42 KCAE 190639
CLICAE


CLIMATE REPORT
NATIONAL WEATHER SERVICE COLUMBIA SC
138 AM EST SUN FEB 19 2017


...................................

...THE COLUMBIA METRO AIRPORT SC CLIMATE SUMMARY FOR FEBRUARY 18 2017...

CLIMATE NORMAL PERIOD 1981 TO 2010
CLIMATE RECORD PERIOD 1887 TO 2017


WEATHER ITEM   OBSERVED TIME   RECORD YEAR NORMAL DEPARTURE LAST
                VALUE   (LST)  VALUE       VALUE  FROM      YEAR
                                                  NORMAL
..................................................................
TEMPERATURE (F)
 YESTERDAY
  MAXIMUM         69    157 PM  81    1976  61      8       59
  MINIMUM         39    549 AM  12    1958  37      2       31
                                      1900
  AVERAGE         54                        49      5       45

PRECIPITATION (IN)
  YESTERDAY        0.01          2.12 1979   0.14  -0.13     0.00
  MONTH TO DATE    1.60                      2.28  -0.68     2.51
  SINCE DEC 1     11.99                      9.08   2.91    10.90
  SINCE JAN 1      8.64                      5.86   2.78     4.45

SNOWFALL (IN)
  YESTERDAY        0.0           5.5  1979   0.0             0.0
  MONTH TO DATE    0.0                       0.3              T
  SINCE DEC 1      0.1                       1.2              T
  SINCE JUL 1      0.1                       1.2              T

DEGREE DAYS
 HEATING
  YESTERDAY       11                        16     -5       20
  MONTH TO DATE  181                       316   -135      340
  SINCE DEC 1    995                      1511   -516     1172
  SINCE JUL 1   1297                      1952   -655     1442

 COOLING
  YESTERDAY        0                         0      0        0
  MONTH TO DATE    5                         0      5        4
  SINCE DEC 1     12                         4      8       63
  SINCE JAN 1      9                         1      8        4
..................................................................


WIND (MPH)
  HIGHEST WIND SPEED    15   HIGHEST WIND DIRECTION    SW (220)
  HIGHEST GUST SPEED    18   HIGHEST GUST DIRECTION    SW (210)
  AVERAGE WIND SPEED     4.1


SKY COVER
  AVERAGE SKY COVER 0.7


WEATHER CONDITIONS
 THE FOLLOWING WEATHER WAS RECORDED YESTERDAY.
  LIGHT RAIN
  FOG


RELATIVE HUMIDITY (PERCENT)
 HIGHEST    89           800 PM
 LOWEST     30          1200 PM
 AVERAGE    60

..........................................................


THE COLUMBIA METRO AIRPORT SC CLIMATE NORMALS FOR TODAY
                         NORMAL    RECORD    YEAR
 MAXIMUM TEMPERATURE (F)   61        80      1956
                                             1951
 MINIMUM TEMPERATURE (F)   38        15      1958


SUNRISE AND SUNSET
FEBRUARY 19 2017......SUNRISE   704 AM EST   SUNSET   612 PM EST
FEBRUARY 20 2017......SUNRISE   703 AM EST   SUNSET   613 PM EST


-  INDICATES NEGATIVE NUMBERS.
R  INDICATES RECORD WAS SET OR TIED.
MM INDICATES DATA IS MISSING.
T  INDICATES TRACE AMOUNT.




$$
