000
CDUS42 KCAE 242136
CLICAE


CLIMATE REPORT
NATIONAL WEATHER SERVICE COLUMBIA SC
535 PM EDT MON JUL 24 2017


...................................

...THE COLUMBIA METRO AIRPORT SC CLIMATE SUMMARY FOR JULY 24 2017...
VALID TODAY AS OF 0500 PM LOCAL TIME.

CLIMATE NORMAL PERIOD 1981 TO 2010
CLIMATE RECORD PERIOD 1887 TO 2017


WEATHER ITEM   OBSERVED TIME   RECORD YEAR NORMAL DEPARTURE LAST
                VALUE   (LST)  VALUE       VALUE  FROM      YEAR
                                                  NORMAL
..................................................................
TEMPERATURE (F)
 TODAY
  MAXIMUM         92    208 PM 107    1952  93     -1       98
  MINIMUM         74    616 AM  59    1977  72      2       74
  AVERAGE         83                        82      1       86

PRECIPITATION (IN)
  TODAY            0.32          2.38 1938   0.19   0.13     0.23
  MONTH TO DATE    5.35                      4.09   1.26     1.76
  SINCE JUN 1     10.48                      8.78   1.70     4.15
  SINCE JAN 1     34.76                     25.29   9.47    18.07

SNOWFALL (IN)
  TODAY            0.0          MM      MM   0.0             0.0
  MONTH TO DATE    0.0                       0.0             0.0
  SINCE JUN 1      0.0                       0.0             0.0
  SINCE JUL 1      0.0                       0.0             0.0

DEGREE DAYS
 HEATING
  TODAY            0                         0      0        0
  MONTH TO DATE    0                         0      0        0
  SINCE JUN 1      0                         1     -1        0
  SINCE JUL 1      0                         0      0        0

 COOLING
  TODAY           18                        17      1       21
  MONTH TO DATE  463                       408     55      527
  SINCE JUN 1    913                       832     81     1073
  SINCE JAN 1   1442                      1153    289     1512
..................................................................


WIND (MPH)
  HIGHEST WIND SPEED    31   HIGHEST WIND DIRECTION     W (280)
  HIGHEST GUST SPEED    36   HIGHEST GUST DIRECTION     W (280)
  AVERAGE WIND SPEED     4.4


SKY COVER
  AVERAGE SKY COVER 0.8


WEATHER CONDITIONS
 THE FOLLOWING WEATHER WAS RECORDED TODAY.
  THUNDERSTORM
  LIGHT RAIN
  FOG


RELATIVE HUMIDITY (PERCENT)
 HIGHEST    93          1200 AM
 LOWEST     60           200 PM
 AVERAGE    77

..........................................................


THE COLUMBIA METRO AIRPORT SC CLIMATE NORMALS FOR TOMORROW
                         NORMAL    RECORD    YEAR
 MAXIMUM TEMPERATURE (F)   93       101      2010
                                             1949
 MINIMUM TEMPERATURE (F)   72        62      1904


SUNRISE AND SUNSET
JULY 24 2017..........SUNRISE   631 AM EDT   SUNSET   831 PM EDT
JULY 25 2017..........SUNRISE   631 AM EDT   SUNSET   830 PM EDT


-  INDICATES NEGATIVE NUMBERS.
R  INDICATES RECORD WAS SET OR TIED.
MM INDICATES DATA IS MISSING.
T  INDICATES TRACE AMOUNT.




$$
