000
CDUS42 KCAE 040707
CLICAE


CLIMATE REPORT
NATIONAL WEATHER SERVICE COLUMBIA SC
207 AM EST WED MAR 4 2015


...................................

...THE COLUMBIA METRO AIRPORT SC CLIMATE SUMMARY FOR MARCH 3 2015...

CLIMATE NORMAL PERIOD 1981 TO 2010
CLIMATE RECORD PERIOD 1887 TO 2015


WEATHER ITEM   OBSERVED TIME   RECORD YEAR NORMAL DEPARTURE LAST
                VALUE   (LST)  VALUE       VALUE  FROM      YEAR
                                                  NORMAL
..................................................................
TEMPERATURE (F)
 YESTERDAY
  MAXIMUM         60   1241 AM  88    1976  65     -5       68
  MINIMUM         44   1155 PM   4    1980  40      4       36
  AVERAGE         52                        52      0       52

PRECIPITATION (IN)
  YESTERDAY        0.03          2.80 1971   0.13  -0.10     0.02
  MONTH TO DATE    0.51                      0.39   0.12     0.02
  SINCE MAR 1      0.51                      0.39   0.12     0.02
  SINCE JAN 1      7.87                      7.58   0.29     6.34

SNOWFALL (IN)
  YESTERDAY        0.0          MM      MM   0.0             0.0
  MONTH TO DATE    0.0                       0.0             0.0
  SINCE MAR 1      0.0                       0.0             0.0
  SINCE JUL 1      T                         1.4             4.2

DEGREE DAYS
 HEATING
  YESTERDAY       13                        13      0       13
  MONTH TO DATE   46                        40      6       37
  SINCE MAR 1     46                        40      6       37
  SINCE JUL 1   2235                      2139     96     2121

 COOLING
  YESTERDAY        0                         0      0        0
  MONTH TO DATE    0                         0      0        0
  SINCE MAR 1      0                         0      0        0
  SINCE JAN 1      0                         4     -4        7
..................................................................


WIND (MPH)
  HIGHEST WIND SPEED    13   HIGHEST WIND DIRECTION     E (80)
  HIGHEST GUST SPEED    16   HIGHEST GUST DIRECTION     E (80)
  AVERAGE WIND SPEED     6.8


SKY COVER
  AVERAGE SKY COVER 1.0


WEATHER CONDITIONS
 THE FOLLOWING WEATHER WAS RECORDED YESTERDAY.
  LIGHT RAIN
  FOG
  FOG W/VISIBILITY <= 1/4 MILE
  HAZE


RELATIVE HUMIDITY (PERCENT)
 HIGHEST   100           100 PM
 LOWEST     75          1200 AM
 AVERAGE    88

..........................................................


THE COLUMBIA METRO AIRPORT SC CLIMATE NORMALS FOR TODAY
                         NORMAL    RECORD    YEAR
 MAXIMUM TEMPERATURE (F)   65        88      1976
 MINIMUM TEMPERATURE (F)   40        17      1980


SUNRISE AND SUNSET
MARCH  4 2015.........SUNRISE   650 AM EST   SUNSET   623 PM EST
MARCH  5 2015.........SUNRISE   648 AM EST   SUNSET   624 PM EST


-  INDICATES NEGATIVE NUMBERS.
R  INDICATES RECORD WAS SET OR TIED.
MM INDICATES DATA IS MISSING.
T  INDICATES TRACE AMOUNT.




$$
