000
CDUS42 KCAE 190539
CLICAE


CLIMATE REPORT
NATIONAL WEATHER SERVICE COLUMBIA SC
1239 AM EST FRI JAN 19 2018


...................................

...THE COLUMBIA METRO AIRPORT SC CLIMATE SUMMARY FOR JANUARY 18 2018...

CLIMATE NORMAL PERIOD 1981 TO 2010
CLIMATE RECORD PERIOD 1887 TO 2018


WEATHER ITEM   OBSERVED TIME   RECORD YEAR NORMAL DEPARTURE LAST
                VALUE   (LST)  VALUE       VALUE  FROM      YEAR
                                                  NORMAL
..................................................................
TEMPERATURE (F)
 YESTERDAY
  MAXIMUM         48        MM  80    2017  56     -8       80
  MINIMUM         20        MM  14    1977  34    -14       50
  AVERAGE         34                        45    -11       65

PRECIPITATION (IN)
  YESTERDAY        0.00          2.93 1892   0.11  -0.11     0.00
  MONTH TO DATE    0.73                      2.04  -1.31     4.53
  SINCE DEC 1      4.02                      5.26  -1.24     7.88
  SINCE JAN 1      0.73                      2.04  -1.31     4.53

SNOWFALL (IN)
  YESTERDAY        0.0           0.1  1992   0.0             0.0
  MONTH TO DATE    T                         0.5             0.1
  SINCE DEC 1      T                         0.6             0.1
  SINCE JUL 1      T                         0.6             0.1

DEGREE DAYS
 HEATING
  YESTERDAY       31                        20     11        0
  MONTH TO DATE  469                       373     96      210
  SINCE DEC 1    940                       942     -2      679
  SINCE JUL 1   1318                      1383    -65      981

 COOLING
  YESTERDAY        0                         0      0        0
  MONTH TO DATE    2                         0      2        2
  SINCE DEC 1      2                         3     -1        5
  SINCE JAN 1      2                         0      2        2
..................................................................


WIND (MPH)
  HIGHEST WIND SPEED    10   HIGHEST WIND DIRECTION    NW (330)
  HIGHEST GUST SPEED    18   HIGHEST GUST DIRECTION    NW (330)
  AVERAGE WIND SPEED     5.3


SKY COVER
  AVERAGE SKY COVER 0.1


WEATHER CONDITIONS
 THE FOLLOWING WEATHER WAS RECORDED YESTERDAY.
  NO SIGNIFICANT WEATHER WAS OBSERVED.


RELATIVE HUMIDITY (PERCENT)
 HIGHEST    85          1100 PM
 LOWEST     26           300 PM
 AVERAGE    56

..........................................................


THE COLUMBIA METRO AIRPORT SC CLIMATE NORMALS FOR TODAY
                         NORMAL    RECORD    YEAR
 MAXIMUM TEMPERATURE (F)   56        76      2001
 MINIMUM TEMPERATURE (F)   34        10      1976


SUNRISE AND SUNSET
JANUARY 19 2018.......SUNRISE   728 AM EST   SUNSET   542 PM EST
JANUARY 20 2018.......SUNRISE   728 AM EST   SUNSET   543 PM EST


-  INDICATES NEGATIVE NUMBERS.
R  INDICATES RECORD WAS SET OR TIED.
MM INDICATES DATA IS MISSING.
T  INDICATES TRACE AMOUNT.




$$
