000
CDUS42 KCAE 102226
CLICAE


CLIMATE REPORT
NATIONAL WEATHER SERVICE COLUMBIA SC
525 PM EST SAT DEC 10 2016


...................................

...THE COLUMBIA METRO AIRPORT SC CLIMATE SUMMARY FOR DECEMBER 10 2016...
VALID TODAY AS OF 0500 PM LOCAL TIME.

CLIMATE NORMAL PERIOD 1981 TO 2010
CLIMATE RECORD PERIOD 1887 TO 2016


WEATHER ITEM   OBSERVED TIME   RECORD YEAR NORMAL DEPARTURE LAST
                VALUE   (LST)  VALUE       VALUE  FROM      YEAR
                                                  NORMAL
..................................................................
TEMPERATURE (F)
 TODAY
  MAXIMUM         49    354 PM  81    1972  59    -10       73
  MINIMUM         24    615 AM  20    2006  36    -12       40
                                      1968
  AVERAGE         37                        48    -11       57

PRECIPITATION (IN)
  TODAY            0.00          2.57 1969   0.10  -0.10     0.00
  MONTH TO DATE    1.56                      1.00   0.56     0.33
  SINCE DEC 1      1.56                      1.00   0.56     0.33
  SINCE JAN 1     37.76                     42.37  -4.61    57.46

SNOWFALL (IN)
  TODAY            0.0          MM      MM   0.0             0.0
  MONTH TO DATE    0.0                       0.0             0.0
  SINCE DEC 1      0.0                       0.0             0.0
  SINCE JUL 1      0.0                       0.0             0.0

DEGREE DAYS
 HEATING
  TODAY           28                        17     11        8
  MONTH TO DATE  165                       162      3      111
  SINCE DEC 1    165                       162      3      111
  SINCE JUL 1    467                       603   -136      381

 COOLING
  TODAY            0                         0      0        0
  MONTH TO DATE    0                         0      0        0
  SINCE DEC 1      0                         0      0        0
  SINCE JAN 1   2886                      2167    719     2602
..................................................................


WIND (MPH)
  HIGHEST WIND SPEED     8   HIGHEST WIND DIRECTION    SE (120)
  HIGHEST GUST SPEED    10   HIGHEST GUST DIRECTION     E (110)
  AVERAGE WIND SPEED     2.0


SKY COVER
  AVERAGE SKY COVER 0.0


WEATHER CONDITIONS
 THE FOLLOWING WEATHER WAS RECORDED TODAY.
  NO SIGNIFICANT WEATHER WAS OBSERVED.


RELATIVE HUMIDITY (PERCENT)
 HIGHEST    88           500 AM
 LOWEST     29           300 PM
 AVERAGE    59

..........................................................


THE COLUMBIA METRO AIRPORT SC CLIMATE NORMALS FOR TOMORROW
                         NORMAL    RECORD    YEAR
 MAXIMUM TEMPERATURE (F)   59        80      2007
 MINIMUM TEMPERATURE (F)   36        16      1977


SUNRISE AND SUNSET
DECEMBER 10 2016......SUNRISE   719 AM EST   SUNSET   516 PM EST
DECEMBER 11 2016......SUNRISE   720 AM EST   SUNSET   516 PM EST


-  INDICATES NEGATIVE NUMBERS.
R  INDICATES RECORD WAS SET OR TIED.
MM INDICATES DATA IS MISSING.
T  INDICATES TRACE AMOUNT.




$$
