000
CDUS42 KCAE 272133
CLICAE


CLIMATE REPORT
NATIONAL WEATHER SERVICE COLUMBIA SC
533 PM EDT WED JUL 27 2016


...................................

...THE COLUMBIA METRO AIRPORT SC CLIMATE SUMMARY FOR JULY 27 2016...
VALID TODAY AS OF 0500 PM LOCAL TIME.

CLIMATE NORMAL PERIOD 1981 TO 2010
CLIMATE RECORD PERIOD 1887 TO 2016


WEATHER ITEM   OBSERVED TIME   RECORD YEAR NORMAL DEPARTURE LAST
                VALUE   (LST)  VALUE       VALUE  FROM      YEAR
                                                  NORMAL
..................................................................
TEMPERATURE (F)
 TODAY
  MAXIMUM        101    147 PM 103    1949  93      8       98
  MINIMUM         78    616 AM  60    1911  72      6       69
  AVERAGE         90                        82      8       84

PRECIPITATION (IN)
  TODAY            0.00          2.43 1961   0.20  -0.20     0.00
  MONTH TO DATE    1.76                      4.68  -2.92     1.48
  SINCE JUN 1      4.15                      9.37  -5.22    10.27
  SINCE JAN 1     18.07                     25.88  -7.81    26.15

SNOWFALL (IN)
  TODAY            0.0          MM      MM   0.0             0.0
  MONTH TO DATE    0.0                       0.0             0.0
  SINCE JUN 1      0.0                       0.0             0.0
  SINCE JUL 1      0.0                       0.0             0.0

DEGREE DAYS
 HEATING
  TODAY            0                         0      0        0
  MONTH TO DATE    0                         0      0        0
  SINCE JUN 1      0                         1     -1        0
  SINCE JUL 1      0                         0      0        0

 COOLING
  TODAY           25                        17      8       19
  MONTH TO DATE  600                       459    141      547
  SINCE JUN 1   1146                       883    263     1084
  SINCE JAN 1   1585                      1204    381     1505
..................................................................


WIND (MPH)
  HIGHEST WIND SPEED    18   HIGHEST WIND DIRECTION    SW (220)
  HIGHEST GUST SPEED    27   HIGHEST GUST DIRECTION    SW (220)
  AVERAGE WIND SPEED     6.0


SKY COVER
  AVERAGE SKY COVER 0.2


WEATHER CONDITIONS
 THE FOLLOWING WEATHER WAS RECORDED TODAY.
  NO SIGNIFICANT WEATHER WAS OBSERVED.


RELATIVE HUMIDITY (PERCENT)
 HIGHEST    79           400 AM
 LOWEST     39           100 PM
 AVERAGE    59

..........................................................


THE COLUMBIA METRO AIRPORT SC CLIMATE NORMALS FOR TOMORROW
                         NORMAL    RECORD    YEAR
 MAXIMUM TEMPERATURE (F)   93       106      1952
 MINIMUM TEMPERATURE (F)   72        58      1962


SUNRISE AND SUNSET
JULY 27 2016..........SUNRISE   633 AM EDT   SUNSET   829 PM EDT
JULY 28 2016..........SUNRISE   634 AM EDT   SUNSET   828 PM EDT


-  INDICATES NEGATIVE NUMBERS.
R  INDICATES RECORD WAS SET OR TIED.
MM INDICATES DATA IS MISSING.
T  INDICATES TRACE AMOUNT.




$$
