000
CDUS42 KCAE 012123
CLICAE


CLIMATE REPORT
NATIONAL WEATHER SERVICE COLUMBIA SC
522 PM EDT SUN MAY 1 2016


...................................

...THE COLUMBIA METRO AIRPORT SC CLIMATE SUMMARY FOR MAY 1 2016...
VALID TODAY AS OF 0500 PM LOCAL TIME.

CLIMATE NORMAL PERIOD 1981 TO 2010
CLIMATE RECORD PERIOD 1887 TO 2016


WEATHER ITEM   OBSERVED TIME   RECORD YEAR NORMAL DEPARTURE LAST
                VALUE   (LST)  VALUE       VALUE  FROM      YEAR
                                                  NORMAL
..................................................................
TEMPERATURE (F)
 TODAY
  MAXIMUM         87    112 PM  95    1962  80      7       71
  MINIMUM         71    829 AM  40    1908  55     16       50
  AVERAGE         79                        67     12       61

PRECIPITATION (IN)
  TODAY            0.13          2.23 1989   0.09   0.04      T
  MONTH TO DATE    0.13                      0.09   0.04      T
  SINCE MAR 1      4.81                      6.44  -1.63     6.81
  SINCE JAN 1     11.44                     13.63  -2.19    14.17

SNOWFALL (IN)
  TODAY            0.0          MM      MM   0.0             0.0
  MONTH TO DATE    0.0                       0.0             0.0
  SINCE MAR 1      0.0                       0.1             0.0
  SINCE JUL 1      T                         1.5              T

DEGREE DAYS
 HEATING
  TODAY            0                         2     -2        4
  MONTH TO DATE    0                         2     -2        4
  SINCE MAR 1    222                       434   -212      272
  SINCE JUL 1   1785                      2533   -748     2461

 COOLING
  TODAY           14                         4     10        0
  MONTH TO DATE   14                         4     10        0
  SINCE MAR 1    197                        95    102      143
  SINCE JAN 1    201                        99    102      143
..................................................................


WIND (MPH)
  HIGHEST WIND SPEED    20   HIGHEST WIND DIRECTION     S (160)
  HIGHEST GUST SPEED    24   HIGHEST GUST DIRECTION     S (170)
  AVERAGE WIND SPEED     9.7


SKY COVER
  AVERAGE SKY COVER 0.8


WEATHER CONDITIONS
 THE FOLLOWING WEATHER WAS RECORDED TODAY.
  THUNDERSTORM
  LIGHT RAIN
  FOG


RELATIVE HUMIDITY (PERCENT)
 HIGHEST    84           100 AM
 LOWEST     51           300 PM
 AVERAGE    68

..........................................................


THE COLUMBIA METRO AIRPORT SC CLIMATE NORMALS FOR TOMORROW
                         NORMAL    RECORD    YEAR
 MAXIMUM TEMPERATURE (F)   81        95      1990
 MINIMUM TEMPERATURE (F)   55        34      1963


SUNRISE AND SUNSET
MAY  1 2016...........SUNRISE   635 AM EDT   SUNSET   809 PM EDT
MAY  2 2016...........SUNRISE   634 AM EDT   SUNSET   809 PM EDT


-  INDICATES NEGATIVE NUMBERS.
R  INDICATES RECORD WAS SET OR TIED.
MM INDICATES DATA IS MISSING.
T  INDICATES TRACE AMOUNT.




$$
