000
CDUS45 KGJT 260742
CLICAG


CLIMATE REPORT
NATIONAL WEATHER SERVICE GRAND JUNCTION CO
130 AM MDT SAT JUL 26 2014


...................................

...THE CRAIG CO CLIMATE SUMMARY FOR JULY 25 2014...

CLIMATE NORMAL PERIOD 1981 TO 2010
CLIMATE RECORD PERIOD 9999 TO 9999


WEATHER ITEM   OBSERVED TIME   RECORD YEAR NORMAL DEPARTURE LAST
                VALUE   (LST)  VALUE       VALUE  FROM      YEAR
                                                  NORMAL
..................................................................
TEMPERATURE (F)
 YESTERDAY
  MAXIMUM         84    248 PM  MM      MM  89     -5       85
  MINIMUM         52    505 AM  MM      MM  47      5       53
  AVERAGE         68                        68      0       69

PRECIPITATION (IN)
  YESTERDAY        0.07         MM      MM   0.04   0.03      T
  MONTH TO DATE    0.66                      0.86  -0.20     0.05
  SINCE JUN 1      0.86                      2.18  -1.32     0.05
  SINCE JAN 1      5.18                      8.37  -3.19     5.30

SNOWFALL (IN)
  YESTERDAY       MM            MM      MM  MM     MM       MM
  MONTH TO DATE   MM                        MM     MM       MM
  SINCE JUN 1     MM                        MM     MM       MM
  SINCE JUL 1     MM                        MM     MM       MM
  SNOW DEPTH      MM

DEGREE DAYS
 HEATING
  YESTERDAY        0                         0      0        0
  MONTH TO DATE   24                        20      4        0
  SINCE JUN 1    210                       195     15       88
  SINCE JUL 1     24                        20      4        0

 COOLING
  YESTERDAY        3                         3      0        4
  MONTH TO DATE   30                        58    -28      166
  SINCE JUN 1     35                        68    -33      210
  SINCE JAN 1     35                        68    -33      210
..................................................................


WIND (MPH)
  HIGHEST WIND SPEED    32   HIGHEST WIND DIRECTION    SW (210)
  HIGHEST GUST SPEED    41   HIGHEST GUST DIRECTION    SW (210)
  AVERAGE WIND SPEED     8.9


SKY COVER
  POSSIBLE SUNSHINE  MM
  AVERAGE SKY COVER 0.0


WEATHER CONDITIONS
 THE FOLLOWING WEATHER WAS RECORDED YESTERDAY.
  THUNDERSTORM
  RAIN
  LIGHT RAIN
  FOG


RELATIVE HUMIDITY (PERCENT)
 HIGHEST   100           400 AM
 LOWEST     31           300 PM
 AVERAGE    66

..........................................................


THE CRAIG CO CLIMATE NORMALS FOR TODAY
                         NORMAL    RECORD    YEAR
 MAXIMUM TEMPERATURE (F)   89        MM        MM
 MINIMUM TEMPERATURE (F)   47        MM        MM


SUNRISE AND SUNSET
JULY 26 2014..........SUNRISE   602 AM MDT   SUNSET   831 PM MDT
JULY 27 2014..........SUNRISE   603 AM MDT   SUNSET   830 PM MDT


-  INDICATES NEGATIVE NUMBERS.
R  INDICATES RECORD WAS SET OR TIED.
MM INDICATES DATA IS MISSING.
T  INDICATES TRACE AMOUNT.




$$
