079
CDUS45 KGJT 260732
CLICAG


CLIMATE REPORT
NATIONAL WEATHER SERVICE GRAND JUNCTION CO
129 AM MDT WED JUL 26 2017


...................................

...THE CRAIG CO CLIMATE SUMMARY FOR JULY 25 2017...

CLIMATE NORMAL PERIOD 1981 TO 2010
CLIMATE RECORD PERIOD 9999 TO 9999


WEATHER ITEM   OBSERVED TIME   RECORD YEAR NORMAL DEPARTURE LAST
                VALUE   (LST)  VALUE       VALUE  FROM      YEAR
                                                  NORMAL
..................................................................
TEMPERATURE (F)
 YESTERDAY
  MAXIMUM         76   1211 PM  MM      MM  89    -13       95
  MINIMUM         61   1159 PM  MM      MM  47     14       43
  AVERAGE         69                        68      1       69

PRECIPITATION (IN)
  YESTERDAY        0.35         MM      MM   0.04   0.31     0.00
  MONTH TO DATE    1.03                      0.86   0.17     0.27
  SINCE JUN 1      1.42                      2.18  -0.76     0.89
  SINCE JAN 1      9.21                      8.37   0.84     7.27

SNOWFALL (IN)
  YESTERDAY       MM            MM      MM  MM     MM       MM
  MONTH TO DATE   MM                        MM     MM       MM
  SINCE JUN 1     MM                        MM     MM       MM
  SINCE JUL 1     MM                        MM     MM       MM
  SNOW DEPTH      MM

DEGREE DAYS
 HEATING
  YESTERDAY        0                         0      0        0
  MONTH TO DATE    3                        20    -17       14
  SINCE JUN 1     94                       195   -101       73
  SINCE JUL 1      3                        20    -17       14

 COOLING
  YESTERDAY        4                         3      1        4
  MONTH TO DATE  155                        58     97       81
  SINCE JUN 1    184                        68    116      122
  SINCE JAN 1    184                        68    116      122
..................................................................


WIND (MPH)
  HIGHEST WIND SPEED    20   HIGHEST WIND DIRECTION    SW (240)
  HIGHEST GUST SPEED    27   HIGHEST GUST DIRECTION     W (250)
  AVERAGE WIND SPEED     5.2


SKY COVER
  POSSIBLE SUNSHINE  MM
  AVERAGE SKY COVER 0.8


WEATHER CONDITIONS
 THE FOLLOWING WEATHER WAS RECORDED YESTERDAY.
  THUNDERSTORM
  HEAVY RAIN
  LIGHT RAIN
  FOG


RELATIVE HUMIDITY (PERCENT)
 HIGHEST    93          1100 PM
 LOWEST     44           100 AM
 AVERAGE    69

..........................................................


THE CRAIG CO CLIMATE NORMALS FOR TODAY
                         NORMAL    RECORD    YEAR
 MAXIMUM TEMPERATURE (F)   89        MM        MM
 MINIMUM TEMPERATURE (F)   47        MM        MM


SUNRISE AND SUNSET
JULY 26 2017..........SUNRISE   602 AM MDT   SUNSET   831 PM MDT
JULY 27 2017..........SUNRISE   603 AM MDT   SUNSET   830 PM MDT


-  INDICATES NEGATIVE NUMBERS.
R  INDICATES RECORD WAS SET OR TIED.
MM INDICATES DATA IS MISSING.
T  INDICATES TRACE AMOUNT.




$$
