000
CDUS41 KCLE 310545
CLICAK


CLIMATE REPORT
NATIONAL WEATHER SERVICE CLEVELAND OH
145 AM EDT THU JUL 31 2014


...................................

...THE AKRON CANTON OH CLIMATE SUMMARY FOR JULY 30 2014...

CLIMATE NORMAL PERIOD 1981 TO 2010
CLIMATE RECORD PERIOD 1887 TO 2014


WEATHER ITEM   OBSERVED TIME   RECORD YEAR NORMAL DEPARTURE LAST
                VALUE   (LST)  VALUE       VALUE  FROM      YEAR
                                                  NORMAL
..................................................................
TEMPERATURE (F)
 YESTERDAY
  MAXIMUM         73    334 PM  96    1941  82     -9       79
                                      1913
  MINIMUM         55    511 AM  46    1904  62     -7       54
  AVERAGE         64                        72     -8       67

PRECIPITATION (IN)
  YESTERDAY        0.59                      0.13   0.46     0.00
  MONTH TO DATE    4.16                      3.95   0.21     6.94
  SINCE JUN 1     13.44                      7.78   5.66    12.85
  SINCE JAN 1     30.07                     23.51   6.56    25.11

SNOWFALL (IN)
  YESTERDAY        0.0                       0.0    0.0      0.0
  MONTH TO DATE    0.0                       0.0    0.0      0.0
  SINCE JUN 1      0.0                       0.0    0.0      0.0
  SINCE JUL 1      0.0                       0.0    0.0      0.0
  SNOW DEPTH       0

DEGREE DAYS
 HEATING
  YESTERDAY        1                         0      1        0
  MONTH TO DATE   10                         0     10        5
  SINCE JUN 1     25                        49    -24       32
  SINCE JUL 1     10                         0     10        5

 COOLING
  YESTERDAY        0                         7     -7        2
  MONTH TO DATE  178                       210    -32      268
  SINCE JUN 1    361                       345     16      429
  SINCE JAN 1    437                       387     50      535
..................................................................


WIND (MPH)
  HIGHEST WIND SPEED    20   HIGHEST WIND DIRECTION    NW (320)
  HIGHEST GUST SPEED    25   HIGHEST GUST DIRECTION    NW (320)
  AVERAGE WIND SPEED     6.9


SKY COVER
  POSSIBLE SUNSHINE  MM
  AVERAGE SKY COVER 0.7


WEATHER CONDITIONS
 THE FOLLOWING WEATHER WAS RECORDED YESTERDAY.
  THUNDERSTORM
  HEAVY RAIN
  LIGHT RAIN
  FOG
  HAZE


RELATIVE HUMIDITY (PERCENT)
 HIGHEST    84           900 PM
 LOWEST     49           200 PM
 AVERAGE    67

..........................................................


THE AKRON CANTON OH CLIMATE NORMALS FOR TODAY
                         NORMAL    RECORD    YEAR
 MAXIMUM TEMPERATURE (F)   82        97      1933
                                             1917
 MINIMUM TEMPERATURE (F)   62        50      1964
                                             1936
                                             1895


SUNRISE AND SUNSET
JULY 31 2014..........SUNRISE   621 AM EDT   SUNSET   843 PM EDT
AUGUST  1 2014........SUNRISE   622 AM EDT   SUNSET   842 PM EDT


-  INDICATES NEGATIVE NUMBERS.
R  INDICATES RECORD WAS SET OR TIED.
MM INDICATES DATA IS MISSING.
T  INDICATES TRACE AMOUNT.




$$
