000
CDUS41 KCLE 180534
CLICAK


CLIMATE REPORT
NATIONAL WEATHER SERVICE CLEVELAND OH
134 AM EDT THU SEP 18 2014


...................................

...THE AKRON CANTON OH CLIMATE SUMMARY FOR SEPTEMBER 17 2014...

CLIMATE NORMAL PERIOD 1981 TO 2010
CLIMATE RECORD PERIOD 1887 TO 2014


WEATHER ITEM   OBSERVED TIME   RECORD YEAR NORMAL DEPARTURE LAST
                VALUE   (LST)  VALUE       VALUE  FROM      YEAR
                                                  NORMAL
..................................................................
TEMPERATURE (F)
 YESTERDAY
  MAXIMUM         69    322 PM  90    1955  73     -4       70
  MINIMUM         48    453 AM  35    1959  53     -5       42
  AVERAGE         59                        63     -4       56

PRECIPITATION (IN)
  YESTERDAY        0.00                      0.12  -0.12     0.00
  MONTH TO DATE    0.81                      2.02  -1.21     1.58
  SINCE SEP 1      0.81                      2.02  -1.21     1.58
  SINCE JAN 1     36.60                     29.22   7.38    28.65

SNOWFALL (IN)
  YESTERDAY        0.0                       0.0    0.0      0.0
  MONTH TO DATE    0.0                       0.0    0.0      0.0
  SINCE SEP 1      0.0                       0.0    0.0      0.0
  SINCE JUL 1      0.0                       0.0    0.0      0.0
  SNOW DEPTH       0

DEGREE DAYS
 HEATING
  YESTERDAY        6                         4      2        9
  MONTH TO DATE   45                        37      8       48
  SINCE SEP 1     45                        37      8       48
  SINCE JUL 1     61                        57      4       61

 COOLING
  YESTERDAY        0                         2     -2        0
  MONTH TO DATE   69                        50     19       64
  SINCE SEP 1     69                        50     19       64
  SINCE JAN 1    705                       632     73      788
..................................................................


WIND (MPH)
  HIGHEST WIND SPEED     9   HIGHEST WIND DIRECTION     N (360)
  HIGHEST GUST SPEED    14   HIGHEST GUST DIRECTION     W (260)
  AVERAGE WIND SPEED     2.8


SKY COVER
  POSSIBLE SUNSHINE  MM
  AVERAGE SKY COVER 0.4


WEATHER CONDITIONS
 THE FOLLOWING WEATHER WAS RECORDED YESTERDAY.
  FOG
  HAZE


RELATIVE HUMIDITY (PERCENT)
 HIGHEST    93           300 AM
 LOWEST     40           300 PM
 AVERAGE    67

..........................................................


THE AKRON CANTON OH CLIMATE NORMALS FOR TODAY
                         NORMAL    RECORD    YEAR
 MAXIMUM TEMPERATURE (F)   72        91      1955
                                             1895
 MINIMUM TEMPERATURE (F)   53        37      1959


SUNRISE AND SUNSET
SEPTEMBER 18 2014.....SUNRISE   709 AM EDT   SUNSET   730 PM EDT
SEPTEMBER 19 2014.....SUNRISE   710 AM EDT   SUNSET   728 PM EDT


-  INDICATES NEGATIVE NUMBERS.
R  INDICATES RECORD WAS SET OR TIED.
MM INDICATES DATA IS MISSING.
T  INDICATES TRACE AMOUNT.




$$
