000
CDUS45 KABQ 240828
CLICAO


CLIMATE REPORT
NATIONAL WEATHER SERVICE ALBUQUERQUE NM
128 AM MST SAT JAN 24 2015


...................................

...THE CLAYTON  NM CLIMATE SUMMARY FOR JANUARY 23 2015...

CLIMATE NORMAL PERIOD 1981 TO 2010
CLIMATE RECORD PERIOD 1896 TO 2015


WEATHER ITEM   OBSERVED TIME   RECORD YEAR NORMAL DEPARTURE
                VALUE   (LST)  VALUE       VALUE  FROM
                                                  NORMAL
...............................................................
TEMPERATURE (F)
 YESTERDAY
  MAXIMUM         40    201 PM  72    2013  49     -9
  MINIMUM         14    246 AM  -3    1963  22     -8
  AVERAGE         27                        36     -9

PRECIPITATION (IN)
  YESTERDAY        0.00          0.47 1921   0.01  -0.01
  MONTH TO DATE    1.39                      0.20   1.19
  SINCE DEC 1      1.89                      0.56   1.33
  SINCE JAN 1      1.39                      0.20   1.19

SNOWFALL (IN)
  YESTERDAY        0.0
  MONTH TO DATE    9.0
  SINCE DEC 1     12.5
  SINCE JUL 1     15.1

DEGREE DAYS
 HEATING
  YESTERDAY       38                        29      9
  MONTH TO DATE  710                       682     28
  SINCE DEC 1   1599                      1618    -19
  SINCE JUL 1   2551                      2670   -119

 COOLING
  YESTERDAY        0                         0      0
  MONTH TO DATE    0                         0      0
  SINCE DEC 1      0                         0      0
  SINCE JAN 1      0                         0      0
...............................................................


WIND (MPH)
  HIGHEST WIND SPEED    24   HIGHEST WIND DIRECTION     N (340)
  HIGHEST GUST SPEED    31   HIGHEST GUST DIRECTION    NW (330)
  AVERAGE WIND SPEED    15.6


SKY COVER
  AVERAGE SKY COVER 0.0


WEATHER CONDITIONS
 THE FOLLOWING WEATHER WAS RECORDED YESTERDAY.
  NO SIGNIFICANT WEATHER WAS OBSERVED.


RELATIVE HUMIDITY (PERCENT)
 HIGHEST    80          1200 AM
 LOWEST     40          1200 PM
 AVERAGE    60

..........................................................


THE CLAYTON  NM CLIMATE NORMALS FOR TODAY
                         NORMAL    RECORD    YEAR
 MAXIMUM TEMPERATURE (F)   49        77      1970
 MINIMUM TEMPERATURE (F)   22        -1      1940


SUNRISE AND SUNSET
JANUARY 24 2015.......SUNRISE   700 AM MST   SUNSET   510 PM MST
JANUARY 25 2015.......SUNRISE   659 AM MST   SUNSET   511 PM MST


-  INDICATES NEGATIVE NUMBERS.
R  INDICATES RECORD WAS SET OR TIED.
MM INDICATES DATA IS MISSING.
T  INDICATES TRACE AMOUNT.




$$
