000
CDUS45 KABQ 110827
CLICAO


CLIMATE REPORT
NATIONAL WEATHER SERVICE ALBUQUERQUE NM
127 AM MST MON DEC 11 2017


...................................

...THE CLAYTON  NM CLIMATE SUMMARY FOR DECEMBER 10 2017...

CLIMATE NORMAL PERIOD 1981 TO 2010
CLIMATE RECORD PERIOD 1896 TO 2017


WEATHER ITEM   OBSERVED TIME   RECORD YEAR NORMAL DEPARTURE
                VALUE   (LST)  VALUE       VALUE  FROM
                                                  NORMAL
...............................................................
TEMPERATURE (F)
 YESTERDAY
  MAXIMUM         61    217 PM  74    1975  48     13
                                      1929
  MINIMUM         27   1217 AM  -2    1932  22      5
  AVERAGE         44                        35      9

PRECIPITATION (IN)
  YESTERDAY        0.00          0.30 1923   0.01  -0.01
  MONTH TO DATE    0.00                      0.11  -0.11
  SINCE DEC 1      0.00                      0.11  -0.11
  SINCE JAN 1     20.41                     15.54   4.87

SNOWFALL (IN)
  YESTERDAY        0.0
  MONTH TO DATE    0.0
  SINCE DEC 1      0.0
  SINCE JUL 1      0.5

DEGREE DAYS
 HEATING
  YESTERDAY       21                        30     -9
  MONTH TO DATE  241                       292    -51
  SINCE DEC 1    241                       292    -51
  SINCE JUL 1   1126                      1344   -218

 COOLING
  YESTERDAY        0                         0      0
  MONTH TO DATE    0                         0      0
  SINCE DEC 1      0                         0      0
  SINCE JAN 1    827                       909    -82
...............................................................


WIND (MPH)
  HIGHEST WIND SPEED    17   HIGHEST WIND DIRECTION     W (260)
  HIGHEST GUST SPEED    21   HIGHEST GUST DIRECTION     W (270)
  AVERAGE WIND SPEED     7.7


SKY COVER
  AVERAGE SKY COVER 0.0


WEATHER CONDITIONS
 THE FOLLOWING WEATHER WAS RECORDED YESTERDAY.
  NO SIGNIFICANT WEATHER WAS OBSERVED.


RELATIVE HUMIDITY (PERCENT)
 HIGHEST    35           200 AM
 LOWEST      7           300 PM
 AVERAGE    21

..........................................................


THE CLAYTON  NM CLIMATE NORMALS FOR TODAY
                         NORMAL    RECORD    YEAR
 MAXIMUM TEMPERATURE (F)   48        81      1939
 MINIMUM TEMPERATURE (F)   22        -1      1961
                                             1932
                                             1917


SUNRISE AND SUNSET
DECEMBER 11 2017......SUNRISE   654 AM MST   SUNSET   438 PM MST
DECEMBER 12 2017......SUNRISE   655 AM MST   SUNSET   438 PM MST


-  INDICATES NEGATIVE NUMBERS.
R  INDICATES RECORD WAS SET OR TIED.
MM INDICATES DATA IS MISSING.
T  INDICATES TRACE AMOUNT.




$$
