833
CDUS45 KABQ 230843
CLICAO


CLIMATE REPORT
NATIONAL WEATHER SERVICE ALBUQUERQUE NM
232 AM MDT WED AUG 23 2017


...................................

...THE CLAYTON  NM CLIMATE SUMMARY FOR AUGUST 22 2017...

CLIMATE NORMAL PERIOD 1981 TO 2010
CLIMATE RECORD PERIOD 1896 TO 2017


WEATHER ITEM   OBSERVED TIME   RECORD YEAR NORMAL DEPARTURE
                VALUE   (LST)  VALUE       VALUE  FROM
                                                  NORMAL
...............................................................
TEMPERATURE (F)
 YESTERDAY
  MAXIMUM         70    501 PM  99    1910  86    -16
  MINIMUM         56    841 PM  45    1920  60     -4
  AVERAGE         63                        73    -10

PRECIPITATION (IN)
  YESTERDAY        T             2.14 1984   0.08  -0.08
  MONTH TO DATE    2.56                      2.25   0.31
  SINCE JUN 1      7.13                      7.04   0.09
  SINCE JAN 1     14.88                     11.51   3.37

SNOWFALL (IN)
  YESTERDAY        0.0
  MONTH TO DATE    0.0
  SINCE JUN 1      0.0
  SINCE JUL 1      0.0

DEGREE DAYS
 HEATING
  YESTERDAY        2                         0      2
  MONTH TO DATE    4                         0      4
  SINCE JUN 1      6                        25    -19
  SINCE JUL 1      4                         2      2

 COOLING
  YESTERDAY        0                         8     -8
  MONTH TO DATE  104                       193    -89
  SINCE JUN 1    648                       679    -31
  SINCE JAN 1    680                       730    -50
...............................................................


WIND (MPH)
  HIGHEST WIND SPEED    23   HIGHEST WIND DIRECTION     N (10)
  HIGHEST GUST SPEED    29   HIGHEST GUST DIRECTION     N (10)
  AVERAGE WIND SPEED    11.0


SKY COVER
  AVERAGE SKY COVER 0.6


WEATHER CONDITIONS
 THE FOLLOWING WEATHER WAS RECORDED YESTERDAY.
  LIGHT RAIN
  FOG


RELATIVE HUMIDITY (PERCENT)
 HIGHEST   100           800 AM
 LOWEST     57           100 AM
 AVERAGE    79

..........................................................


THE CLAYTON  NM CLIMATE NORMALS FOR TODAY
                         NORMAL    RECORD    YEAR
 MAXIMUM TEMPERATURE (F)   86        99      1922
 MINIMUM TEMPERATURE (F)   60        42      1910


SUNRISE AND SUNSET
AUGUST 23 2017........SUNRISE   617 AM MDT   SUNSET   733 PM MDT
AUGUST 24 2017........SUNRISE   618 AM MDT   SUNSET   731 PM MDT


-  INDICATES NEGATIVE NUMBERS.
R  INDICATES RECORD WAS SET OR TIED.
MM INDICATES DATA IS MISSING.
T  INDICATES TRACE AMOUNT.




$$
