000
CDUS45 KABQ 260844
CLICAO


CLIMATE REPORT
NATIONAL WEATHER SERVICE ALBUQUERQUE NM
142 AM MST FRI DEC 26 2014


...................................

...THE CLAYTON  NM CLIMATE SUMMARY FOR DECEMBER 25 2014...

CLIMATE NORMAL PERIOD 1981 TO 2010
CLIMATE RECORD PERIOD 1896 TO 2014


WEATHER ITEM   OBSERVED TIME   RECORD YEAR NORMAL DEPARTURE
                VALUE   (LST)  VALUE       VALUE  FROM
                                                  NORMAL
...............................................................
TEMPERATURE (F)
 YESTERDAY
  MAXIMUM         57    125 PM  73    1963  47     10
                                      1919
  MINIMUM         31    839 PM  -2    1962  21     10
  AVERAGE         44                        34     10

PRECIPITATION (IN)
  YESTERDAY        0.00          0.68 1939   0.01  -0.01
  MONTH TO DATE    0.39                      0.29   0.10
  SINCE DEC 1      0.39                      0.29   0.10
  SINCE JAN 1     13.28                     15.72  -2.44

SNOWFALL (IN)
  YESTERDAY        0.0
  MONTH TO DATE    0.8
  SINCE DEC 1      0.8
  SINCE JUL 1      3.4

DEGREE DAYS
 HEATING
  YESTERDAY       21                        31    -10
  MONTH TO DATE  617                       755   -138
  SINCE DEC 1    617                       755   -138
  SINCE JUL 1   1569                      1807   -238

 COOLING
  YESTERDAY        0                         0      0
  MONTH TO DATE    0                         0      0
  SINCE DEC 1      0                         0      0
  SINCE JAN 1   1130                       909    221
...............................................................


WIND (MPH)
  HIGHEST WIND SPEED    29   HIGHEST WIND DIRECTION     S (190)
  HIGHEST GUST SPEED    36   HIGHEST GUST DIRECTION    SW (230)
  AVERAGE WIND SPEED    15.4


SKY COVER
  AVERAGE SKY COVER 0.0


WEATHER CONDITIONS
 THE FOLLOWING WEATHER WAS RECORDED YESTERDAY.
  NO SIGNIFICANT WEATHER WAS OBSERVED.


RELATIVE HUMIDITY (PERCENT)
 HIGHEST    56           700 AM
 LOWEST     20           300 PM
 AVERAGE    38

..........................................................


THE CLAYTON  NM CLIMATE NORMALS FOR TODAY
                         NORMAL    RECORD    YEAR
 MAXIMUM TEMPERATURE (F)   47        92      1917
 MINIMUM TEMPERATURE (F)   21        -2      1962


SUNRISE AND SUNSET
DECEMBER 26 2014......SUNRISE   703 AM MST   SUNSET   444 PM MST
DECEMBER 27 2014......SUNRISE   703 AM MST   SUNSET   444 PM MST


-  INDICATES NEGATIVE NUMBERS.
R  INDICATES RECORD WAS SET OR TIED.
MM INDICATES DATA IS MISSING.
T  INDICATES TRACE AMOUNT.




$$
