000
CDUS45 KABQ 310846
CLICAO


CLIMATE REPORT
NATIONAL WEATHER SERVICE ALBUQUERQUE NM
244 AM MDT MON AUG 31 2015


...................................

...THE CLAYTON  NM CLIMATE SUMMARY FOR AUGUST 30 2015...

CLIMATE NORMAL PERIOD 1981 TO 2010
CLIMATE RECORD PERIOD 1896 TO 2015


WEATHER ITEM   OBSERVED TIME   RECORD YEAR NORMAL DEPARTURE
                VALUE   (LST)  VALUE       VALUE  FROM
                                                  NORMAL
...............................................................
TEMPERATURE (F)
 YESTERDAY
  MAXIMUM         88        MM  99    1922  85      3
  MINIMUM         55        MM  43    1915  58     -3
  AVERAGE         72                        72      0

PRECIPITATION (IN)
  YESTERDAY        0.00          0.83 1997   0.08  -0.08
  MONTH TO DATE    3.95                      2.87   1.08
  SINCE JUN 1     12.75                      7.66   5.09
  SINCE JAN 1     24.28                     12.13  12.15

SNOWFALL (IN)
  YESTERDAY        0.0
  MONTH TO DATE    0.0
  SINCE JUN 1      0.0
  SINCE JUL 1      0.0

DEGREE DAYS
 HEATING
  YESTERDAY        0                         0      0
  MONTH TO DATE    5                         0      5
  SINCE JUN 1      7                        25    -18
  SINCE JUL 1      5                         2      3

 COOLING
  YESTERDAY        7                         7      0
  MONTH TO DATE  280                       252     28
  SINCE JUN 1    865                       738    127
  SINCE JAN 1    870                       789     81
...............................................................


WIND (MPH)
  HIGHEST WIND SPEED    18   HIGHEST WIND DIRECTION     S (190)
  HIGHEST GUST SPEED    24   HIGHEST GUST DIRECTION     S (170)
  AVERAGE WIND SPEED    10.3


SKY COVER
  AVERAGE SKY COVER 0.0


WEATHER CONDITIONS
 THE FOLLOWING WEATHER WAS RECORDED YESTERDAY.
  NO SIGNIFICANT WEATHER WAS OBSERVED.


RELATIVE HUMIDITY (PERCENT)
 HIGHEST    86           500 AM
 LOWEST     29           400 PM
 AVERAGE    58

..........................................................


THE CLAYTON  NM CLIMATE NORMALS FOR TODAY
                         NORMAL    RECORD    YEAR
 MAXIMUM TEMPERATURE (F)   84        98      2011
 MINIMUM TEMPERATURE (F)   58        44      1918


SUNRISE AND SUNSET
AUGUST 31 2015........SUNRISE   623 AM MDT   SUNSET   722 PM MDT
SEPTEMBER  1 2015.....SUNRISE   624 AM MDT   SUNSET   721 PM MDT


-  INDICATES NEGATIVE NUMBERS.
R  INDICATES RECORD WAS SET OR TIED.
MM INDICATES DATA IS MISSING.
T  INDICATES TRACE AMOUNT.




$$
