000
CDUS45 KABQ 280826
CLICAO


CLIMATE REPORT
NATIONAL WEATHER SERVICE ALBUQUERQUE NM
226 AM MDT WED JUN 28 2017


...................................

...THE CLAYTON  NM CLIMATE SUMMARY FOR JUNE 27 2017...

CLIMATE NORMAL PERIOD 1981 TO 2010
CLIMATE RECORD PERIOD 1896 TO 2017


WEATHER ITEM   OBSERVED TIME   RECORD YEAR NORMAL DEPARTURE
                VALUE   (LST)  VALUE       VALUE  FROM
                                                  NORMAL
...............................................................
TEMPERATURE (F)
 YESTERDAY
  MAXIMUM         92    200 PM 105    1924  88      4
  MINIMUM         58    458 AM  46    1985  59     -1
  AVERAGE         75                        73      2

PRECIPITATION (IN)
  YESTERDAY        0.07          1.58 2000   0.07   0.00
  MONTH TO DATE    0.68                      1.90  -1.22
  SINCE JUN 1      0.68                      1.90  -1.22
  SINCE JAN 1      8.43                      6.37   2.06

SNOWFALL (IN)
  YESTERDAY        0.0
  MONTH TO DATE    0.0
  SINCE JUN 1      0.0
  SINCE JUL 1     25.3

DEGREE DAYS
 HEATING
  YESTERDAY        0                         0      0
  MONTH TO DATE    2                        21    -19
  SINCE JUN 1      2                        21    -19
  SINCE JUL 1   4014                      4882   -868

 COOLING
  YESTERDAY       10                         9      1
  MONTH TO DATE  170                       157     13
  SINCE JUN 1    170                       157     13
  SINCE JAN 1    202                       208     -6
...............................................................


WIND (MPH)
  HIGHEST WIND SPEED    31   HIGHEST WIND DIRECTION     S (190)
  HIGHEST GUST SPEED    37   HIGHEST GUST DIRECTION    SW (210)
  AVERAGE WIND SPEED    17.5


SKY COVER
  AVERAGE SKY COVER 0.0


WEATHER CONDITIONS
 THE FOLLOWING WEATHER WAS RECORDED YESTERDAY.
  THUNDERSTORM
  LIGHT RAIN


RELATIVE HUMIDITY (PERCENT)
 HIGHEST    93           500 AM
 LOWEST     23           200 PM
 AVERAGE    58

..........................................................


THE CLAYTON  NM CLIMATE NORMALS FOR TODAY
                         NORMAL    RECORD    YEAR
 MAXIMUM TEMPERATURE (F)   88       104      1968
 MINIMUM TEMPERATURE (F)   59        41      1929


SUNRISE AND SUNSET
JUNE 28 2017..........SUNRISE   537 AM MDT   SUNSET   815 PM MDT
JUNE 29 2017..........SUNRISE   538 AM MDT   SUNSET   815 PM MDT


-  INDICATES NEGATIVE NUMBERS.
R  INDICATES RECORD WAS SET OR TIED.
MM INDICATES DATA IS MISSING.
T  INDICATES TRACE AMOUNT.




$$
