193
CDUS41 KCAR 120705
CLICAR


CLIMATE REPORT
NATIONAL WEATHER SERVICE CARIBOU, ME
205 AM EST FRI FEB 12 2016


...................................

...THE CARIBOU ME CLIMATE SUMMARY FOR FEBRUARY 11 2016...

CLIMATE NORMAL PERIOD 1981 TO 2010
CLIMATE RECORD PERIOD 1939 TO 2016


WEATHER ITEM   OBSERVED TIME   RECORD YEAR NORMAL DEPARTURE LAST
                VALUE   (LST)  VALUE       VALUE  FROM      YEAR
                                                  NORMAL
..................................................................
TEMPERATURE (F)
 YESTERDAY
  MAXIMUM         21   1214 PM  51    1981  23     -2       12
  MINIMUM          4   1159 PM -26    1975   3      1       -9
  AVERAGE         13                        13      0        2

PRECIPITATION (IN)
  YESTERDAY        0.01          1.22 1940   0.07  -0.06     0.00
  MONTH TO DATE    0.87                      0.86   0.01     0.29
  SINCE DEC 1      7.17                      6.84   0.33     9.07
  SINCE JAN 1      2.29                      3.57  -1.28     3.19

SNOWFALL (IN)
  YESTERDAY        0.3          11.4  1940   0.9   -0.6      0.0
  MONTH TO DATE    8.2                       8.9   -0.7      4.6
  SINCE DEC 1     47.2                      57.0   -9.8     65.4
  SINCE JUL 1     51.3                      69.2  -17.9     94.2
  SNOW DEPTH      11

DEGREE DAYS
 HEATING
  YESTERDAY       52                        52      0       63
  MONTH TO DATE  507                       587    -80      723
  SINCE DEC 1   3086                      3736   -650     3779
  SINCE JUL 1   4904                      5881   -977     5731

 COOLING
  YESTERDAY        0                         0      0        0
  MONTH TO DATE    0                         0      0        0
  SINCE DEC 1      0                         0      0        0
  SINCE JAN 1      0                         0      0        0
..................................................................


WIND (MPH)
  HIGHEST WIND SPEED    16   HIGHEST WIND DIRECTION    NW (330)
  HIGHEST GUST SPEED    20   HIGHEST GUST DIRECTION    NW (330)
  AVERAGE WIND SPEED     7.0


SKY COVER
  POSSIBLE SUNSHINE  MM
  AVERAGE SKY COVER 0.8


WEATHER CONDITIONS
 THE FOLLOWING WEATHER WAS RECORDED YESTERDAY.
  LIGHT SNOW
  FOG
  HAZE


RELATIVE HUMIDITY (PERCENT)
 HIGHEST    84          1200 AM
 LOWEST     57          1200 PM
 AVERAGE    71

..........................................................


THE CARIBOU ME CLIMATE NORMALS FOR TODAY
                         NORMAL    RECORD    YEAR
 MAXIMUM TEMPERATURE (F)   23        50      1981
 MINIMUM TEMPERATURE (F)    3       -27      1975


SUNRISE AND SUNSET
FEBRUARY 12 2016......SUNRISE   642 AM EST   SUNSET   451 PM EST
FEBRUARY 13 2016......SUNRISE   640 AM EST   SUNSET   453 PM EST


-  INDICATES NEGATIVE NUMBERS.
R  INDICATES RECORD WAS SET OR TIED.
MM INDICATES DATA IS MISSING.
T  INDICATES TRACE AMOUNT.




$$
