000
CDUS41 KCAR 020544
CLICAR

CLIMATE REPORT
NATIONAL WEATHER SERVICE CARIBOU, ME
137 AM EDT TUE SEP 2 2014


...................................

...THE CARIBOU ME CLIMATE SUMMARY FOR SEPTEMBER 1 2014...

CLIMATE NORMAL PERIOD 1981 TO 2010
CLIMATE RECORD PERIOD 1939 TO 2014


WEATHER ITEM   OBSERVED TIME   RECORD YEAR NORMAL DEPARTURE LAST
                VALUE   (LST)  VALUE       VALUE  FROM      YEAR
                                                  NORMAL
..................................................................
TEMPERATURE (F)
 YESTERDAY
  MAXIMUM         74    412 PM  92    2010  71      3       78
  MINIMUM         64   1159 PM  37    1979  49     15       62
  AVERAGE         69                        60      9       70

PRECIPITATION (IN)
  YESTERDAY        0.23          1.60 1949   0.11   0.12     0.23
  MONTH TO DATE    0.23                      0.11   0.12     0.23
  SINCE SEP 1      0.23                      0.11   0.12     0.23
  SINCE JAN 1     28.89                     24.85   4.04    33.25

SNOWFALL (IN)
  YESTERDAY        0.0           0.0  2002   0.0    0.0      0.0
                                      2001
  MONTH TO DATE    0.0                       0.0    0.0      0.0
  SINCE SEP 1      0.0                       0.0    0.0      0.0
  SINCE JUL 1      0.0                       0.0    0.0      0.0
  SNOW DEPTH       0

DEGREE DAYS
 HEATING
  YESTERDAY        0                         6     -6        0
  MONTH TO DATE    0                         6     -6        0
  SINCE SEP 1      0                         6     -6        0
  SINCE JUL 1     58                       160   -102      114

 COOLING
  YESTERDAY        4                         1      3        5
  MONTH TO DATE    4                         1      3        5
  SINCE SEP 1      4                         1      3        5
  SINCE JAN 1    245                       170     75      184
..................................................................


WIND (MPH)
  HIGHEST WIND SPEED    13   HIGHEST WIND DIRECTION     E (110)
  HIGHEST GUST SPEED    17   HIGHEST GUST DIRECTION     E (110)
  AVERAGE WIND SPEED     5.5


SKY COVER
  POSSIBLE SUNSHINE  MM
  AVERAGE SKY COVER 0.9


WEATHER CONDITIONS
 THE FOLLOWING WEATHER WAS RECORDED YESTERDAY.
  HEAVY RAIN
  LIGHT RAIN
  FOG
  HAZE


RELATIVE HUMIDITY (PERCENT)
 HIGHEST    93           200 AM
 LOWEST     73           200 PM
 AVERAGE    83

..........................................................


THE CARIBOU ME CLIMATE NORMALS FOR TODAY
                         NORMAL    RECORD    YEAR
 MAXIMUM TEMPERATURE (F)   71        88      1999
                                             1979
                                             1942
 MINIMUM TEMPERATURE (F)   49        36      1991


SUNRISE AND SUNSET
SEPTEMBER  2 2014.....SUNRISE   553 AM EDT   SUNSET   710 PM EDT
SEPTEMBER  3 2014.....SUNRISE   554 AM EDT   SUNSET   708 PM EDT


-  INDICATES NEGATIVE NUMBERS.
R  INDICATES RECORD WAS SET OR TIED.
MM INDICATES DATA IS MISSING.
T  INDICATES TRACE AMOUNT.

---------------------------------------------------------------------
THE CARIBOU ME 4 INCH SOIL TEMPERATURE FOR SEPTEMBER 01 2014

MAXIMUM SOIL TEMPERATURE (F)...70
MINIMUM SOIL TEMPERATURE (F)...68


$$
