000
CDAK48 PACD 011115
CLICDB

CLIMATE REPORT
NATIONAL WEATHER SERVICE COLD BAY, AK
315 AM AKDT WED OCT 1 2014

...................................
...THE COLD BAY AP CLIMATE SUMMARY FOR SEPTEMBER 30 2014...

CLIMATE NORMAL PERIOD  1981 TO  2010
CLIMATE RECORD PERIOD  1942 TO  2014

WEATHER ITEM   OBSERVED TIME    RECORD YEAR NORMAL DEPARTURE LAST
               VALUE    (LST)   VALUE       VALUE  FROM      YEAR
                                                   NORMAL
...................................................................
TEMPERATURE
YESTERDAY
 MAXIMUM            54  0441 PM    58  2006     50       4     49
 MINIMUM            42  0104 AM    30  1972     40       2     38
 AVERAGE            48                          45       3     44

PRECIPITATION
(INCHES)
 YESTERDAY        0.00           1.31  1989   0.17   -0.17   0.02
 MONTH TO DATE    5.47                        4.73    0.74   4.91
 SINCE SEP 1      5.47                        4.73    0.74   4.91
 SINCE JAN 1     23.88                       27.47   -3.59  31.83

SNOWFALL
(INCHES)
 YESTERDAY         0.0            0.2  1972    0.0     0.0    0.0
 MONTH TO DATE     0.0                         0.0     0.0    0.0
 SINCE SEP 1       0.0                         0.0     0.0    0.0
 SINCE JUL 1       0.0                         0.0     0.0    0.0
 SNOW DEPTH (IN)     0                                          0

DEGREE DAYS
 HEATING
  YESTERDAY         17                          20      -3     21
  MONTH TO DATE    420                         507     -87    458
  SINCE SEP 1      420                         507     -87    458
  SINCE JUL 1      962                        1351    -389   1129

 COOLING
  YESTERDAY          0                           0       0      0
  MONTH TO DATE      0                           0       0      0
  SINCE SEP 1        0                           0       0      0
  SINCE JAN 1        0                           0       0      0
...................................................................

WIND (MPH)
 HIGHEST WIND SPEED    24     HIGHEST WIND DIRECTION    100
 HIGHEST GUST SPEED    32     HIGHEST GUST DIRECTION    100
 AVERAGE WIND SPEED  11.0


WEATHER CONDITIONS
 THE FOLLOWING WEATHER WAS RECORDED YESTERDAY.
  NO SIGNIFICANT WEATHER WAS OBSERVED.


...................................................................

THE COLD BAY CLIMATE NORMALS FOR TODAY
                           NORMAL    RECORD   YEAR
 MAXIMUM TEMPERATURE (F)     49        56     1954
 MINIMUM TEMPERATURE (F)     39        27     1965

SUNRISE AND SUNSET
 OCT 1 2014..........SUNRISE  8:54 AM      SUNSET  8:26 PM
 OCT 2 2014..........SUNRISE  8:56 AM      SUNSET  8:24 PM

-  INDICATES NEGATIVE NUMBERS.
R  INDICATES RECORD HAS BEEN SET OR TIED.
MM INDICATES DATA IS MISSING.
T  INDICATES TRACE OF PRECIPITATION.

&&
-------------------------------------------------------------------

AMOUNT OF DAYLIGHT TODAY  (HOUR:MIN)........11 HOURS 32 MINUTES
LOSS SINCE YESTERDAY (HOUR:MIN:SEC).........-0:04:28

$$
JEG OCT 14
