949
CDAK48 PAFC 031256
CLICDB

CLIMATE REPORT
NATIONAL WEATHER SERVICE ANCHORAGE, AK
355 AM AKST SAT DEC 3 2016


...................................

...THE COLD BAY CLIMATE SUMMARY FOR DECEMBER 2 2016...

CLIMATE NORMAL PERIOD 1981 TO 2010
CLIMATE RECORD PERIOD 1942 TO 2016


WEATHER ITEM   OBSERVED TIME   RECORD YEAR NORMAL DEPARTURE LAST
                VALUE   (LST)  VALUE       VALUE  FROM      YEAR
                                                  NORMAL
..................................................................
TEMPERATURE (F)
 YESTERDAY
  MAXIMUM         33    229 PM  46    1947  37     -4       34
  MINIMUM         24    521 PM  11    1971  28     -4       22
  AVERAGE         29                        33     -4       28

PRECIPITATION (IN)
  YESTERDAY        0.26          3.63 2000   0.16   0.10     0.03
  MONTH TO DATE    0.26                      0.33  -0.07     0.59
  SINCE DEC 1      0.26                      0.33  -0.07     0.59
  SINCE JAN 1     36.26                     37.54  -1.28    32.00

SNOWFALL (IN)
  YESTERDAY        2.6           3.0  1988   0.4    2.2       T
  MONTH TO DATE    2.6                       0.8    1.8       T
  SINCE DEC 1      2.6                       0.8    1.8       T
  SINCE JUL 1      4.4                      13.4   -9.0      5.3
  SNOW DEPTH       T

DEGREE DAYS
 HEATING
  YESTERDAY       36                        32      4       37
  MONTH TO DATE   71                        64      7       68
  SINCE DEC 1     71                        64      7       68
  SINCE JUL 1   2421                      3084   -663     2561

 COOLING
  YESTERDAY        0                         0      0        0
  MONTH TO DATE    0                         0      0        0
  SINCE DEC 1      0                         0      0        0
  SINCE JAN 1      0                         0      0        0
..................................................................


WIND (MPH)
  RESULTANT WIND SPEED   7   RESULTANT WIND DIRECTION   N (340)
  HIGHEST WIND SPEED    37   HIGHEST WIND DIRECTION     N (350)
  HIGHEST GUST SPEED    45   HIGHEST GUST DIRECTION     N (350)
  AVERAGE WIND SPEED    15.1



WEATHER CONDITIONS
 THE FOLLOWING WEATHER WAS RECORDED YESTERDAY.
  SNOW
  LIGHT SNOW
  FOG
  FOG W/VISIBILITY <= 1/4 MILE


RELATIVE HUMIDITY (PERCENT)
 HIGHEST   100
 LOWEST     58
 AVERAGE    79

..........................................................


THE COLD BAY CLIMATE NORMALS FOR TODAY
                         NORMAL    RECORD    YEAR
 MAXIMUM TEMPERATURE (F)   37        49      2013
 MINIMUM TEMPERATURE (F)   28         9      1987


SUNRISE AND SUNSET
DECEMBER  3 2016......SUNRISE   957 AM AKST  SUNSET   524 PM AKST
DECEMBER  4 2016......SUNRISE   959 AM AKST  SUNSET   524 PM AKST

CIVIL TWILIGHT
DECEMBER 3 2016         START    913 AM GMT     END    609 PM GMT
DECEMBER 4 2016         START    915 AM GMT     END    609 PM GMT



-  INDICATES NEGATIVE NUMBERS.
R  INDICATES RECORD WAS SET OR TIED.
MM INDICATES DATA IS MISSING.
T  INDICATES TRACE AMOUNT.




$$
&&
------------------------------------------------------
AMOUNT OF DAYLIGHT TODAY  (HOUR:MIN)........ 7:27
GAIN/LOSS SINCE YESTERDAY (HOUR:MIN:SEC)....-0:02:11
