000
CDAK48 PAFC 280116
CLICDB

CLIMATE REPORT
NATIONAL WEATHER SERVICE ANCHORAGE, AK
413 PM AKST MON FEB 27 2017


...................................

...THE COLD BAY CLIMATE SUMMARY FOR FEBRUARY 27 2017...
VALID TODAY AS OF 0400 PM LOCAL TIME.

CLIMATE NORMAL PERIOD 1981 TO 2010
CLIMATE RECORD PERIOD 1942 TO 2017


WEATHER ITEM   OBSERVED TIME   RECORD YEAR NORMAL DEPARTURE LAST
                VALUE   (LST)  VALUE       VALUE  FROM      YEAR
                                                  NORMAL
..................................................................
TEMPERATURE (F)
 TODAY
  MAXIMUM         37    100 PM  47    2009  34      3       42
  MINIMUM         32        MM  -1    1976  25      7       31
                                      1954
  AVERAGE         35                        30      5       37

PRECIPITATION (IN)
  TODAY            0.04          2.75 1996   0.10  -0.06     0.03
  MONTH TO DATE    1.85                      2.88  -1.03     1.49
  SINCE DEC 1     12.65                     10.50   2.15    13.24
  SINCE JAN 1      6.98                      6.04   0.94     5.98

SNOWFALL (IN)
  TODAY            0.2           6.3  2002   0.4   -0.2     MM
  MONTH TO DATE    7.5                      12.4   -4.9      0.0
  SINCE DEC 1     35.0                      39.1   -4.1     33.0
  SINCE JUL 1     36.8                      51.7  -14.9     38.3
  SNOW DEPTH       0

DEGREE DAYS
 HEATING
  TODAY           30                        35     -5       28
  MONTH TO DATE  999                       973     26      797
  SINCE DEC 1   3167                      3163      4     2666
  SINCE JUL 1   5517                      6183   -666     5159

 COOLING
  TODAY            0                         0      0        0
  MONTH TO DATE    0                         0      0        0
  SINCE DEC 1      0                         0      0        0
  SINCE JAN 1      0                         0      0        0
..................................................................


WIND (MPH)
  RESULTANT WIND SPEED  11   RESULTANT WIND DIRECTION  NW (310)
  HIGHEST WIND SPEED    17   HIGHEST WIND DIRECTION     W (260)
  HIGHEST GUST SPEED    MM   HIGHEST GUST DIRECTION    MM
  AVERAGE WIND SPEED    14.3



WEATHER CONDITIONS
 THE FOLLOWING WEATHER WAS RECORDED TODAY.
  LIGHT RAIN
  LIGHT SNOW
  FOG


RELATIVE HUMIDITY (PERCENT)
 HIGHEST   100
 LOWEST     76
 AVERAGE    88

..........................................................


THE COLD BAY CLIMATE NORMALS FOR TOMORROW
                         NORMAL    RECORD    YEAR
 MAXIMUM TEMPERATURE (F)   35        50      1991
 MINIMUM TEMPERATURE (F)   25         1      1956


SUNRISE AND SUNSET
FEBRUARY 27 2017......SUNRISE   845 AM AKST  SUNSET   723 PM AKST
FEBRUARY 28 2017......SUNRISE   842 AM AKST  SUNSET   725 PM AKST

CIVIL TWILIGHT
FEBRUARY 27 2017        START    808 AM GMT     END    801 PM GMT
FEBRUARY 28 2017        START    806 AM GMT     END    803 PM GMT



-  INDICATES NEGATIVE NUMBERS.
R  INDICATES RECORD WAS SET OR TIED.
MM INDICATES DATA IS MISSING.
T  INDICATES TRACE AMOUNT.




$$
&&
------------------------------------------------------
AMOUNT OF DAYLIGHT TODAY  (HOUR:MIN)........10:39
GAIN/LOSS SINCE YESTERDAY (HOUR:MIN:SEC)....+0:04:29
