000
CDAK48 PAFC 180035
CLICDB


CLIMATE REPORT
NATIONAL WEATHER SERVICE ANCHORAGE, AK
434 PM AKDT TUE OCT 17 2017


...................................

...THE COLD BAY CLIMATE SUMMARY FOR OCTOBER 17 2017...
VALID TODAY AS OF 0400 PM LOCAL TIME.

CLIMATE NORMAL PERIOD 1981 TO 2010
CLIMATE RECORD PERIOD 1942 TO 2017


WEATHER ITEM   OBSERVED TIME   RECORD YEAR NORMAL DEPARTURE LAST
                VALUE   (LST)  VALUE       VALUE  FROM      YEAR
                                                  NORMAL
..................................................................
TEMPERATURE (F)
 TODAY
  MAXIMUM         45        MM  56    2002  45      0       41
  MINIMUM         39        MM  23    1965  35      4       31
  AVERAGE         42                        40      2       36

PRECIPITATION (IN)
  TODAY            0.07          0.50 1988   0.15  -0.08     0.01
  MONTH TO DATE    2.34                      2.65  -0.31     3.62
  SINCE SEP 1      5.46                      7.38  -1.92     9.43
  SINCE JAN 1     25.02                     30.12  -5.10    28.73

SNOWFALL (IN)
  TODAY            0.0          MM      MM   0.1   -0.1       T
  MONTH TO DATE    0.0                       0.7   -0.7       T
  SINCE SEP 1      0.0                       0.7   -0.7       T
  SINCE JUL 1      0.0                       0.7   -0.7       T
  SNOW DEPTH       0

DEGREE DAYS
 HEATING
  TODAY           23                        25     -2       29
  MONTH TO DATE  332                       389    -57      290
  SINCE SEP 1    833                       896    -63      698
  SINCE JUL 1   1584                      1735   -151     1169

 COOLING
  TODAY            0                         0      0        0
  MONTH TO DATE    0                         0      0        0
  SINCE SEP 1      0                         0      0        0
  SINCE JAN 1      0                         0      0        0
..................................................................


WIND (MPH)
  RESULTANT WIND SPEED  16   RESULTANT WIND DIRECTION  NE (40)
  HIGHEST WIND SPEED    28   HIGHEST WIND DIRECTION     N (360)
  HIGHEST GUST SPEED    39   HIGHEST GUST DIRECTION     N (340)
  AVERAGE WIND SPEED    23.0



WEATHER CONDITIONS
 THE FOLLOWING WEATHER WAS RECORDED TODAY.
  LIGHT RAIN
  FOG


RELATIVE HUMIDITY (PERCENT)
 HIGHEST    92
 LOWEST     83
 AVERAGE    88

..........................................................


THE COLD BAY CLIMATE NORMALS FOR TOMORROW
                         NORMAL    RECORD    YEAR
 MAXIMUM TEMPERATURE (F)   45        58      2004
 MINIMUM TEMPERATURE (F)   35        22      2007


SUNRISE AND SUNSET
OCTOBER 17 2017.......SUNRISE   926 AM AKDT  SUNSET   746 PM AKDT
OCTOBER 18 2017.......SUNRISE   928 AM AKDT  SUNSET   743 PM AKDT


-  INDICATES NEGATIVE NUMBERS.
R  INDICATES RECORD WAS SET OR TIED.
MM INDICATES DATA IS MISSING.
T  INDICATES TRACE AMOUNT.




$$
