000
CDAK48 PACD 261111
CLICDB

CLIMATE REPORT
NATIONAL WEATHER SERVICE COLD BAY, AK
211 AM AKST THU FEB 26 2015

...................................
...THE COLD BAY AP CLIMATE SUMMARY FOR FEBRUARY 25 2015...

CLIMATE NORMAL PERIOD  1981 TO  2010
CLIMATE RECORD PERIOD  1942 TO  2015

WEATHER ITEM   OBSERVED TIME    RECORD YEAR NORMAL DEPARTURE LAST
               VALUE    (LST)   VALUE       VALUE  FROM      YEAR
                                                   NORMAL
...................................................................
TEMPERATURE
YESTERDAY
 MAXIMUM            40  0509 PM    46  2003     34       6     38
 MINIMUM            24  1014 PM    -3  1976     25      -1     33
 AVERAGE            32                          30       2     36

PRECIPITATION
(INCHES)
 YESTERDAY        0.00           0.87  1970   0.10   -0.10   0.20
 MONTH TO DATE    1.08                        2.67   -1.59   3.65
 SINCE DEC 1      5.41                       10.29   -4.88  12.29
 SINCE JAN 1      2.49                        5.83   -3.34   7.98

SNOWFALL
(INCHES)
 YESTERDAY         0.0            4.7  1984    0.4    -0.4    0.8
 MONTH TO DATE     1.0                        11.5   -10.5   13.1
 SINCE DEC 1       4.8                        38.2   -33.4   25.4
 SINCE JUL 1       8.7                        50.8   -42.1   29.0
 SNOW DEPTH (IN)     0                                          1

DEGREE DAYS
 HEATING
  YESTERDAY         33                          35      -2     29
  MONTH TO DATE    769                         903    -134    875
  SINCE DEC 1     2780                        3093    -313   2548
  SINCE JUL 1     5292                        6119    -827   5064

 COOLING
  YESTERDAY          0                           0       0      0
  MONTH TO DATE      0                           0       0      0
  SINCE DEC 1        0                           0       0      0
  SINCE JAN 1        0                           0       0      0
...................................................................

WIND (MPH)
 HIGHEST WIND SPEED    21     HIGHEST WIND DIRECTION    360
 HIGHEST GUST SPEED    23     HIGHEST GUST DIRECTION    360
 AVERAGE WIND SPEED   6.5


WEATHER CONDITIONS
 THE FOLLOWING WEATHER WAS RECORDED YESTERDAY.
  NO SIGNIFICANT WEATHER WAS OBSERVED.

...................................................................

THE COLD BAY CLIMATE NORMALS FOR TODAY
                           NORMAL    RECORD   YEAR
 MAXIMUM TEMPERATURE (F)     34        46     1997
 MINIMUM TEMPERATURE (F)     25         1     2008

SUNRISE AND SUNSET
 FEB 26 2015..........SUNRISE  8:49 AM      SUNSET  7:21 PM
 FEB 27 2015..........SUNRISE  8:46 AM      SUNSET  7:23 PM

-  INDICATES NEGATIVE NUMBERS.
R  INDICATES RECORD HAS BEEN SET OR TIED.
MM INDICATES DATA IS MISSING.
T  INDICATES TRACE OF PRECIPITATION.

&&
-------------------------------------------------------------------

AMOUNT OF DAYLIGHT TODAY  (HOUR:MIN)........10 HOURS 32 MINUTES
GAIN SINCE YESTERDAY (HOUR:MIN:SEC).........+0:04:28

$$

RCS FEB 15
