000
CDUS45 KSLC 051239
CLICDC


CLIMATE REPORT
NATIONAL WEATHER SERVICE SALT LAKE CITY UT
638 AM MDT SUN JUL 5 2015


...................................

...THE CEDAR CITY UT CLIMATE SUMMARY FOR JULY 4 2015...

CLIMATE NORMAL PERIOD 1981 TO 2010
CLIMATE RECORD PERIOD 1928 TO 2015


WEATHER ITEM   OBSERVED TIME   RECORD YEAR NORMAL DEPARTURE LAST
                VALUE   (LST)  VALUE       VALUE  FROM      YEAR
                                                  NORMAL
..................................................................
TEMPERATURE (F)
 YESTERDAY
  MAXIMUM         85   1203 PM 104    1985  89     -4       87
  MINIMUM         68    152 PM  41    1978  54     14       63
  AVERAGE         77                        72      5       75

PRECIPITATION (IN)
  YESTERDAY        T             0.44 1954   0.02  -0.02     0.00
  MONTH TO DATE    0.03                      0.06  -0.03     0.15
  SINCE OCT 1      9.69                      8.74   0.95     5.52
  SINCE JAN 1      7.56                      5.63   1.93     3.58

DEGREE DAYS
 HEATING
  YESTERDAY        0                         0      0        0
  MONTH TO DATE    0                         0      0        0
  SINCE JUN 1     25                        76    -51       27
  SINCE JUL 1      0                         0      0        0

 COOLING
  YESTERDAY       12                         7      5       10
  MONTH TO DATE   50                        26     24       42
  SINCE JUN 1    237                       119    118      142
  SINCE JAN 1    239                       127    112      167
..................................................................


WIND (MPH)
  RESULTANT WIND SPEED   4   RESULTANT WIND DIRECTION   S (200)
  HIGHEST WIND SPEED    22   HIGHEST WIND DIRECTION    SE (120)
  HIGHEST GUST SPEED    26   HIGHEST GUST DIRECTION    SE (120)
  AVERAGE WIND SPEED     6.0



WEATHER CONDITIONS
 THE FOLLOWING WEATHER WAS RECORDED YESTERDAY.
  THUNDERSTORM
  LIGHT RAIN


RELATIVE HUMIDITY (PERCENT)
 HIGHEST    46          1000 PM
 LOWEST     29          1200 PM
 AVERAGE    38

..........................................................


THE CEDAR CITY UT CLIMATE NORMALS FOR TODAY
                         NORMAL    RECORD    YEAR
 MAXIMUM TEMPERATURE (F)   89       104      1985
 MINIMUM TEMPERATURE (F)   55        43      2010


SUNRISE AND SUNSET
JULY  5 2015..........SUNRISE   616 AM MDT   SUNSET   857 PM MDT
JULY  6 2015..........SUNRISE   617 AM MDT   SUNSET   857 PM MDT


-  INDICATES NEGATIVE NUMBERS.
R  INDICATES RECORD WAS SET OR TIED.
MM INDICATES DATA IS MISSING.
T  INDICATES TRACE AMOUNT.




$$
