000
CDUS45 KSLC 280016
CLICDC


CLIMATE REPORT
NATIONAL WEATHER SERVICE SALT LAKE CITY UT
615 PM MDT FRI MAR 27 2015


...................................

...THE CEDAR CITY UT CLIMATE SUMMARY FOR MARCH 27 2015...
VALID TODAY AS OF 0500 PM LOCAL TIME.

CLIMATE NORMAL PERIOD 1981 TO 2010
CLIMATE RECORD PERIOD 1928 TO 2015


WEATHER ITEM   OBSERVED TIME   RECORD YEAR NORMAL DEPARTURE LAST
                VALUE   (LST)  VALUE       VALUE  FROM      YEAR
                                                  NORMAL
..................................................................
TEMPERATURE (F)
 TODAY
  MAXIMUM         73R   359 PM  73    1986  57     16       50
  MINIMUM         27    631 AM   9    1975  27      0       32
  AVERAGE         50                        42      8       41

PRECIPITATION (IN)
  TODAY            0.00          0.48 1993   0.04  -0.04     0.01
  MONTH TO DATE    1.13                      1.18  -0.05     0.37
  SINCE OCT 1      5.18                      6.15  -0.97     3.25
  SINCE JAN 1      3.05                      3.04   0.01     1.31

DEGREE DAYS
 HEATING
  TODAY           15                        23     -8       24
  MONTH TO DATE  602                       683    -81      639
  SINCE MAR 1    602                       683    -81      639
  SINCE JUL 1   4440                      5245   -805     5226

 COOLING
  TODAY            0                         0      0        0
  MONTH TO DATE    0                         0      0        0
  SINCE MAR 1      0                         0      0        0
  SINCE JAN 1      0                         0      0        0
..................................................................


WIND (MPH)
  RESULTANT WIND SPEED   0   RESULTANT WIND DIRECTION   N (20)
  HIGHEST WIND SPEED    13   HIGHEST WIND DIRECTION     W (280)
  HIGHEST GUST SPEED    14   HIGHEST GUST DIRECTION     W (290)
  AVERAGE WIND SPEED     1.8



WEATHER CONDITIONS
 THE FOLLOWING WEATHER WAS RECORDED TODAY.
  NO SIGNIFICANT WEATHER WAS OBSERVED.


RELATIVE HUMIDITY (PERCENT)
 HIGHEST    78           600 AM
 LOWEST     14           300 PM
 AVERAGE    46

..........................................................


THE CEDAR CITY UT CLIMATE NORMALS FOR TOMORROW
                         NORMAL    RECORD    YEAR
 MAXIMUM TEMPERATURE (F)   57        75      1986
 MINIMUM TEMPERATURE (F)   28         4      1975


SUNRISE AND SUNSET
MARCH 27 2015.........SUNRISE   726 AM MDT   SUNSET   751 PM MDT
MARCH 28 2015.........SUNRISE   724 AM MDT   SUNSET   751 PM MDT


-  INDICATES NEGATIVE NUMBERS.
R  INDICATES RECORD WAS SET OR TIED.
MM INDICATES DATA IS MISSING.
T  INDICATES TRACE AMOUNT.




$$
