000
CDUS45 KSLC 300028
CLICDC


CLIMATE REPORT
NATIONAL WEATHER SERVICE SALT LAKE CITY UT
628 PM MDT MON SEP 29 2014


...................................

...THE CEDAR CITY UT CLIMATE SUMMARY FOR SEPTEMBER 29 2014...
VALID TODAY AS OF 0500 PM LOCAL TIME.

CLIMATE NORMAL PERIOD 1981 TO 2010
CLIMATE RECORD PERIOD 1928 TO 2014


WEATHER ITEM   OBSERVED TIME   RECORD YEAR NORMAL DEPARTURE LAST
                VALUE   (LST)  VALUE       VALUE  FROM      YEAR
                                                  NORMAL
..................................................................
TEMPERATURE (F)
 TODAY
  MAXIMUM         64    301 PM  90    2010  73     -9       72
  MINIMUM         43    554 AM  25    1985  39      4       32
  AVERAGE         54                        56     -2       52

PRECIPITATION (IN)
  TODAY            0.00          0.90 1994   0.02  -0.02     0.00
  MONTH TO DATE    2.57                      0.63   1.94     1.79
  SINCE OCT 1      9.62                     11.28  -1.66    15.75
  SINCE JAN 1      7.68                      8.17  -0.49    13.04

DEGREE DAYS
 HEATING
  TODAY           11                         9      2       13
  MONTH TO DATE   49                       126    -77      158
  SINCE SEP 1     49                       126    -77      158
  SINCE JUL 1     55                       135    -80      161

 COOLING
  TODAY            0                         0      0        0
  MONTH TO DATE   61                        36     25       35
  SINCE SEP 1     61                        36     25       35
  SINCE JAN 1    607                       585     22      667
..................................................................


WIND (MPH)
  RESULTANT WIND SPEED   2   RESULTANT WIND DIRECTION   S (190)
  HIGHEST WIND SPEED    13   HIGHEST WIND DIRECTION    SW (210)
  HIGHEST GUST SPEED    18   HIGHEST GUST DIRECTION    SW (220)
  AVERAGE WIND SPEED     3.6



WEATHER CONDITIONS
 THE FOLLOWING WEATHER WAS RECORDED TODAY.
  NO SIGNIFICANT WEATHER WAS OBSERVED.


RELATIVE HUMIDITY (PERCENT)
 HIGHEST    92           500 AM
 LOWEST     36          1200 PM
 AVERAGE    64

..........................................................


THE CEDAR CITY UT CLIMATE NORMALS FOR TOMORROW
                         NORMAL    RECORD    YEAR
 MAXIMUM TEMPERATURE (F)   73        88      2010
 MINIMUM TEMPERATURE (F)   39        25      2007


SUNRISE AND SUNSET
SEPTEMBER 29 2014.....SUNRISE   726 AM MDT   SUNSET   718 PM MDT
SEPTEMBER 30 2014.....SUNRISE   727 AM MDT   SUNSET   717 PM MDT


-  INDICATES NEGATIVE NUMBERS.
R  INDICATES RECORD WAS SET OR TIED.
MM INDICATES DATA IS MISSING.
T  INDICATES TRACE AMOUNT.




$$
