000
CDUS45 KSLC 200029
CLICDC


CLIMATE REPORT
NATIONAL WEATHER SERVICE SALT LAKE CITY UT
629 PM MDT THU OCT 19 2017


...................................

...THE CEDAR CITY UT CLIMATE SUMMARY FOR OCTOBER 19 2017...
VALID TODAY AS OF 0500 PM LOCAL TIME.

CLIMATE NORMAL PERIOD 1981 TO 2010
CLIMATE RECORD PERIOD 1928 TO 2017


WEATHER ITEM   OBSERVED TIME   RECORD YEAR NORMAL DEPARTURE LAST
                VALUE   (LST)  VALUE       VALUE  FROM      YEAR
                                                  NORMAL
..................................................................
TEMPERATURE (F)
 TODAY
  MAXIMUM         76    206 PM  82    2003  65     11       60
  MINIMUM         42    716 AM  22    2013  33      9       27
  AVERAGE         59                        48     11       44

PRECIPITATION (IN)
  TODAY            0.01          0.92 1990   0.05  -0.04     0.00
  MONTH TO DATE    0.01                      0.80  -0.79     0.02
  SINCE OCT 1      0.01                      0.80  -0.79     0.02
  SINCE JAN 1      9.01                      9.00   0.01     7.94

DEGREE DAYS
 HEATING
  TODAY            6                        16    -10       21
  MONTH TO DATE  260                       249     11      186
  SINCE SEP 1    447                       383     64      299
  SINCE JUL 1    447                       392     55      303

 COOLING
  TODAY            0                         0      0        0
  MONTH TO DATE    0                         0      0        2
  SINCE SEP 1     73                        39     34       33
  SINCE JAN 1    865                       588    277      826
..................................................................


WIND (MPH)
  RESULTANT WIND SPEED   4   RESULTANT WIND DIRECTION  SW (220)
  HIGHEST WIND SPEED    24   HIGHEST WIND DIRECTION    SW (210)
  HIGHEST GUST SPEED    29   HIGHEST GUST DIRECTION    SW (220)
  AVERAGE WIND SPEED     7.0



WEATHER CONDITIONS
 THE FOLLOWING WEATHER WAS RECORDED TODAY.
  NO SIGNIFICANT WEATHER WAS OBSERVED.


RELATIVE HUMIDITY (PERCENT)
 HIGHEST    89           700 AM
 LOWEST     22           300 PM
 AVERAGE    56

..........................................................


THE CEDAR CITY UT CLIMATE NORMALS FOR TOMORROW
                         NORMAL    RECORD    YEAR
 MAXIMUM TEMPERATURE (F)   64        80      2003
 MINIMUM TEMPERATURE (F)   32        21      1996


SUNRISE AND SUNSET
OCTOBER 19 2017.......SUNRISE   745 AM MDT   SUNSET   649 PM MDT
OCTOBER 20 2017.......SUNRISE   746 AM MDT   SUNSET   648 PM MDT


-  INDICATES NEGATIVE NUMBERS.
R  INDICATES RECORD WAS SET OR TIED.
MM INDICATES DATA IS MISSING.
T  INDICATES TRACE AMOUNT.




$$
