000
CDUS45 KSLC 281218
CLICDC


CLIMATE REPORT
NATIONAL WEATHER SERVICE SALT LAKE CITY UT
518 AM MST WED JAN 28 2015


...................................

...THE CEDAR CITY UT CLIMATE SUMMARY FOR JANUARY 27 2015...

CLIMATE NORMAL PERIOD 1981 TO 2010
CLIMATE RECORD PERIOD 1928 TO 2015


WEATHER ITEM   OBSERVED TIME   RECORD YEAR NORMAL DEPARTURE LAST
                VALUE   (LST)  VALUE       VALUE  FROM      YEAR
                                                  NORMAL
..................................................................
TEMPERATURE (F)
 YESTERDAY
  MAXIMUM         52    408 PM  60    1986  43      9       54
  MINIMUM         31   1138 PM -10    1979  17     14       12
  AVERAGE         42                        30     12       33

PRECIPITATION (IN)
  YESTERDAY        0.03          0.40 2010   0.03   0.00     0.00
  MONTH TO DATE    0.32                      0.75  -0.43     0.00
  SINCE OCT 1      2.45                      3.86  -1.41     1.94
  SINCE JAN 1      0.32                      0.75  -0.43     0.00

DEGREE DAYS
 HEATING
  YESTERDAY       23                        35    -12       32
  MONTH TO DATE  864                       974   -110      862
  SINCE DEC 1   1842                      2094   -252     2189
  SINCE JUL 1   3033                      3536   -503     3717

 COOLING
  YESTERDAY        0                         0      0        0
  MONTH TO DATE    0                         0      0        0
  SINCE DEC 1      0                         0      0        0
  SINCE JAN 1      0                         0      0        0
..................................................................


WIND (MPH)
  RESULTANT WIND SPEED   9   RESULTANT WIND DIRECTION  SW (210)
  HIGHEST WIND SPEED    22   HIGHEST WIND DIRECTION    SW (230)
  HIGHEST GUST SPEED    28   HIGHEST GUST DIRECTION    SW (220)
  AVERAGE WIND SPEED     9.2



WEATHER CONDITIONS
 THE FOLLOWING WEATHER WAS RECORDED YESTERDAY.
  LIGHT RAIN


RELATIVE HUMIDITY (PERCENT)
 HIGHEST    92           600 AM
 LOWEST     50           300 PM
 AVERAGE    71

..........................................................


THE CEDAR CITY UT CLIMATE NORMALS FOR TODAY
                         NORMAL    RECORD    YEAR
 MAXIMUM TEMPERATURE (F)   43        64      1986
 MINIMUM TEMPERATURE (F)   17       -14      1949


SUNRISE AND SUNSET
JANUARY 28 2015.......SUNRISE   740 AM MST   SUNSET   552 PM MST
JANUARY 29 2015.......SUNRISE   739 AM MST   SUNSET   553 PM MST


-  INDICATES NEGATIVE NUMBERS.
R  INDICATES RECORD WAS SET OR TIED.
MM INDICATES DATA IS MISSING.
T  INDICATES TRACE AMOUNT.




$$
