402
CDUS45 KSLC 151253
CLICDC


CLIMATE REPORT
NATIONAL WEATHER SERVICE SALT LAKE CITY UT
553 AM MST FRI DEC 15 2017


...................................

...THE CEDAR CITY UT CLIMATE SUMMARY FOR DECEMBER 14 2017...

CLIMATE NORMAL PERIOD 1981 TO 2010
CLIMATE RECORD PERIOD 1928 TO 2017


WEATHER ITEM   OBSERVED TIME   RECORD YEAR NORMAL DEPARTURE LAST
                VALUE   (LST)  VALUE       VALUE  FROM      YEAR
                                                  NORMAL
..................................................................
TEMPERATURE (F)
 YESTERDAY
  MAXIMUM         43    315 PM  64    1977  41      2       54
  MINIMUM         18   1140 PM  -4    1972  16      2       30
  AVERAGE         31                        28      3       42

PRECIPITATION (IN)
  YESTERDAY        0.00          0.52 2015   0.02  -0.02     0.00
  MONTH TO DATE    0.00                      0.36  -0.36      T
  SINCE OCT 1      0.21                      2.63  -2.42     1.71
  SINCE JAN 1      9.21                     10.83  -1.62     9.63

DEGREE DAYS
 HEATING
  YESTERDAY       34                        36     -2       23
  MONTH TO DATE  460                       493    -33      443
  SINCE DEC 1    460                       493    -33      443
  SINCE JUL 1   1659                      1935   -276     1540

 COOLING
  YESTERDAY        0                         0      0        0
  MONTH TO DATE    0                         0      0        0
  SINCE DEC 1      0                         0      0        0
  SINCE JAN 1    865                       588    277      826
..................................................................


WIND (MPH)
  RESULTANT WIND SPEED   7   RESULTANT WIND DIRECTION   N (10)
  HIGHEST WIND SPEED    16   HIGHEST WIND DIRECTION     N (350)
  HIGHEST GUST SPEED    21   HIGHEST GUST DIRECTION     N (10)
  AVERAGE WIND SPEED     7.6



WEATHER CONDITIONS
 THE FOLLOWING WEATHER WAS RECORDED YESTERDAY.
  NO SIGNIFICANT WEATHER WAS OBSERVED.


RELATIVE HUMIDITY (PERCENT)
 HIGHEST    84          1100 PM
 LOWEST     43           200 PM
 AVERAGE    64

..........................................................


THE CEDAR CITY UT CLIMATE NORMALS FOR TODAY
                         NORMAL    RECORD    YEAR
 MAXIMUM TEMPERATURE (F)   41        63      1981
 MINIMUM TEMPERATURE (F)   16        -3      1990


SUNRISE AND SUNSET
DECEMBER 15 2017......SUNRISE   741 AM MST   SUNSET   515 PM MST
DECEMBER 16 2017......SUNRISE   741 AM MST   SUNSET   515 PM MST


-  INDICATES NEGATIVE NUMBERS.
R  INDICATES RECORD WAS SET OR TIED.
MM INDICATES DATA IS MISSING.
T  INDICATES TRACE AMOUNT.




$$
