000
CDUS45 KCYS 120730
CLICDR


CLIMATE REPORT
NATIONAL WEATHER SERVICE CHEYENNE WY
1229 AM MST FRI FEB 12 2016


...................................

...THE CHADRON NE AIRPORT CLIMATE SUMMARY FOR FEBRUARY 11 2016...

CLIMATE NORMAL PERIOD 1981 TO 2010
CLIMATE RECORD PERIOD 1895 TO 2016


WEATHER ITEM   OBSERVED TIME   RECORD YEAR NORMAL DEPARTURE LAST
                VALUE   (LST)  VALUE       VALUE  FROM      YEAR
                                                  NORMAL
..................................................................
TEMPERATURE (F)
 YESTERDAY
  MAXIMUM         58    308 PM  66    1990  41     17       52
                                      1951
  MINIMUM         23    232 AM -23    1986  12     11       22
  AVERAGE         41                        26     15       37

PRECIPITATION (IN)
  YESTERDAY        0.00          0.50 1993   0.02  -0.02     0.00
  MONTH TO DATE    0.03                      0.20  -0.17     0.21
  SINCE JAN 1      0.20                      0.56  -0.36     0.57

DEGREE DAYS
 HEATING
  YESTERDAY       24                        39    -15       28
  MONTH TO DATE  372                       434    -62      311
  SINCE DEC 1   2910                      2949    -39     2692
  SINCE JUL 1   4290                      4633   -343     4297

 COOLING
  YESTERDAY        0                         0      0        0
  MONTH TO DATE    0                         0      0        0
  SINCE DEC 1      0                         0      0        0
  SINCE JAN 1      0                         0      0        0
..................................................................


WIND (MPH)
  HIGHEST WIND SPEED    29   HIGHEST WIND DIRECTION    NW (310)
  HIGHEST GUST SPEED    39   HIGHEST GUST DIRECTION    NW (310)
  AVERAGE WIND SPEED     9.1


SKY COVER
  AVERAGE SKY COVER 0.2


WEATHER CONDITIONS
 THE FOLLOWING WEATHER WAS RECORDED YESTERDAY.
  NO SIGNIFICANT WEATHER WAS OBSERVED.


RELATIVE HUMIDITY (PERCENT)
 HIGHEST    92           500 AM
 LOWEST     30           300 PM
 AVERAGE    61

..........................................................


THE CHADRON NE AIRPORT CLIMATE NORMALS FOR TODAY
                         NORMAL    RECORD    YEAR
 MAXIMUM TEMPERATURE (F)   41        74      1962
 MINIMUM TEMPERATURE (F)   12       -24      1986


SUNRISE AND SUNSET
FEBRUARY 12 2016......SUNRISE   654 AM MST   SUNSET   519 PM MST
FEBRUARY 13 2016......SUNRISE   653 AM MST   SUNSET   521 PM MST


-  INDICATES NEGATIVE NUMBERS.
R  INDICATES RECORD WAS SET OR TIED.
MM INDICATES DATA IS MISSING.
T  INDICATES TRACE AMOUNT.




$$
