000
CDUS45 KCYS 070727
CLICDR


CLIMATE REPORT
NATIONAL WEATHER SERVICE CHEYENNE WY
127 AM MDT TUE JUL 7 2015


...................................

...THE CHADRON NE AIRPORT CLIMATE SUMMARY FOR JULY 6 2015...

CLIMATE NORMAL PERIOD 1981 TO 2010
CLIMATE RECORD PERIOD 1895 TO 2015


WEATHER ITEM   OBSERVED TIME   RECORD YEAR NORMAL DEPARTURE LAST
                VALUE   (LST)  VALUE       VALUE  FROM      YEAR
                                                  NORMAL
..................................................................
TEMPERATURE (F)
 YESTERDAY
  MAXIMUM         73    437 PM 109    1973  88    -15       90
  MINIMUM         58    432 AM  48    1945  56      2       60
                                      1931
  AVERAGE         66                        72     -6       75

PRECIPITATION (IN)
  YESTERDAY        0.25          1.05 1922   0.07   0.18     0.00
  MONTH TO DATE    1.92                      0.43   1.49     0.00
  SINCE JAN 1     14.87                     10.61   4.26    11.13

DEGREE DAYS
 HEATING
  YESTERDAY        0                         0      0        0
  MONTH TO DATE    0                         5     -5        7
  SINCE JUN 1      9                        86    -77       90
  SINCE JUL 1      0                         5     -5        7

 COOLING
  YESTERDAY        1                         8     -7       10
  MONTH TO DATE   50                        43      7       41
  SINCE JUN 1    183                       151     32       95
  SINCE JAN 1    183                       171     12      126
..................................................................


WIND (MPH)
  HIGHEST WIND SPEED    16   HIGHEST WIND DIRECTION     N (10)
  HIGHEST GUST SPEED    21   HIGHEST GUST DIRECTION     N (10)
  AVERAGE WIND SPEED     6.8


SKY COVER
  AVERAGE SKY COVER 0.7


WEATHER CONDITIONS
 THE FOLLOWING WEATHER WAS RECORDED YESTERDAY.
  HEAVY RAIN
  RAIN
  LIGHT RAIN
  FOG
  HAZE


RELATIVE HUMIDITY (PERCENT)
 HIGHEST    97           100 AM
 LOWEST     46           400 PM
 AVERAGE    72

..........................................................


THE CHADRON NE AIRPORT CLIMATE NORMALS FOR TODAY
                         NORMAL    RECORD    YEAR
 MAXIMUM TEMPERATURE (F)   89       109      1989
 MINIMUM TEMPERATURE (F)   56        45      1952


SUNRISE AND SUNSET
JULY  7 2015..........SUNRISE   521 AM MDT   SUNSET   833 PM MDT
JULY  8 2015..........SUNRISE   522 AM MDT   SUNSET   833 PM MDT


-  INDICATES NEGATIVE NUMBERS.
R  INDICATES RECORD WAS SET OR TIED.
MM INDICATES DATA IS MISSING.
T  INDICATES TRACE AMOUNT.




$$
