000
CDUS45 KCYS 011613
CLICDR


CLIMATE REPORT
NATIONAL WEATHER SERVICE CHEYENNE WY
1006 AM MDT FRI AUG 1 2014


...................................

...THE CHADRON NE AIRPORT CLIMATE SUMMARY FOR JULY 31 2014...

CLIMATE NORMAL PERIOD 1981 TO 2010
CLIMATE RECORD PERIOD 1895 TO 2014


WEATHER ITEM   OBSERVED TIME   RECORD YEAR NORMAL DEPARTURE LAST
                VALUE   (LST)  VALUE       VALUE  FROM      YEAR
                                                  NORMAL
..................................................................
TEMPERATURE (F)
 YESTERDAY
  MAXIMUM         88    445 PM 108    2002  91     -3       86
  MINIMUM         50    521 AM  43    1925  58     -8       59
  AVERAGE         69                        75     -6       73

PRECIPITATION (IN)
  YESTERDAY        0.00          1.21 1975   0.06  -0.06     0.00
  MONTH TO DATE    0.66                      2.11  -1.45     2.08
  SINCE JAN 1     11.79                     12.29  -0.50    10.92

DEGREE DAYS
 HEATING
  YESTERDAY        0                         0      0        0
  MONTH TO DATE   11                         5      6        0
  SINCE JUN 1     94                        91      3       58
  SINCE JUL 1     11                        10      1        0

 COOLING
  YESTERDAY        4                        10     -6        8
  MONTH TO DATE  259                       276    -17      318
  SINCE JUN 1    313                       384    -71      430
  SINCE JAN 1    344                       404    -60      458
..................................................................


WIND (MPH)
  HIGHEST WIND SPEED    14   HIGHEST WIND DIRECTION    NE (60)
  HIGHEST GUST SPEED    18   HIGHEST GUST DIRECTION     E (100)
  AVERAGE WIND SPEED     3.7


SKY COVER
  AVERAGE SKY COVER 0.0


WEATHER CONDITIONS
 THE FOLLOWING WEATHER WAS RECORDED YESTERDAY.
  NO SIGNIFICANT WEATHER WAS OBSERVED.


RELATIVE HUMIDITY (PERCENT)
 HIGHEST    89           500 AM
 LOWEST     22           400 PM
 AVERAGE    56

..........................................................


THE CHADRON NE AIRPORT CLIMATE NORMALS FOR TODAY
                         NORMAL    RECORD    YEAR
 MAXIMUM TEMPERATURE (F)   91       103      2011
                                             1955
                                             1943
 MINIMUM TEMPERATURE (F)   58        42      2009


SUNRISE AND SUNSET
AUGUST  1 2014........SUNRISE   544 AM MDT   SUNSET   813 PM MDT
AUGUST  2 2014........SUNRISE   545 AM MDT   SUNSET   812 PM MDT


-  INDICATES NEGATIVE NUMBERS.
R  INDICATES RECORD WAS SET OR TIED.
MM INDICATES DATA IS MISSING.
T  INDICATES TRACE AMOUNT.




$$
