000
CDUS45 KCYS 230727
CLICDR


CLIMATE REPORT
NATIONAL WEATHER SERVICE CHEYENNE WY
127 AM MDT WED JUL 23 2014


...................................

...THE CHADRON NE AIRPORT CLIMATE SUMMARY FOR JULY 22 2014...

CLIMATE NORMAL PERIOD 1981 TO 2010
CLIMATE RECORD PERIOD 1895 TO 2014


WEATHER ITEM   OBSERVED TIME   RECORD YEAR NORMAL DEPARTURE LAST
                VALUE   (LST)  VALUE       VALUE  FROM      YEAR
                                                  NORMAL
..................................................................
TEMPERATURE (F)
 YESTERDAY
  MAXIMUM         95    324 PM 107    1964  91      4       90
  MINIMUM         63    538 AM  51    1958  58      5       57
                                      1954
                                      1948
  AVERAGE         79                        75      4       74

PRECIPITATION (IN)
  YESTERDAY        0.43          1.03 1983   0.07   0.36     0.22
  MONTH TO DATE    0.63                      1.56  -0.93     1.47
  SINCE JAN 1     11.76                     11.74   0.02    10.31

DEGREE DAYS
 HEATING
  YESTERDAY        0                         0      0        0
  MONTH TO DATE   11                         5      6        0
  SINCE JUN 1     94                        86      8       58
  SINCE JUL 1     11                         5      6        0

 COOLING
  YESTERDAY       14                        10      4        9
  MONTH TO DATE  179                       186     -7      258
  SINCE JUN 1    233                       294    -61      370
  SINCE JAN 1    264                       314    -50      398
..................................................................


WIND (MPH)
  HIGHEST WIND SPEED    56   HIGHEST WIND DIRECTION    NW (300)
  HIGHEST GUST SPEED    73   HIGHEST GUST DIRECTION    NW (300)
  AVERAGE WIND SPEED    10.9


SKY COVER
  AVERAGE SKY COVER 0.0


WEATHER CONDITIONS
 THE FOLLOWING WEATHER WAS RECORDED YESTERDAY.
  THUNDERSTORM
  HEAVY RAIN
  RAIN
  LIGHT RAIN
  FOG
  HAZE


RELATIVE HUMIDITY (PERCENT)
 HIGHEST    93           400 AM
 LOWEST     28           300 PM
 AVERAGE    61

..........................................................


THE CHADRON NE AIRPORT CLIMATE NORMALS FOR TODAY
                         NORMAL    RECORD    YEAR
 MAXIMUM TEMPERATURE (F)   91       108      1940
 MINIMUM TEMPERATURE (F)   59        46      1990


SUNRISE AND SUNSET
JULY 23 2014..........SUNRISE   535 AM MDT   SUNSET   823 PM MDT
JULY 24 2014..........SUNRISE   536 AM MDT   SUNSET   822 PM MDT


-  INDICATES NEGATIVE NUMBERS.
R  INDICATES RECORD WAS SET OR TIED.
MM INDICATES DATA IS MISSING.
T  INDICATES TRACE AMOUNT.




$$
