000
CDUS44 KLUB 190627
CLICDS


CLIMATE REPORT
NATIONAL WEATHER SERVICE LUBBOCK, TX
1227 AM CST SUN NOV 19 2017


...................................

...THE CHILDRESS CLIMATE SUMMARY FOR NOVEMBER 18 2017...

CLIMATE NORMAL PERIOD 1981 TO 2010
CLIMATE RECORD PERIOD 1893 TO 2017


WEATHER ITEM   OBSERVED TIME   RECORD YEAR NORMAL DEPARTURE LAST
                VALUE   (LST)  VALUE       VALUE  FROM      YEAR
                                                  NORMAL
..................................................................
TEMPERATURE (F)
 YESTERDAY
  MAXIMUM         75    323 AM  88    1942  64     11       56
  MINIMUM         38   1159 PM  12    1903  37      1       33
  AVERAGE         57                        51      6       45

PRECIPITATION (IN)
  YESTERDAY        0.00          1.17 1992   0.03  -0.03     0.00
  MONTH TO DATE    0.05                      0.80  -0.75     2.18
  SINCE SEP 1      5.83                      5.47   0.36     5.97
  SINCE JAN 1     23.51                     22.56   0.95    28.75

SNOWFALL (IN)
  YESTERDAY        0.0          MM      MM   0.0    0.0      0.0
  MONTH TO DATE    0.0                       0.3   -0.3      0.0
  SINCE SEP 1      0.0                       0.5   -0.5      0.0
  SINCE JUL 1      0.0                       0.5   -0.5      0.0
  SNOW DEPTH       0

DEGREE DAYS
 HEATING
  YESTERDAY        8                        15     -7       20
  MONTH TO DATE  153                       201    -48       91
  SINCE SEP 1    301                       353    -52      125
  SINCE JUL 1    301                       353    -52      125

 COOLING
  YESTERDAY        0                         0      0        0
  MONTH TO DATE   10                         7      3       17
  SINCE SEP 1    412                       376     36      497
  SINCE JAN 1   2306                      2207     99     2370
..................................................................


WIND (MPH)
  RESULTANT WIND SPEED  15   RESULTANT WIND DIRECTION   N (350)
  HIGHEST WIND SPEED    41   HIGHEST WIND DIRECTION     N (350)
  HIGHEST GUST SPEED    55   HIGHEST GUST DIRECTION     N (340)
  AVERAGE WIND SPEED    18.1


SKY COVER
  AVERAGE SKY COVER 0.0


WEATHER CONDITIONS
 THE FOLLOWING WEATHER WAS RECORDED YESTERDAY.
  NO SIGNIFICANT WEATHER WAS OBSERVED.


RELATIVE HUMIDITY (PERCENT)
 HIGHEST    50           700 AM
 LOWEST     19           400 PM
 AVERAGE    35

..........................................................


THE CHILDRESS CLIMATE NORMALS FOR TODAY
                         NORMAL    RECORD    YEAR
 MAXIMUM TEMPERATURE (F)   63        86      2007
                                             1949
 MINIMUM TEMPERATURE (F)   37        20      1937
                                             1906


SUNRISE AND SUNSET
NOVEMBER 19 2017......SUNRISE   719 AM CST   SUNSET   534 PM CST
NOVEMBER 20 2017......SUNRISE   719 AM CST   SUNSET   534 PM CST


-  INDICATES NEGATIVE NUMBERS.
R  INDICATES RECORD WAS SET OR TIED.
MM INDICATES DATA IS MISSING.
T  INDICATES TRACE AMOUNT.




$$
