000
CDUS44 KLUB 010626
CLICDS


CLIMATE REPORT
NATIONAL WEATHER SERVICE LUBBOCK, TX
126 AM CDT SUN MAY 1 2016


...................................

...THE CHILDRESS CLIMATE SUMMARY FOR APRIL 30 2016...

CLIMATE NORMAL PERIOD 1981 TO 2010
CLIMATE RECORD PERIOD 1893 TO 2016


WEATHER ITEM   OBSERVED TIME   RECORD YEAR NORMAL DEPARTURE LAST
                VALUE   (LST)  VALUE       VALUE  FROM      YEAR
                                                  NORMAL
..................................................................
TEMPERATURE (F)
 YESTERDAY
  MAXIMUM         73    452 PM  98    2008  80     -7       80
                                      1948
  MINIMUM         44    618 AM  30    1903  53     -9       50
  AVERAGE         59                        67     -8       65

PRECIPITATION (IN)
  YESTERDAY        0.00          2.00 1941   0.09  -0.09     0.00
  MONTH TO DATE    1.99                      2.12  -0.13     5.08
  SINCE MAR 1      2.77                      3.65  -0.88     5.37
  SINCE JAN 1      4.02                      5.43  -1.41     6.65

SNOWFALL (IN)
  YESTERDAY        0.0          MM      MM   0.0    0.0      0.0
  MONTH TO DATE    0.0                       0.2   -0.2      0.0
  SINCE MAR 1      0.0                       0.6   -0.6      2.5
  SINCE JUL 1      7.0                       7.0    0.0      8.0
  SNOW DEPTH       0

DEGREE DAYS
 HEATING
  YESTERDAY        6                         2      4        0
  MONTH TO DATE   92                       152    -60      100
  SINCE MAR 1    325                       528   -203      434
  SINCE JUL 1   2493                      3088   -595     2931

 COOLING
  YESTERDAY        0                         4     -4        0
  MONTH TO DATE   39                        72    -33       79
  SINCE MAR 1     61                        90    -29       96
  SINCE JAN 1     63                        91    -28       96
..................................................................


WIND (MPH)
  RESULTANT WIND SPEED   8   RESULTANT WIND DIRECTION   N (350)
  HIGHEST WIND SPEED    18   HIGHEST WIND DIRECTION     N (10)
  HIGHEST GUST SPEED    22   HIGHEST GUST DIRECTION     N (340)
  AVERAGE WIND SPEED    10.0


SKY COVER
  AVERAGE SKY COVER 0.1


WEATHER CONDITIONS
 THE FOLLOWING WEATHER WAS RECORDED YESTERDAY.
  NO SIGNIFICANT WEATHER WAS OBSERVED.


RELATIVE HUMIDITY (PERCENT)
 HIGHEST    93          1200 AM
 LOWEST     31           400 PM
 AVERAGE    62

..........................................................


THE CHILDRESS CLIMATE NORMALS FOR TODAY
                         NORMAL    RECORD    YEAR
 MAXIMUM TEMPERATURE (F)   81        99      2002
                                             1992
 MINIMUM TEMPERATURE (F)   54        31      1909


SUNRISE AND SUNSET
MAY  1 2016...........SUNRISE   651 AM CDT   SUNSET   826 PM CDT
MAY  2 2016...........SUNRISE   650 AM CDT   SUNSET   827 PM CDT


-  INDICATES NEGATIVE NUMBERS.
R  INDICATES RECORD WAS SET OR TIED.
MM INDICATES DATA IS MISSING.
T  INDICATES TRACE AMOUNT.




$$
