000
CDUS44 KLUB 170625
CLICDS


CLIMATE REPORT
NATIONAL WEATHER SERVICE LUBBOCK, TX
125 AM CDT WED SEP 17 2014


...................................

...THE CHILDRESS CLIMATE SUMMARY FOR SEPTEMBER 16 2014...

CLIMATE NORMAL PERIOD 1981 TO 2010
CLIMATE RECORD PERIOD 1893 TO 2014


WEATHER ITEM   OBSERVED TIME   RECORD YEAR NORMAL DEPARTURE LAST
                VALUE   (LST)  VALUE       VALUE  FROM      YEAR
                                                  NORMAL
..................................................................
TEMPERATURE (F)
 YESTERDAY
  MAXIMUM         86    427 PM 102    1965  87     -1       89
                                      1956
  MINIMUM         65    648 AM  44    1903  61      4       69
  AVERAGE         76                        74      2       79

PRECIPITATION (IN)
  YESTERDAY        0.00          1.35 1936   0.08  -0.08     0.24
  MONTH TO DATE    1.38                      1.39  -0.01     0.54
  SINCE SEP 1      1.38                      1.39  -0.01     0.54
  SINCE JAN 1     16.99                     18.48  -1.49    13.78

SNOWFALL (IN)
  YESTERDAY        0.0          MM      MM   0.0    0.0      0.0
  MONTH TO DATE    0.0                       0.0    0.0      0.0
  SINCE SEP 1      0.0                       0.0    0.0      0.0
  SINCE JUL 1      0.0                       0.0    0.0      0.0
  SNOW DEPTH       0

DEGREE DAYS
 HEATING
  YESTERDAY        0                         0      0        0
  MONTH TO DATE   10                         0     10        0
  SINCE SEP 1     10                         0     10        0
  SINCE JUL 1     10                         0     10        0

 COOLING
  YESTERDAY       11                        10      1       14
  MONTH TO DATE  177                       193    -16      268
  SINCE SEP 1    177                       193    -16      268
  SINCE JAN 1   2036                      2024     12     2199
..................................................................


WIND (MPH)
  RESULTANT WIND SPEED   1   RESULTANT WIND DIRECTION   N (340)
  HIGHEST WIND SPEED    13   HIGHEST WIND DIRECTION     N (360)
  HIGHEST GUST SPEED    16   HIGHEST GUST DIRECTION     S (160)
  AVERAGE WIND SPEED     6.2


SKY COVER
  AVERAGE SKY COVER 0.4


WEATHER CONDITIONS
 THE FOLLOWING WEATHER WAS RECORDED YESTERDAY.
  NO SIGNIFICANT WEATHER WAS OBSERVED.


RELATIVE HUMIDITY (PERCENT)
 HIGHEST    87           500 AM
 LOWEST     48           400 PM
 AVERAGE    68

..........................................................


THE CHILDRESS CLIMATE NORMALS FOR TODAY
                         NORMAL    RECORD    YEAR
 MAXIMUM TEMPERATURE (F)   87       102      1931
 MINIMUM TEMPERATURE (F)   61        45      1903


SUNRISE AND SUNSET
SEPTEMBER 17 2014.....SUNRISE   726 AM CDT   SUNSET   745 PM CDT
SEPTEMBER 18 2014.....SUNRISE   726 AM CDT   SUNSET   744 PM CDT


-  INDICATES NEGATIVE NUMBERS.
R  INDICATES RECORD WAS SET OR TIED.
MM INDICATES DATA IS MISSING.
T  INDICATES TRACE AMOUNT.




$$
