584
CDUS44 KLUB 082333
CLICDS


CLIMATE REPORT
NATIONAL WEATHER SERVICE LUBBOCK, TX
533 PM CST MON FEB 8 2016


...................................

...THE CHILDRESS CLIMATE SUMMARY FOR FEBRUARY 8 2016...
VALID TODAY AS OF 0500 PM LOCAL TIME.

CLIMATE NORMAL PERIOD 1981 TO 2010
CLIMATE RECORD PERIOD 1893 TO 2016


WEATHER ITEM   OBSERVED TIME   RECORD YEAR NORMAL DEPARTURE LAST
                VALUE   (LST)  VALUE       VALUE  FROM      YEAR
                                                  NORMAL
..................................................................
TEMPERATURE (F)
 TODAY
  MAXIMUM         58    315 PM  82    1943  57      1       80
  MINIMUM         28    712 AM  -4    1933  31     -3       42
  AVERAGE         43                        44     -1       61

PRECIPITATION (IN)
  TODAY            0.00          0.80 1933   0.04  -0.04     0.00
                                      1931
  MONTH TO DATE    T                         0.27  -0.27      T
  SINCE DEC 1      1.36                      1.91  -0.55     1.28
  SINCE JAN 1      0.51                      1.00  -0.49     1.08

SNOWFALL (IN)
  TODAY            0.0          MM      MM   0.0    0.0      0.0
  MONTH TO DATE    0.0                       0.4   -0.4      0.0
  SINCE DEC 1      6.2                       4.8    1.4      1.5
  SINCE JUL 1      7.0                       5.7    1.3      3.5
  SNOW DEPTH       0

DEGREE DAYS
 HEATING
  TODAY           22                        21      1        4
  MONTH TO DATE  188                       175     13      152
  SINCE DEC 1   1481                      1618   -137     1477
  SINCE JUL 1   1934                      2178   -244     2032

 COOLING
  TODAY            0                         0      0        0
  MONTH TO DATE    0                         0      0        0
  SINCE DEC 1      0                         0      0        0
  SINCE JAN 1      0                         0      0        0
..................................................................


WIND (MPH)
  RESULTANT WIND SPEED  15   RESULTANT WIND DIRECTION   N (340)
  HIGHEST WIND SPEED    33   HIGHEST WIND DIRECTION     N (360)
  HIGHEST GUST SPEED    41   HIGHEST GUST DIRECTION     N (360)
  AVERAGE WIND SPEED    15.9


SKY COVER
  AVERAGE SKY COVER 0.0


WEATHER CONDITIONS
 THE FOLLOWING WEATHER WAS RECORDED TODAY.
  NO SIGNIFICANT WEATHER WAS OBSERVED.


RELATIVE HUMIDITY (PERCENT)
 HIGHEST    58           500 AM
 LOWEST     11          1200 PM
 AVERAGE    35

..........................................................


THE CHILDRESS CLIMATE NORMALS FOR TOMORROW
                         NORMAL    RECORD    YEAR
 MAXIMUM TEMPERATURE (F)   57        87      1957
 MINIMUM TEMPERATURE (F)   31        -2      1933


SUNRISE AND SUNSET
FEBRUARY  8 2016......SUNRISE   734 AM CST   SUNSET   617 PM CST
FEBRUARY  9 2016......SUNRISE   733 AM CST   SUNSET   618 PM CST


-  INDICATES NEGATIVE NUMBERS.
R  INDICATES RECORD WAS SET OR TIED.
MM INDICATES DATA IS MISSING.
T  INDICATES TRACE AMOUNT.




$$
