000
CDUS44 KLUB 250627
CLICDS


CLIMATE REPORT
NATIONAL WEATHER SERVICE LUBBOCK, TX
127 AM CDT TUE JUL 25 2017


...................................

...THE CHILDRESS CLIMATE SUMMARY FOR JULY 24 2017...

CLIMATE NORMAL PERIOD 1981 TO 2010
CLIMATE RECORD PERIOD 1893 TO 2017


WEATHER ITEM   OBSERVED TIME   RECORD YEAR NORMAL DEPARTURE LAST
                VALUE   (LST)  VALUE       VALUE  FROM      YEAR
                                                  NORMAL
..................................................................
TEMPERATURE (F)
 YESTERDAY
  MAXIMUM         95    249 PM 110    1943  96     -1      102
  MINIMUM         73    640 AM  62    1980  71      2       75
  AVERAGE         84                        84      0       89

PRECIPITATION (IN)
  YESTERDAY        0.00          4.56 1962   0.06  -0.06     0.00
  MONTH TO DATE    1.37                      1.54  -0.17     2.74
  SINCE JUN 1      4.28                      5.49  -1.21     6.65
  SINCE JAN 1     13.55                     14.06  -0.51    18.51

SNOWFALL (IN)
  YESTERDAY        0.0          MM      MM   0.0    0.0      0.0
  MONTH TO DATE    0.0                       0.0    0.0      0.0
  SINCE JUN 1      0.0                       0.0    0.0      0.0
  SINCE JUL 1      0.0                       0.0    0.0      0.0
  SNOW DEPTH       0

DEGREE DAYS
 HEATING
  YESTERDAY        0                         0      0        0
  MONTH TO DATE    0                         0      0        0
  SINCE JUN 1      0                         2     -2        0
  SINCE JUL 1      0                         0      0        0

 COOLING
  YESTERDAY       19                        19      0       24
  MONTH TO DATE  472                       441     31      495
  SINCE JUN 1    959                       862     97      964
  SINCE JAN 1   1310                      1174    136     1228
..................................................................


WIND (MPH)
  RESULTANT WIND SPEED   5   RESULTANT WIND DIRECTION  SE (150)
  HIGHEST WIND SPEED    28   HIGHEST WIND DIRECTION    SW (230)
  HIGHEST GUST SPEED    32   HIGHEST GUST DIRECTION    SW (230)
  AVERAGE WIND SPEED     5.6


SKY COVER
  AVERAGE SKY COVER 0.1


WEATHER CONDITIONS
 THE FOLLOWING WEATHER WAS RECORDED YESTERDAY.
  THUNDERSTORM
  HAZE


RELATIVE HUMIDITY (PERCENT)
 HIGHEST    84           300 AM
 LOWEST     41           200 PM
 AVERAGE    63

..........................................................


THE CHILDRESS CLIMATE NORMALS FOR TODAY
                         NORMAL    RECORD    YEAR
 MAXIMUM TEMPERATURE (F)   96       107      2011
                                             1954
                                             1940
 MINIMUM TEMPERATURE (F)   71        62      2004


SUNRISE AND SUNSET
JULY 25 2017..........SUNRISE   647 AM CDT   SUNSET   848 PM CDT
JULY 26 2017..........SUNRISE   648 AM CDT   SUNSET   847 PM CDT


-  INDICATES NEGATIVE NUMBERS.
R  INDICATES RECORD WAS SET OR TIED.
MM INDICATES DATA IS MISSING.
T  INDICATES TRACE AMOUNT.




$$
