000
CDUS44 KLUB 260626
CLICDS


CLIMATE REPORT
NATIONAL WEATHER SERVICE LUBBOCK, TX
1226 AM CST MON JAN 26 2015


...................................

...THE CHILDRESS CLIMATE SUMMARY FOR JANUARY 25 2015...

CLIMATE NORMAL PERIOD 1981 TO 2010
CLIMATE RECORD PERIOD 1893 TO 2015


WEATHER ITEM   OBSERVED TIME   RECORD YEAR NORMAL DEPARTURE LAST
                VALUE   (LST)  VALUE       VALUE  FROM      YEAR
                                                  NORMAL
..................................................................
TEMPERATURE (F)
 YESTERDAY
  MAXIMUM         63    420 PM  82    1952  55      8       66
  MINIMUM         35    702 AM   4    1894  29      6       35
  AVERAGE         49                        42      7       51

PRECIPITATION (IN)
  YESTERDAY        0.00          0.82 1949   0.03  -0.03     0.00
  MONTH TO DATE    0.57                      0.54   0.03      T
  SINCE DEC 1      0.77                      1.45  -0.68     1.09
  SINCE JAN 1      0.57                      0.54   0.03      T

SNOWFALL (IN)
  YESTERDAY        0.0          MM      MM   0.1   -0.1      0.0
  MONTH TO DATE    T                         2.1   -2.1       T
  SINCE DEC 1      T                         3.8   -3.8      2.3
  SINCE JUL 1      2.0                       4.7   -2.7      6.5
  SNOW DEPTH       0

DEGREE DAYS
 HEATING
  YESTERDAY       16                        23     -7       14
  MONTH TO DATE  636                       593     43      565
  SINCE DEC 1   1266                      1306    -40     1347
  SINCE JUL 1   1821                      1866    -45     1945

 COOLING
  YESTERDAY        0                         0      0        0
  MONTH TO DATE    0                         0      0        0
  SINCE DEC 1      0                         0      0        0
  SINCE JAN 1      0                         0      0        0
..................................................................


WIND (MPH)
  RESULTANT WIND SPEED  12   RESULTANT WIND DIRECTION  NW (330)
  HIGHEST WIND SPEED    28   HIGHEST WIND DIRECTION     N (360)
  HIGHEST GUST SPEED    35   HIGHEST GUST DIRECTION     N (350)
  AVERAGE WIND SPEED    13.2


SKY COVER
  AVERAGE SKY COVER 0.0


WEATHER CONDITIONS
 THE FOLLOWING WEATHER WAS RECORDED YESTERDAY.
  NO SIGNIFICANT WEATHER WAS OBSERVED.


RELATIVE HUMIDITY (PERCENT)
 HIGHEST    75           700 AM
 LOWEST     25          1200 PM
 AVERAGE    50

..........................................................


THE CHILDRESS CLIMATE NORMALS FOR TODAY
                         NORMAL    RECORD    YEAR
 MAXIMUM TEMPERATURE (F)   55        81      1935
 MINIMUM TEMPERATURE (F)   29         4      1904


SUNRISE AND SUNSET
JANUARY 26 2015.......SUNRISE   743 AM CST   SUNSET   605 PM CST
JANUARY 27 2015.......SUNRISE   742 AM CST   SUNSET   606 PM CST


-  INDICATES NEGATIVE NUMBERS.
R  INDICATES RECORD WAS SET OR TIED.
MM INDICATES DATA IS MISSING.
T  INDICATES TRACE AMOUNT.




$$
