000
CDUS44 KLUB 280628
CLICDS


CLIMATE REPORT
NATIONAL WEATHER SERVICE LUBBOCK, TX
128 AM CDT THU AUG 28 2014


...................................

...THE CHILDRESS CLIMATE SUMMARY FOR AUGUST 27 2014...

CLIMATE NORMAL PERIOD 1981 TO 2010
CLIMATE RECORD PERIOD 1893 TO 2014


WEATHER ITEM   OBSERVED TIME   RECORD YEAR NORMAL DEPARTURE LAST
                VALUE   (LST)  VALUE       VALUE  FROM      YEAR
                                                  NORMAL
..................................................................
TEMPERATURE (F)
 YESTERDAY
  MAXIMUM         96    135 PM 107    2011  93      3       91
  MINIMUM         75    343 PM  53    1906  68      7       69
  AVERAGE         86                        80      6       80

PRECIPITATION (IN)
  YESTERDAY        0.85          1.22 1923   0.07   0.78     0.00
  MONTH TO DATE    1.40                      2.27  -0.87     3.09
  SINCE JUN 1      8.75                      8.17   0.58     8.45
  SINCE JAN 1     14.98                     16.74  -1.76    13.24

SNOWFALL (IN)
  YESTERDAY        0.0          MM      MM   0.0    0.0      0.0
  MONTH TO DATE    0.0                       0.0    0.0      0.0
  SINCE JUN 1      0.0                       0.0    0.0      0.0
  SINCE JUL 1      0.0                       0.0    0.0      0.0
  SNOW DEPTH       0

DEGREE DAYS
 HEATING
  YESTERDAY        0                         0      0        0
  MONTH TO DATE    0                         0      0        0
  SINCE JUN 1      0                         2     -2        0
  SINCE JUL 1      0                         0      0        0

 COOLING
  YESTERDAY       21                        16      5       15
  MONTH TO DATE  495                       467     28      470
  SINCE JUN 1   1430                      1457    -27     1501
  SINCE JAN 1   1794                      1769     25     1852
..................................................................


WIND (MPH)
  RESULTANT WIND SPEED   6   RESULTANT WIND DIRECTION   S (160)
  HIGHEST WIND SPEED    23   HIGHEST WIND DIRECTION    SW (220)
  HIGHEST GUST SPEED    38   HIGHEST GUST DIRECTION     W (290)
  AVERAGE WIND SPEED     8.5


SKY COVER
  AVERAGE SKY COVER 0.3


WEATHER CONDITIONS
 THE FOLLOWING WEATHER WAS RECORDED YESTERDAY.
  THUNDERSTORM
  HEAVY RAIN
  LIGHT RAIN


RELATIVE HUMIDITY (PERCENT)
 HIGHEST    74           800 PM
 LOWEST     35           100 PM
 AVERAGE    55

..........................................................


THE CHILDRESS CLIMATE NORMALS FOR TODAY
                         NORMAL    RECORD    YEAR
 MAXIMUM TEMPERATURE (F)   93       110      2011
 MINIMUM TEMPERATURE (F)   68        53      1941


SUNRISE AND SUNSET
AUGUST 28 2014........SUNRISE   711 AM CDT   SUNSET   813 PM CDT
AUGUST 29 2014........SUNRISE   712 AM CDT   SUNSET   811 PM CDT


-  INDICATES NEGATIVE NUMBERS.
R  INDICATES RECORD WAS SET OR TIED.
MM INDICATES DATA IS MISSING.
T  INDICATES TRACE AMOUNT.




$$
