000
CDUS44 KLUB 310627
CLICDS


CLIMATE REPORT
NATIONAL WEATHER SERVICE LUBBOCK, TX
126 AM CDT THU JUL 31 2014


...................................

...THE CHILDRESS CLIMATE SUMMARY FOR JULY 30 2014...

CLIMATE NORMAL PERIOD 1981 TO 2010
CLIMATE RECORD PERIOD 1893 TO 2014


WEATHER ITEM   OBSERVED TIME   RECORD YEAR NORMAL DEPARTURE LAST
                VALUE   (LST)  VALUE       VALUE  FROM      YEAR
                                                  NORMAL
..................................................................
TEMPERATURE (F)
 YESTERDAY
  MAXIMUM         88    443 PM 112    1937  96     -8       97
  MINIMUM         66    735 AM  58    1971  71     -5       74
  AVERAGE         77                        84     -7       86

PRECIPITATION (IN)
  YESTERDAY        0.18          2.97 1982   0.06   0.12      T
  MONTH TO DATE    2.63                      1.88   0.75     2.03
  SINCE JUN 1      7.35                      5.83   1.52     5.36
  SINCE JAN 1     13.58                     14.40  -0.82    10.15

SNOWFALL (IN)
  YESTERDAY        0.0                       0.0    0.0      0.0
  MONTH TO DATE    0.0                       0.0    0.0      0.0
  SINCE JUN 1      0.0                       0.0    0.0      0.0
  SINCE JUL 1      0.0                       0.0    0.0      0.0
  SNOW DEPTH       0

DEGREE DAYS
 HEATING
  YESTERDAY        0                         0      0        0
  MONTH TO DATE    0                         0      0        0
  SINCE JUN 1      0                         2     -2        0
  SINCE JUL 1      0                         0      0        0

 COOLING
  YESTERDAY       12                        19     -7       21
  MONTH TO DATE  480                       555    -75      507
  SINCE JUN 1    925                       976    -51     1009
  SINCE JAN 1   1289                      1288      1     1360
..................................................................


WIND (MPH)
  RESULTANT WIND SPEED   6   RESULTANT WIND DIRECTION   E (70)
  HIGHEST WIND SPEED    24   HIGHEST WIND DIRECTION     N (10)
  HIGHEST GUST SPEED    31   HIGHEST GUST DIRECTION    NE (30)
  AVERAGE WIND SPEED     9.4


SKY COVER
  AVERAGE SKY COVER 0.7


WEATHER CONDITIONS
 THE FOLLOWING WEATHER WAS RECORDED YESTERDAY.
  THUNDERSTORM
  RAIN
  LIGHT RAIN
  FOG


RELATIVE HUMIDITY (PERCENT)
 HIGHEST   100           600 AM
 LOWEST     50           500 PM
 AVERAGE    75

..........................................................


THE CHILDRESS CLIMATE NORMALS FOR TODAY
                         NORMAL    RECORD    YEAR
 MAXIMUM TEMPERATURE (F)   96       108      2012
                                             1944
                                             1934
 MINIMUM TEMPERATURE (F)   71        60      1971


SUNRISE AND SUNSET
JULY 31 2014..........SUNRISE   651 AM CDT   SUNSET   844 PM CDT
AUGUST  1 2014........SUNRISE   652 AM CDT   SUNSET   843 PM CDT


-  INDICATES NEGATIVE NUMBERS.
R  INDICATES RECORD WAS SET OR TIED.
MM INDICATES DATA IS MISSING.
T  INDICATES TRACE AMOUNT.




$$
