563
CDUS44 KLUB 230226
CLICDS


CLIMATE REPORT
NATIONAL WEATHER SERVICE LUBBOCK, TX
826 PM CST MON JAN 22 2018


...................................

...THE CHILDRESS CLIMATE SUMMARY FOR JANUARY 22 2018...
VALID TODAY AS OF 0800 PM LOCAL TIME.

CLIMATE NORMAL PERIOD 1981 TO 2010
CLIMATE RECORD PERIOD 1893 TO 2018


WEATHER ITEM   OBSERVED TIME   RECORD YEAR NORMAL DEPARTURE LAST
                VALUE   (LST)  VALUE       VALUE  FROM      YEAR
                                                  NORMAL
..................................................................
TEMPERATURE (F)
 TODAY
  MAXIMUM         56    425 PM  84    1967  55      1       62
  MINIMUM         35    352 AM  -1    1966  28      7       39
  AVERAGE         46                        42      4       51

PRECIPITATION (IN)
  TODAY            0.00          0.39 1968   0.03  -0.03      T
  MONTH TO DATE    T                         0.46  -0.46     1.72
  SINCE DEC 1      0.03                      1.37  -1.34     3.01
  SINCE JAN 1      T                         0.46  -0.46     1.72

SNOWFALL (IN)
  TODAY            0.0                       0.1   -0.1      0.0
  MONTH TO DATE    0.0                       1.9   -1.9      1.5
  SINCE DEC 1      1.0                       3.6   -2.6      1.5
  SINCE JUL 1      1.0                       4.5   -3.5      1.5
  SNOW DEPTH       0

DEGREE DAYS
 HEATING
  TODAY           19                        23     -4       14
  MONTH TO DATE  586                       524     62      486
  SINCE DEC 1   1272                      1237     35     1173
  SINCE JUL 1   1709                      1797    -88     1440

 COOLING
  TODAY            0                         0      0        0
  MONTH TO DATE    0                         0      0        0
  SINCE DEC 1      0                         0      0        0
  SINCE JAN 1      0                         0      0        0
..................................................................


WIND (MPH)
  RESULTANT WIND SPEED  20   RESULTANT WIND DIRECTION  NW (320)
  HIGHEST WIND SPEED    35   HIGHEST WIND DIRECTION    NW (330)
  HIGHEST GUST SPEED    45   HIGHEST GUST DIRECTION    NW (320)
  AVERAGE WIND SPEED    20.3


SKY COVER
  AVERAGE SKY COVER 0.0


WEATHER CONDITIONS
 THE FOLLOWING WEATHER WAS RECORDED TODAY.
  NO SIGNIFICANT WEATHER WAS OBSERVED.


RELATIVE HUMIDITY (PERCENT)
 HIGHEST    52           100 AM
 LOWEST     14           500 PM
 AVERAGE    33

..........................................................


THE CHILDRESS CLIMATE NORMALS FOR TOMORROW
                         NORMAL    RECORD    YEAR
 MAXIMUM TEMPERATURE (F)   55        82      1909
 MINIMUM TEMPERATURE (F)   29        -3      1966


SUNRISE AND SUNSET
JANUARY 22 2018.......SUNRISE   745 AM CST   SUNSET   601 PM CST
JANUARY 23 2018.......SUNRISE   744 AM CST   SUNSET   602 PM CST


-  INDICATES NEGATIVE NUMBERS.
R  INDICATES RECORD WAS SET OR TIED.
MM INDICATES DATA IS MISSING.
T  INDICATES TRACE AMOUNT.




$$
