000
CDUS44 KLUB 270125
CLICDS


CLIMATE REPORT
NATIONAL WEATHER SERVICE LUBBOCK, TX
825 PM CDT FRI MAY 26 2017


...................................

...THE CHILDRESS CLIMATE SUMMARY FOR MAY 26 2017...
VALID TODAY AS OF 0800 PM LOCAL TIME.

CLIMATE NORMAL PERIOD 1981 TO 2010
CLIMATE RECORD PERIOD 1893 TO 2017


WEATHER ITEM   OBSERVED TIME   RECORD YEAR NORMAL DEPARTURE LAST
                VALUE   (LST)  VALUE       VALUE  FROM      YEAR
                                                  NORMAL
..................................................................
TEMPERATURE (F)
 TODAY
  MAXIMUM         94    634 PM 102    1953  87      7       95
                                      1945
  MINIMUM         65    602 AM  47    1992  61      4       70
                                      1950
  AVERAGE         80                        74      6       83

PRECIPITATION (IN)
  TODAY            0.00          2.00 1919   0.12  -0.12     0.00
  MONTH TO DATE    1.03                      2.50  -1.47     6.65
  SINCE MAR 1      5.05                      6.15  -1.10     9.42
  SINCE JAN 1      9.27                      7.93   1.34    10.67

SNOWFALL (IN)
  TODAY            0.0          MM      MM   0.0    0.0      0.0
  MONTH TO DATE    0.0                       0.0    0.0      0.0
  SINCE MAR 1      0.0                       0.6   -0.6      0.0
  SINCE JUL 1      1.5                       7.0   -5.5      7.0
  SNOW DEPTH       0

DEGREE DAYS
 HEATING
  TODAY            0                         0      0        0
  MONTH TO DATE   21                        27     -6       62
  SINCE MAR 1    380                       555   -175      387
  SINCE JUL 1   2328                      3115   -787     2555

 COOLING
  TODAY           15                         9      6       18
  MONTH TO DATE  146                       170    -24      158
  SINCE MAR 1    281                       260     21      219
  SINCE JAN 1    296                       261     35      221
..................................................................


WIND (MPH)
  RESULTANT WIND SPEED   4   RESULTANT WIND DIRECTION   W (280)
  HIGHEST WIND SPEED    20   HIGHEST WIND DIRECTION     N (360)
  HIGHEST GUST SPEED    23   HIGHEST GUST DIRECTION     S (170)
  AVERAGE WIND SPEED     9.2


SKY COVER
  AVERAGE SKY COVER 0.0


WEATHER CONDITIONS
 THE FOLLOWING WEATHER WAS RECORDED TODAY.
  NO SIGNIFICANT WEATHER WAS OBSERVED.


RELATIVE HUMIDITY (PERCENT)
 HIGHEST    57           800 AM
 LOWEST     19          1200 AM
 AVERAGE    38

..........................................................


THE CHILDRESS CLIMATE NORMALS FOR TOMORROW
                         NORMAL    RECORD    YEAR
 MAXIMUM TEMPERATURE (F)   87       105      2011
                                             1945
 MINIMUM TEMPERATURE (F)   62        41      1907


SUNRISE AND SUNSET
MAY 26 2017...........SUNRISE   632 AM CDT   SUNSET   845 PM CDT
MAY 27 2017...........SUNRISE   632 AM CDT   SUNSET   845 PM CDT


-  INDICATES NEGATIVE NUMBERS.
R  INDICATES RECORD WAS SET OR TIED.
MM INDICATES DATA IS MISSING.
T  INDICATES TRACE AMOUNT.




$$
