000
CDUS44 KLUB 250626
CLICDS


CLIMATE REPORT
NATIONAL WEATHER SERVICE LUBBOCK, TX
126 AM CDT SAT MAR 25 2017


...................................

...THE CHILDRESS CLIMATE SUMMARY FOR MARCH 24 2017...

CLIMATE NORMAL PERIOD 1981 TO 2010
CLIMATE RECORD PERIOD 1893 TO 2017


WEATHER ITEM   OBSERVED TIME   RECORD YEAR NORMAL DEPARTURE LAST
                VALUE   (LST)  VALUE       VALUE  FROM      YEAR
                                                  NORMAL
..................................................................
TEMPERATURE (F)
 YESTERDAY
  MAXIMUM         72   1129 AM  92    1929  70      2       63
  MINIMUM         50   1159 PM  21    1893  42      8       37
  AVERAGE         61                        56      5       50

PRECIPITATION (IN)
  YESTERDAY        T             0.63 2007   0.05  -0.05     0.00
  MONTH TO DATE    0.02                      1.15  -1.13     0.78
  SINCE MAR 1      0.02                      1.15  -1.13     0.78
  SINCE JAN 1      4.24                      2.93   1.31     2.03

SNOWFALL (IN)
  YESTERDAY        0.0          MM      MM   0.0    0.0      0.0
  MONTH TO DATE    0.0                       0.3   -0.3      0.0
  SINCE MAR 1      0.0                       0.3   -0.3      0.0
  SINCE JUL 1      1.5                       6.7   -5.2      7.0
  SNOW DEPTH       0

DEGREE DAYS
 HEATING
  YESTERDAY        4                        10     -6       15
  MONTH TO DATE  179                       311   -132      185
  SINCE MAR 1    179                       311   -132      185
  SINCE JUL 1   2127                      2871   -744     2353

 COOLING
  YESTERDAY        0                         1     -1        0
  MONTH TO DATE   56                         9     47       13
  SINCE MAR 1     56                         9     47       13
  SINCE JAN 1     71                        10     61       15
..................................................................


WIND (MPH)
  RESULTANT WIND SPEED  18   RESULTANT WIND DIRECTION   W (270)
  HIGHEST WIND SPEED    44   HIGHEST WIND DIRECTION     W (290)
  HIGHEST GUST SPEED    56   HIGHEST GUST DIRECTION     W (280)
  AVERAGE WIND SPEED    23.7


SKY COVER
  AVERAGE SKY COVER 0.5


WEATHER CONDITIONS
 THE FOLLOWING WEATHER WAS RECORDED YESTERDAY.
  LIGHT RAIN


RELATIVE HUMIDITY (PERCENT)
 HIGHEST    68          1000 PM
 LOWEST     23          1100 AM
 AVERAGE    46

..........................................................


THE CHILDRESS CLIMATE NORMALS FOR TODAY
                         NORMAL    RECORD    YEAR
 MAXIMUM TEMPERATURE (F)   70        92      1998
                                             1950
 MINIMUM TEMPERATURE (F)   42        21      1955


SUNRISE AND SUNSET
MARCH 25 2017.........SUNRISE   738 AM CDT   SUNSET   757 PM CDT
MARCH 26 2017.........SUNRISE   736 AM CDT   SUNSET   758 PM CDT


-  INDICATES NEGATIVE NUMBERS.
R  INDICATES RECORD WAS SET OR TIED.
MM INDICATES DATA IS MISSING.
T  INDICATES TRACE AMOUNT.




$$
