000
CDUS46 KEKA 080023
CLICEC


CLIMATE REPORT
NATIONAL WEATHER SERVICE EUREKA CA
420 PM PST WED DEC 7 2016


...................................

...THE CRESCENT CITY CA CLIMATE SUMMARY FOR DECEMBER 7 2016...
VALID TODAY AS OF 0400 PM LOCAL TIME.

CLIMATE NORMAL PERIOD 1981 TO 2010
CLIMATE RECORD PERIOD 1894 TO 2016


WEATHER ITEM   OBSERVED TIME   RECORD YEAR NORMAL DEPARTURE LAST
                VALUE   (LST)  VALUE       VALUE  FROM      YEAR
                                                  NORMAL
..................................................................
TEMPERATURE (F)
 TODAY
  MAXIMUM         48    338 PM  70    1979  54     -6       57
  MINIMUM         38    501 AM  28    1951  41     -3       52
  AVERAGE         43                        48     -5       55

PRECIPITATION (IN)
  TODAY            0.00          3.57 1972   0.31  -0.31     1.08
  MONTH TO DATE    0.37                      1.97  -1.60     4.33
  SINCE OCT 1     32.33                     15.94  16.39    14.83
  SINCE JAN 1     65.11                     54.73  10.38    37.83

SNOWFALL (IN)
  TODAY            0.0          MM      MM  MM     MM        0.0
  MONTH TO DATE    0.0                      MM     MM        0.0
  SINCE DEC 1      0.0                      MM     MM        0.0
  SINCE JUL 1      0.0                      MM     MM        0.0
  SNOW DEPTH       0

..................................................................


WIND (MPH)
  HIGHEST WIND SPEED    16   HIGHEST WIND DIRECTION     S (180)
  HIGHEST GUST SPEED    20   HIGHEST GUST DIRECTION    NE (60)
  AVERAGE WIND SPEED     7.7


SKY COVER
  AVERAGE SKY COVER 0.2


WEATHER CONDITIONS
 THE FOLLOWING WEATHER WAS RECORDED TODAY.
  NO SIGNIFICANT WEATHER WAS OBSERVED.


RELATIVE HUMIDITY (PERCENT)
 HIGHEST    76
 LOWEST     53
 AVERAGE    65

..........................................................


THE CRESCENT CITY CA CLIMATE NORMALS FOR TOMORROW
                         NORMAL    RECORD    YEAR
 MAXIMUM TEMPERATURE (F)   54        75      1979
 MINIMUM TEMPERATURE (F)   41        20      1972


SUNRISE AND SUNSET
DECEMBER  7 2016......SUNRISE   731 AM PST   SUNSET   446 PM PST
DECEMBER  8 2016......SUNRISE   732 AM PST   SUNSET   446 PM PST


-  INDICATES NEGATIVE NUMBERS.
R  INDICATES RECORD WAS SET OR TIED.
MM INDICATES DATA IS MISSING.
T  INDICATES TRACE AMOUNT.




$$
