000
CDUS46 KEKA 301209
CLICEC


CLIMATE REPORT
NATIONAL WEATHER SERVICE EUREKA CA
509 AM PDT SUN APR 30 2017


...................................

...THE CRESCENT CITY CA CLIMATE SUMMARY FOR APRIL 29 2017...

CLIMATE NORMAL PERIOD 1981 TO 2010
CLIMATE RECORD PERIOD 1894 TO 2017


WEATHER ITEM   OBSERVED TIME   RECORD YEAR NORMAL DEPARTURE LAST
                VALUE   (LST)  VALUE       VALUE  FROM      YEAR
                                                  NORMAL
..................................................................
TEMPERATURE (F)
 YESTERDAY
  MAXIMUM         58    302 PM  79    1981  55      3       58
  MINIMUM         42    541 AM  35    1975  46     -4       48
  AVERAGE         50                        50      0       53

PRECIPITATION (IN)
  YESTERDAY        0.00          0.90 1988   0.11  -0.11     0.00
  MONTH TO DATE    8.76                      5.09   3.67     2.74
  SINCE OCT 1     90.85                     57.46  33.39    65.77
  SINCE JAN 1     45.75                     32.22  13.53    31.09

SNOWFALL (IN)
  YESTERDAY        0.0          MM      MM  MM     MM        0.0
  MONTH TO DATE    0.0                      MM     MM        0.0
  SINCE MAR 1      0.0                      MM     MM        0.0
  SINCE JUL 1      0.0                      MM     MM        0.0
  SNOW DEPTH       0

DEGREE DAYS
 HEATING
  YESTERDAY       15                        15      0       12
  MONTH TO DATE  411                       455    -44      320
  SINCE MAR 1    854                       968   -114      737
  SINCE JUL 1   3785                      4141   -356     3215

 COOLING
  YESTERDAY        0                         0      0        0
  MONTH TO DATE    0                         0      0        0
  SINCE MAR 1      0                         0      0        0
  SINCE JAN 1      0                         0      0        0
..................................................................


WIND (MPH)
  HIGHEST WIND SPEED    16   HIGHEST WIND DIRECTION    NW (320)
  HIGHEST GUST SPEED    19   HIGHEST GUST DIRECTION    NW (320)
  AVERAGE WIND SPEED     6.1


SKY COVER
  AVERAGE SKY COVER 0.0


WEATHER CONDITIONS
 THE FOLLOWING WEATHER WAS RECORDED YESTERDAY.
  FOG


RELATIVE HUMIDITY (PERCENT)
 HIGHEST   100
 LOWEST     72
 AVERAGE    86

..........................................................


THE CRESCENT CITY CA CLIMATE NORMALS FOR TODAY
                         NORMAL    RECORD    YEAR
 MAXIMUM TEMPERATURE (F)   56        78      2014
 MINIMUM TEMPERATURE (F)   46        34      1964


SUNRISE AND SUNSET
APRIL 30 2017.........SUNRISE   514 AM PST   SUNSET   715 PM PST
MAY  1 2017...........SUNRISE   513 AM PST   SUNSET   716 PM PST


-  INDICATES NEGATIVE NUMBERS.
R  INDICATES RECORD WAS SET OR TIED.
MM INDICATES DATA IS MISSING.
T  INDICATES TRACE AMOUNT.




$$
