000
CDUS46 KEKA 230012
CLICEC


CLIMATE REPORT
NATIONAL WEATHER SERVICE EUREKA CA
512 PM PDT TUE AUG 22 2017


...................................

...THE CRESCENT CITY CA CLIMATE SUMMARY FOR AUGUST 22 2017...
VALID TODAY AS OF 0500 PM LOCAL TIME.

CLIMATE NORMAL PERIOD 1981 TO 2010
CLIMATE RECORD PERIOD 1894 TO 2017


WEATHER ITEM   OBSERVED TIME   RECORD YEAR NORMAL DEPARTURE LAST
                VALUE   (LST)  VALUE       VALUE  FROM      YEAR
                                                  NORMAL
..................................................................
TEMPERATURE (F)
 TODAY
  MAXIMUM         58    219 PM  74    1954  63     -5       58
  MINIMUM         52    830 AM  43    1979  52      0       51
  AVERAGE         55                        57     -2       55

PRECIPITATION (IN)
  TODAY            0.00          0.50 2004   0.02  -0.02     0.00
  MONTH TO DATE    0.02                      0.33  -0.31     0.00
  SINCE OCT 1     94.31                     62.91  31.40    67.46
  SINCE JAN 1     49.21                     37.67  11.54    32.78

SNOWFALL (IN)
  TODAY            0.0          MM      MM  MM     MM        0.0
  MONTH TO DATE    0.0                      MM     MM        0.0
  SINCE JUN 1      0.0                      MM     MM        0.0
  SINCE JUL 1      0.0                      MM     MM        0.0
  SNOW DEPTH       0

..................................................................


WIND (MPH)
  HIGHEST WIND SPEED     9   HIGHEST WIND DIRECTION     S (180)
  HIGHEST GUST SPEED    12   HIGHEST GUST DIRECTION     S (180)
  AVERAGE WIND SPEED     4.5


SKY COVER
  AVERAGE SKY COVER 1.0


WEATHER CONDITIONS
 THE FOLLOWING WEATHER WAS RECORDED TODAY.
  FOG


RELATIVE HUMIDITY (PERCENT)
 HIGHEST   100
 LOWEST     86
 AVERAGE    93

..........................................................


THE CRESCENT CITY CA CLIMATE NORMALS FOR TOMORROW
                         NORMAL    RECORD    YEAR
 MAXIMUM TEMPERATURE (F)   63        75      1971
 MINIMUM TEMPERATURE (F)   52        41      1951


SUNRISE AND SUNSET
AUGUST 22 2017........SUNRISE   633 AM PDT   SUNSET   806 PM PDT
AUGUST 23 2017........SUNRISE   634 AM PDT   SUNSET   804 PM PDT


-  INDICATES NEGATIVE NUMBERS.
R  INDICATES RECORD WAS SET OR TIED.
MM INDICATES DATA IS MISSING.
T  INDICATES TRACE AMOUNT.




$$
