000
CDUS46 KEKA 010011
CLICEC


CLIMATE REPORT
NATIONAL WEATHER SERVICE EUREKA CA
511 PM PDT FRI SEP 30 2016


...................................

...THE CRESCENT CITY CA CLIMATE SUMMARY FOR SEPTEMBER 30 2016...
VALID TODAY AS OF 0500 PM LOCAL TIME.

CLIMATE NORMAL PERIOD 1981 TO 2010
CLIMATE RECORD PERIOD 1894 TO 2016


WEATHER ITEM   OBSERVED TIME   RECORD YEAR NORMAL DEPARTURE LAST
                VALUE   (LST)  VALUE       VALUE  FROM      YEAR
                                                  NORMAL
..................................................................
TEMPERATURE (F)
 TODAY
  MAXIMUM         61    107 PM  88    1958  61      0       63
  MINIMUM         52    410 AM  36    1950  48      4       49
  AVERAGE         57                        54      3       56

PRECIPITATION (IN)
  TODAY            0.00          1.58 1951   0.06  -0.06     0.00
  MONTH TO DATE    T                         0.93  -0.93     0.90
  SINCE OCT 1     67.46                     64.03   3.43    43.83
  SINCE JAN 1     32.78                     38.79  -6.01    23.00

SNOWFALL (IN)
  TODAY            0.0          MM      MM  MM     MM        0.0
  MONTH TO DATE    0.0                      MM     MM        0.0
  SINCE SEP 1      0.0                      MM     MM        0.0
  SINCE JUL 1      0.0                      MM     MM        0.0
  SNOW DEPTH      MM

..................................................................


WIND (MPH)
  HIGHEST WIND SPEED    16   HIGHEST WIND DIRECTION     S (180)
  HIGHEST GUST SPEED    19   HIGHEST GUST DIRECTION     S (190)
  AVERAGE WIND SPEED     9.6


SKY COVER
  AVERAGE SKY COVER 0.8


WEATHER CONDITIONS
 THE FOLLOWING WEATHER WAS RECORDED TODAY.
  NO SIGNIFICANT WEATHER WAS OBSERVED.


RELATIVE HUMIDITY (PERCENT)
 HIGHEST    89
 LOWEST     62
 AVERAGE    76

..........................................................


THE CRESCENT CITY CA CLIMATE NORMALS FOR TOMORROW
                         NORMAL    RECORD    YEAR
 MAXIMUM TEMPERATURE (F)   61        81      1961
 MINIMUM TEMPERATURE (F)   47        34      1950


SUNRISE AND SUNSET
SEPTEMBER 30 2016.....SUNRISE   713 AM PDT   SUNSET   659 PM PDT
OCTOBER  1 2016.......SUNRISE   714 AM PDT   SUNSET   658 PM PDT


-  INDICATES NEGATIVE NUMBERS.
R  INDICATES RECORD WAS SET OR TIED.
MM INDICATES DATA IS MISSING.
T  INDICATES TRACE AMOUNT.




$$
