042
CDUS46 KEKA 061224
CLICEC


CLIMATE REPORT
NATIONAL WEATHER SERVICE EUREKA CA
523 AM PDT FRI MAY 6 2016


...................................

...THE CRESCENT CITY CA CLIMATE SUMMARY FOR MAY 5 2016...

CLIMATE NORMAL PERIOD 1981 TO 2010
CLIMATE RECORD PERIOD 1894 TO 2016


WEATHER ITEM   OBSERVED TIME   RECORD YEAR NORMAL DEPARTURE LAST
                VALUE   (LST)  VALUE       VALUE  FROM      YEAR
                                                  NORMAL
..................................................................
TEMPERATURE (F)
 YESTERDAY
  MAXIMUM         57   1246 PM  74    1982  56      1       57
  MINIMUM         48   1142 PM  35    1965  46      2       41
  AVERAGE         53                        51      2       49

PRECIPITATION (IN)
  YESTERDAY        0.00          2.27 1963   0.11  -0.11     0.00
  MONTH TO DATE    0.02                      0.58  -0.56     0.00
  SINCE OCT 1     65.79                     58.15   7.64    41.20
  SINCE JAN 1     31.11                     32.91  -1.80    20.37

SNOWFALL (IN)
  YESTERDAY        0.0          MM      MM  MM     MM        0.0
  MONTH TO DATE    0.0                      MM     MM        0.0
  SINCE MAR 1      0.0                      MM     MM        0.0
  SINCE JUL 1      0.0                      MM     MM        0.0
  SNOW DEPTH       0

DEGREE DAYS
 HEATING
  YESTERDAY       12                        14     -2       16
  MONTH TO DATE   47                        70    -23       73
  SINCE MAR 1    796                      1054   -258      949
  SINCE JUL 1   3274                      4227   -953     3170

 COOLING
  YESTERDAY        0                         0      0        0
  MONTH TO DATE    0                         0      0        0
  SINCE MAR 1      0                         0      0        0
  SINCE JAN 1      0                         0      0        0
..................................................................


WIND (MPH)
  HIGHEST WIND SPEED    26   HIGHEST WIND DIRECTION     N (340)
  HIGHEST GUST SPEED    35   HIGHEST GUST DIRECTION     N (340)
  AVERAGE WIND SPEED     7.9


SKY COVER
  AVERAGE SKY COVER 0.7


WEATHER CONDITIONS
 THE FOLLOWING WEATHER WAS RECORDED YESTERDAY.
  FOG
  FOG W/VISIBILITY <= 1/4 MILE
  HAZE


RELATIVE HUMIDITY (PERCENT)
 HIGHEST   100
 LOWEST     77
 AVERAGE    89

..........................................................


THE CRESCENT CITY CA CLIMATE NORMALS FOR TODAY
                         NORMAL    RECORD    YEAR
 MAXIMUM TEMPERATURE (F)   56        85      1949
 MINIMUM TEMPERATURE (F)   46        32      1964


SUNRISE AND SUNSET
MAY  6 2016...........SUNRISE   606 AM PDT   SUNSET   821 PM PDT
MAY  7 2016...........SUNRISE   605 AM PDT   SUNSET   822 PM PDT


-  INDICATES NEGATIVE NUMBERS.
R  INDICATES RECORD WAS SET OR TIED.
MM INDICATES DATA IS MISSING.
T  INDICATES TRACE AMOUNT.




$$
