000
CDUS46 KEKA 281216
CLICEC


CLIMATE REPORT
NATIONAL WEATHER SERVICE EUREKA CA
416 AM PST SUN DEC 28 2014


...................................

...THE CRESCENT CITY CA CLIMATE SUMMARY FOR DECEMBER 27 2014...

CLIMATE NORMAL PERIOD 1981 TO 2010
CLIMATE RECORD PERIOD 1894 TO 2014


WEATHER ITEM   OBSERVED TIME   RECORD YEAR NORMAL DEPARTURE LAST
                VALUE   (LST)  VALUE       VALUE  FROM      YEAR
                                                  NORMAL
..................................................................
TEMPERATURE (F)
 YESTERDAY
  MAXIMUM         53    237 PM  68    1993  55     -2       54
  MINIMUM         41    810 AM  29    1966  41      0       38
  AVERAGE         47                        48     -1       46

PRECIPITATION (IN)
  YESTERDAY        0.00          3.22 2002   0.42  -0.42     0.00
  MONTH TO DATE   10.59                      9.75   0.84     1.31
  SINCE JUL 1     24.32                     25.58  -1.26     8.99
  SINCE JAN 1     48.91                     62.51 -13.60    28.92

SNOWFALL (IN)
  YESTERDAY        0.0          MM      MM  MM     MM        0.0
  MONTH TO DATE    0.0                      MM     MM        0.0
  SINCE DEC 1      0.0                      MM     MM        0.0
  SINCE JUL 1      0.0                      MM     MM        0.0
  SNOW DEPTH       0

DEGREE DAYS
 HEATING
  YESTERDAY       18                        17      1       19
  MONTH TO DATE  283                       471   -188      581
  SINCE DEC 1    283                       471   -188      581
  SINCE JUL 1   1390                      2088   -698     2173

 COOLING
  YESTERDAY        0                         0      0        0
  MONTH TO DATE    0                         0      0        0
  SINCE DEC 1      0                         0      0        0
  SINCE JAN 1      1                         0      1        4
..................................................................


WIND (MPH)
  HIGHEST WIND SPEED    10   HIGHEST WIND DIRECTION    NE (40)
  HIGHEST GUST SPEED    13   HIGHEST GUST DIRECTION    NE (40)
  AVERAGE WIND SPEED     3.9


SKY COVER
  AVERAGE SKY COVER 0.2


WEATHER CONDITIONS
 THE FOLLOWING WEATHER WAS RECORDED YESTERDAY.
  NO SIGNIFICANT WEATHER WAS OBSERVED.


RELATIVE HUMIDITY (PERCENT)
 HIGHEST    92
 LOWEST     59
 AVERAGE    76

..........................................................


THE CRESCENT CITY CA CLIMATE NORMALS FOR TODAY
                         NORMAL    RECORD    YEAR
 MAXIMUM TEMPERATURE (F)   55        68      1993
 MINIMUM TEMPERATURE (F)   41        30      1955


SUNRISE AND SUNSET
DECEMBER 28 2014......SUNRISE   744 AM PST   SUNSET   454 PM PST
DECEMBER 29 2014......SUNRISE   744 AM PST   SUNSET   454 PM PST


-  INDICATES NEGATIVE NUMBERS.
R  INDICATES RECORD WAS SET OR TIED.
MM INDICATES DATA IS MISSING.
T  INDICATES TRACE AMOUNT.




$$
