000
CDUS45 KGJT 202331
CLICEZ


CLIMATE REPORT
NATIONAL WEATHER SERVICE GRAND JUNCTION CO
530 PM MDT WED AUG 20 2014


...................................

...THE CORTEZ CO CLIMATE SUMMARY FOR AUGUST 20 2014...
VALID TODAY AS OF 0500 PM LOCAL TIME.

CLIMATE NORMAL PERIOD 1981 TO 2010
CLIMATE RECORD PERIOD 9999 TO 9999


WEATHER ITEM   OBSERVED TIME   RECORD YEAR NORMAL DEPARTURE LAST
                VALUE   (LST)  VALUE       VALUE  FROM      YEAR
                                                  NORMAL
..................................................................
TEMPERATURE (F)
 TODAY
  MAXIMUM         82    339 PM  MM      MM  85     -3       92
  MINIMUM         53    539 AM  MM      MM  52      1       55
  AVERAGE         68                        69     -1       74

PRECIPITATION (IN)
  TODAY            T            MM      MM   0.04  -0.04     0.00
  MONTH TO DATE    0.71                      0.99  -0.28     0.69
  SINCE JUN 1      1.40                      2.76  -1.36     1.63
  SINCE JAN 1      4.39                      7.90  -3.51     4.96

SNOWFALL (IN)
  TODAY           MM            MM      MM  MM     MM       MM
  MONTH TO DATE   MM                        MM     MM       MM
  SINCE JUN 1     MM                        MM     MM       MM
  SINCE JUL 1     MM                        MM     MM       MM
  SNOW DEPTH      MM

DEGREE DAYS
 HEATING
  TODAY            0                         0      0        0
  MONTH TO DATE    0                         0      0        0
  SINCE JUN 1     31                        78    -47       12
  SINCE JUL 1      0                         3     -3        0

 COOLING
  TODAY            3                         4     -1        9
  MONTH TO DATE  119                       114      5      110
  SINCE JUN 1    484                       373    111      535
  SINCE JAN 1    500                       378    122      535
..................................................................


WIND (MPH)
  HIGHEST WIND SPEED    18   HIGHEST WIND DIRECTION     W (280)
  HIGHEST GUST SPEED    25   HIGHEST GUST DIRECTION    NW (300)
  AVERAGE WIND SPEED     6.0


SKY COVER
  POSSIBLE SUNSHINE  MM
  AVERAGE SKY COVER 0.3


WEATHER CONDITIONS
 THE FOLLOWING WEATHER WAS RECORDED TODAY.
  LIGHT RAIN


RELATIVE HUMIDITY (PERCENT)
 HIGHEST   100           400 AM
 LOWEST     20           400 PM
 AVERAGE    60

..........................................................


THE CORTEZ CO CLIMATE NORMALS FOR TOMORROW
                         NORMAL    RECORD    YEAR
 MAXIMUM TEMPERATURE (F)   85        MM        MM
 MINIMUM TEMPERATURE (F)   52        MM        MM


SUNRISE AND SUNSET
AUGUST 20 2014........SUNRISE   635 AM MDT   SUNSET   800 PM MDT
AUGUST 21 2014........SUNRISE   636 AM MDT   SUNSET   759 PM MDT


-  INDICATES NEGATIVE NUMBERS.
R  INDICATES RECORD WAS SET OR TIED.
MM INDICATES DATA IS MISSING.
T  INDICATES TRACE AMOUNT.




$$
