000
CDUS45 KGJT 270733
CLICEZ


CLIMATE REPORT
NATIONAL WEATHER SERVICE GRAND JUNCTION CO
130 AM MDT WED JUL 27 2016


...................................

...THE CORTEZ CO CLIMATE SUMMARY FOR JULY 26 2016...

CLIMATE NORMAL PERIOD 1981 TO 2010
CLIMATE RECORD PERIOD 9999 TO 9999


WEATHER ITEM   OBSERVED TIME   RECORD YEAR NORMAL DEPARTURE LAST
                VALUE   (LST)  VALUE       VALUE  FROM      YEAR
                                                  NORMAL
..................................................................
TEMPERATURE (F)
 YESTERDAY
  MAXIMUM         92    436 PM  MM      MM  90      2       87
  MINIMUM         59   1139 PM  MM      MM  55      4       52
  AVERAGE         76                        72      4       70

PRECIPITATION (IN)
  YESTERDAY        T            MM      MM   0.07  -0.07      T
  MONTH TO DATE    1.25                      0.89   0.36     1.71
  SINCE JUN 1      1.45                      1.37   0.08     3.34
  SINCE JAN 1      4.76                      6.51  -1.75     7.34

SNOWFALL (IN)
  YESTERDAY       MM            MM      MM  MM     MM       MM
  MONTH TO DATE   MM                        MM     MM       MM
  SINCE JUN 1     MM                        MM     MM       MM
  SINCE JUL 1     MM                        MM     MM       MM
  SNOW DEPTH      MM

DEGREE DAYS
 HEATING
  YESTERDAY        0                         0      0        0
  MONTH TO DATE    2                         0      2        0
  SINCE JUN 1     14                        75    -61       40
  SINCE JUL 1      2                         0      2        0

 COOLING
  YESTERDAY       11                         7      4        5
  MONTH TO DATE  182                       163     19      130
  SINCE JUN 1    350                       221    129      245
  SINCE JAN 1    350                       226    124      245
..................................................................


WIND (MPH)
  HIGHEST WIND SPEED    15   HIGHEST WIND DIRECTION     N (350)
  HIGHEST GUST SPEED    20   HIGHEST GUST DIRECTION     N (360)
  AVERAGE WIND SPEED     5.9


SKY COVER
  POSSIBLE SUNSHINE  MM
  AVERAGE SKY COVER 0.2


WEATHER CONDITIONS
 THE FOLLOWING WEATHER WAS RECORDED YESTERDAY.
  THUNDERSTORM
  LIGHT RAIN


RELATIVE HUMIDITY (PERCENT)
 HIGHEST    57           700 AM
 LOWEST     16           500 PM
 AVERAGE    37

..........................................................


THE CORTEZ CO CLIMATE NORMALS FOR TODAY
                         NORMAL    RECORD    YEAR
 MAXIMUM TEMPERATURE (F)   90        MM        MM
 MINIMUM TEMPERATURE (F)   55        MM        MM


SUNRISE AND SUNSET
JULY 27 2016..........SUNRISE   615 AM MDT   SUNSET   826 PM MDT
JULY 28 2016..........SUNRISE   616 AM MDT   SUNSET   825 PM MDT


-  INDICATES NEGATIVE NUMBERS.
R  INDICATES RECORD WAS SET OR TIED.
MM INDICATES DATA IS MISSING.
T  INDICATES TRACE AMOUNT.




$$
