000
CDUS43 KPAH 200628
CLICGI


CLIMATE REPORT
NATIONAL WEATHER SERVICE PADUCAH KY
126 AM CDT SUN APR 20 2014

...................................

...THE CAPE GIRARDEAU MO CLIMATE SUMMARY FOR APRIL 19 2014...

CLIMATE NORMAL PERIOD 1981 TO 2010
CLIMATE RECORD PERIOD 1960 TO 2014

WEATHER ITEM   OBSERVED TIME   RECORD YEAR NORMAL DEPARTURE LAST
                VALUE   (LST)  VALUE       VALUE  FROM      YEAR
                                                  NORMAL
..................................................................
TEMPERATURE (F)
 YESTERDAY
  MAXIMUM         77    352 PM  89    1971  70      7       53
  MINIMUM         44    522 AM  32    1983  47     -3       37
  AVERAGE         61                        58      3

PRECIPITATION (IN)
  YESTERDAY        0.00          2.03 1970   0.15  -0.15     0.00
  MONTH TO DATE    3.71                      2.61   1.10     2.90
  SINCE MAR 1      6.02                      7.01  -0.99     5.45
  SINCE JAN 1      9.16                     13.89  -4.73    12.07

DEGREE DAYS
 HEATING
  YESTERDAY        4                         8     -4       20
  MONTH TO DATE  177                       198    -21      185
  SINCE MAR 1    895                       757    138      907
  SINCE JUL 1   4820                      4254    566     4146

 COOLING
  YESTERDAY        0                         1     -1        0
  MONTH TO DATE    7                        13     -6       24
  SINCE MAR 1      7                        17    -10       24
  SINCE JAN 1      7                        17    -10       24
..................................................................

WIND (MPH)
  HIGHEST WIND SPEED    12   HIGHEST WIND DIRECTION    SE (150)
  HIGHEST GUST SPEED    16   HIGHEST GUST DIRECTION    SE (120)
  AVERAGE WIND SPEED     2.3

SKY COVER
  AVERAGE SKY COVER 0.0

WEATHER CONDITIONS
 THE FOLLOWING WEATHER WAS RECORDED YESTERDAY.
  FOG

RELATIVE HUMIDITY (PERCENT)
 HIGHEST    93
 LOWEST     27
 AVERAGE    60
..........................................................

THE CAPE GIRARDEAU MO CLIMATE NORMALS FOR TODAY
                         NORMAL    RECORD    YEAR
 MAXIMUM TEMPERATURE (F)   70        90      1987
 MINIMUM TEMPERATURE (F)   47        29      1983

SUNRISE AND SUNSET
APRIL 20 2014.........SUNRISE   617 AM CDT   SUNSET   738 PM CDT
APRIL 21 2014.........SUNRISE   616 AM CDT   SUNSET   739 PM CDT

-  INDICATES NEGATIVE NUMBERS.
R  INDICATES RECORD WAS SET OR TIED.
MM INDICATES DATA IS MISSING.
T  INDICATES TRACE AMOUNT.

$$
