000
CDUS43 KPAH 240632
CLICGI


CLIMATE REPORT
NATIONAL WEATHER SERVICE PADUCAH KY
131 AM CDT FRI OCT 24 2014


...................................

...THE CAPE GIRARDEAU MO CLIMATE SUMMARY FOR OCTOBER 23 2014...

CLIMATE NORMAL PERIOD 1981 TO 2010
CLIMATE RECORD PERIOD 1960 TO 2014


WEATHER ITEM   OBSERVED TIME   RECORD YEAR NORMAL DEPARTURE LAST
                VALUE   (LST)  VALUE       VALUE  FROM      YEAR
                                                  NORMAL
..................................................................
TEMPERATURE (F)
 YESTERDAY
  MAXIMUM         59    246 PM  84    2000  68     -9       54
  MINIMUM         33    640 AM  23    1981  43    -10       42
  AVERAGE         46                        56    -10

PRECIPITATION (IN)
  YESTERDAY        T             1.65 2007   0.13  -0.13     0.00
  MONTH TO DATE    3.93                      2.77   1.16     2.58
  SINCE SEP 1      5.98                      6.05  -0.07     3.02
  SINCE JAN 1     38.28                     37.10   1.18    31.25

DEGREE DAYS
 HEATING
  YESTERDAY       19                        10      9       17
  MONTH TO DATE  140                       167    -27      142
  SINCE SEP 1    186                       215    -29      152
  SINCE JUL 1    186                       216    -30      153

 COOLING
  YESTERDAY        0                         0      0        0
  MONTH TO DATE   27                        29     -2       44
  SINCE SEP 1    172                       191    -19      256
  SINCE JAN 1   1411                      1451    -40     1437
..................................................................


WIND (MPH)
  HIGHEST WIND SPEED     8   HIGHEST WIND DIRECTION     S (160)
  HIGHEST GUST SPEED    10   HIGHEST GUST DIRECTION     S (160)
  AVERAGE WIND SPEED     1.6


SKY COVER
  AVERAGE SKY COVER 0.3


WEATHER CONDITIONS
 THE FOLLOWING WEATHER WAS RECORDED YESTERDAY.
  LIGHT SNOW
  FOG
  FOG W/VISIBILITY <= 1/4 MILE


RELATIVE HUMIDITY (PERCENT)
 HIGHEST   100
 LOWEST     57
 AVERAGE    79

..........................................................


THE CAPE GIRARDEAU MO CLIMATE NORMALS FOR TODAY
                         NORMAL    RECORD    YEAR
 MAXIMUM TEMPERATURE (F)   68        84      2000
 MINIMUM TEMPERATURE (F)   43        23      1981


SUNRISE AND SUNSET
OCTOBER 24 2014.......SUNRISE   715 AM CDT   SUNSET   610 PM CDT
OCTOBER 25 2014.......SUNRISE   716 AM CDT   SUNSET   609 PM CDT


-  INDICATES NEGATIVE NUMBERS.
R  INDICATES RECORD WAS SET OR TIED.
MM INDICATES DATA IS MISSING.
T  INDICATES TRACE AMOUNT.




$$
