000
CDUS43 KPAH 080632
CLICGI


CLIMATE REPORT
NATIONAL WEATHER SERVICE PADUCAH KY
130 AM CDT WED JUL 8 2015


...................................

...THE CAPE GIRARDEAU MO CLIMATE SUMMARY FOR JULY 7 2015...

CLIMATE NORMAL PERIOD 1981 TO 2010
CLIMATE RECORD PERIOD 1960 TO 2015


WEATHER ITEM   OBSERVED TIME   RECORD YEAR NORMAL DEPARTURE LAST
                VALUE   (LST)  VALUE       VALUE  FROM      YEAR
                                                  NORMAL
..................................................................
TEMPERATURE (F)
 YESTERDAY
  MAXIMUM         79   1103 AM 104    2012  89    -10       90
  MINIMUM         73   1159 PM  54    2006  68      5       71
  AVERAGE         76                        79     -3

PRECIPITATION (IN)
  YESTERDAY        0.99          1.40 1987   0.12   0.87     0.03
  MONTH TO DATE    2.90                      0.76   2.14     0.92
  SINCE JUN 1      7.22                      4.33   2.89     8.42
  SINCE JAN 1     32.66                     25.43   7.23    26.81

DEGREE DAYS
 HEATING
  YESTERDAY        0                         0      0        0
  MONTH TO DATE    0                         0      0        0
  SINCE JUN 1      5                         4      1        0
  SINCE JUL 1      0                         0      0        0

 COOLING
  YESTERDAY       11                        14     -3       16
  MONTH TO DATE   69                        95    -26       63
  SINCE JUN 1    450                       407     43      422
  SINCE JAN 1    627                       559     68      633
..................................................................


WIND (MPH)
  HIGHEST WIND SPEED    16   HIGHEST WIND DIRECTION     W (280)
  HIGHEST GUST SPEED    21   HIGHEST GUST DIRECTION     S (200)
  AVERAGE WIND SPEED     6.7


SKY COVER
  AVERAGE SKY COVER 0.7


WEATHER CONDITIONS
 THE FOLLOWING WEATHER WAS RECORDED YESTERDAY.
  HEAVY RAIN
  RAIN
  LIGHT RAIN
  FOG


RELATIVE HUMIDITY (PERCENT)
 HIGHEST    94
 LOWEST     87
 AVERAGE    91

..........................................................


THE CAPE GIRARDEAU MO CLIMATE NORMALS FOR TODAY
                         NORMAL    RECORD    YEAR
 MAXIMUM TEMPERATURE (F)   89       102      1990
 MINIMUM TEMPERATURE (F)   68        54      1961


SUNRISE AND SUNSET
JULY  8 2015..........SUNRISE   545 AM CDT   SUNSET   821 PM CDT
JULY  9 2015..........SUNRISE   546 AM CDT   SUNSET   821 PM CDT


-  INDICATES NEGATIVE NUMBERS.
R  INDICATES RECORD WAS SET OR TIED.
MM INDICATES DATA IS MISSING.
T  INDICATES TRACE AMOUNT.




$$
