000
CDUS43 KPAH 270628
CLICGI


CLIMATE REPORT
NATIONAL WEATHER SERVICE PADUCAH KY
126 AM CDT SAT MAY 27 2017


...................................

...THE CAPE GIRARDEAU MO CLIMATE SUMMARY FOR MAY 26 2017...

CLIMATE NORMAL PERIOD 1981 TO 2010
CLIMATE RECORD PERIOD 1960 TO 2017


WEATHER ITEM   OBSERVED TIME   RECORD YEAR NORMAL DEPARTURE LAST
                VALUE   (LST)  VALUE       VALUE  FROM      YEAR
                                                  NORMAL
..................................................................
TEMPERATURE (F)
 YESTERDAY
  MAXIMUM         85   1256 PM  96    2012  81      4       78
  MINIMUM         57    232 AM  43    1988  59     -2       65
  AVERAGE         71                        70      1

PRECIPITATION (IN)
  YESTERDAY        T             5.50 1973   0.15  -0.15     3.69
  MONTH TO DATE    4.59                      4.73  -0.14     7.11
  SINCE MAR 1     15.68                     13.49   2.19    17.27
  SINCE JAN 1     18.70                     20.37  -1.67    22.05

DEGREE DAYS
 HEATING
  YESTERDAY        0                         1     -1        0
  MONTH TO DATE   68                        64      4      100
  SINCE MAR 1    695                       885   -190      679
  SINCE JUL 1   3430                      4382   -952     3571

 COOLING
  YESTERDAY        6                         6      0        7
  MONTH TO DATE   95                        90      5       54
  SINCE MAR 1    137                       121     16       72
  SINCE JAN 1    137                       121     16       72
..................................................................


WIND (MPH)
  HIGHEST WIND SPEED    28   HIGHEST WIND DIRECTION    SW (210)
  HIGHEST GUST SPEED    37   HIGHEST GUST DIRECTION    SW (210)
  AVERAGE WIND SPEED    10.1


SKY COVER
  AVERAGE SKY COVER 0.5


WEATHER CONDITIONS
 THE FOLLOWING WEATHER WAS RECORDED YESTERDAY.
  FOG
  HAZE


RELATIVE HUMIDITY (PERCENT)
 HIGHEST    90
 LOWEST     47
 AVERAGE    69

..........................................................


THE CAPE GIRARDEAU MO CLIMATE NORMALS FOR TODAY
                         NORMAL    RECORD    YEAR
 MAXIMUM TEMPERATURE (F)   81        95      2012
 MINIMUM TEMPERATURE (F)   59        36      1961


SUNRISE AND SUNSET
MAY 27 2017...........SUNRISE   542 AM CDT   SUNSET   810 PM CDT
MAY 28 2017...........SUNRISE   541 AM CDT   SUNSET   811 PM CDT


-  INDICATES NEGATIVE NUMBERS.
R  INDICATES RECORD WAS SET OR TIED.
MM INDICATES DATA IS MISSING.
T  INDICATES TRACE AMOUNT.




$$
