000
CDUS44 KMRX 040921
CLICHA

CLIMATE REPORT
NATIONAL WEATHER SERVICE MORRISTOWN TN
419 AM EST WED MAR 4 2015


...................................

...THE CHATTANOOGA  ASOS CLIMATE SUMMARY FOR MARCH 3 2015...

CLIMATE NORMAL PERIOD 1981 TO 2010
CLIMATE RECORD PERIOD 1879 TO 2015


WEATHER ITEM   OBSERVED TIME   RECORD YEAR NORMAL DEPARTURE LAST
                VALUE   (LST)  VALUE       VALUE  FROM      YEAR
                                                  NORMAL
..................................................................
TEMPERATURE (F)
 YESTERDAY
  MAXIMUM         55    521 PM  79    1899  59     -4       64
  MINIMUM         43    744 AM   9    1980  38      5       30
  AVERAGE         49                        49      0       47

PRECIPITATION (IN)
  YESTERDAY        0.25          2.08 1979   0.16   0.09     0.32
  MONTH TO DATE    0.41                      0.50  -0.09     0.32
  SINCE MAR 1      0.41                      0.50  -0.09     0.32
  SINCE JAN 1      7.40                     10.25  -2.85     7.91

SNOWFALL (IN)
  YESTERDAY        0.0                       0.1   -0.1      0.0
  MONTH TO DATE    0.0                       0.2   -0.2      0.0
  SINCE MAR 1      0.0                       0.2   -0.2      0.0
  SINCE JUL 1      9.5                       2.8    6.7      8.4
  SNOW DEPTH       0

DEGREE DAYS
 HEATING
  YESTERDAY       16                        16      0       18
  MONTH TO DATE   50                        50      0       40
  SINCE MAR 1     50                        50      0       40
  SINCE JUL 1   2883                      2672    211     2834

 COOLING
  YESTERDAY        0                         0      0        0
  MONTH TO DATE    0                         0      0        0
  SINCE MAR 1      0                         0      0        0
  SINCE JAN 1      0                         0      0        0
..................................................................


WIND (MPH)
  HIGHEST WIND SPEED    12   HIGHEST WIND DIRECTION     S (190)
  HIGHEST GUST SPEED    14   HIGHEST GUST DIRECTION     S (200)
  AVERAGE WIND SPEED     3.5


SKY COVER
  POSSIBLE SUNSHINE  MM
  AVERAGE SKY COVER 0.9


WEATHER CONDITIONS
 THE FOLLOWING WEATHER WAS RECORDED YESTERDAY.
  LIGHT RAIN
  FOG
  HAZE


RELATIVE HUMIDITY (PERCENT)
 HIGHEST   100           400 PM
 LOWEST     65           400 AM
 AVERAGE    83

..........................................................


THE CHATTANOOGA  ASOS CLIMATE NORMALS FOR TODAY
                         NORMAL    RECORD    YEAR
 MAXIMUM TEMPERATURE (F)   60        82      1976
 MINIMUM TEMPERATURE (F)   38         9      1943


SUNRISE AND SUNSET
MARCH  4 2015.........SUNRISE   707 AM EST   SUNSET   639 PM EST
MARCH  5 2015.........SUNRISE   705 AM EST   SUNSET   640 PM EST


-  INDICATES NEGATIVE NUMBERS.
R  INDICATES RECORD WAS SET OR TIED.
MM INDICATES DATA IS MISSING.
T  INDICATES TRACE AMOUNT.




$$
