000
CDUS44 KMRX 162126
CLICHA

CLIMATE REPORT NATIONAL WEATHER SERVICE MORRISTOWN TN
525 PM EDT TUE SEP 16 2014

...................................

...THE CHATTANOOGA CLIMATE SUMMARY FOR SEPTEMBER 16 2014... VALID
TODAY AS OF 0500 PM LOCAL TIME.

CLIMATE NORMAL PERIOD 1981 TO 2010
CLIMATE RECORD PERIOD 1879 TO 2014


WEATHER ITEM   OBSERVED TIME   RECORD YEAR NORMAL DEPARTURE LAST
                VALUE   (LST)  VALUE       VALUE  FROM      YEAR
                                                  NORMAL
..................................................................
TEMPERATURE (F)
 TODAY
  MAXIMUM         85    357 PM  96    1991  83      2       87
                                      1927
                                      1897
  MINIMUM         70    805 AM  47    1904  62      8       61
  AVERAGE         78                        72      6       74

PRECIPITATION (IN)
  TODAY            T             5.24 2004   0.13  -0.13     0.00
  MONTH TO DATE    2.31                      2.09   0.22     0.31
  SINCE SEP 1      2.31                      2.09   0.22     0.31
  SINCE JAN 1     30.96                     37.35  -6.39    54.51

SNOWFALL (IN)
  TODAY            0.0                       0.0    0.0      0.0
  MONTH TO DATE    0.0                       0.0    0.0      0.0
  SINCE SEP 1      0.0                       0.0    0.0      0.0
  SINCE JUL 1      0.0                       0.0    0.0      0.0
  SNOW DEPTH       0

DEGREE DAYS
 HEATING
  TODAY            0                         0      0        0
  MONTH TO DATE    0                         0      0        0
  SINCE SEP 1      0                         0      0        0
  SINCE JUL 1      0                         0      0        0

 COOLING
  TODAY           13                         8      5        9
  MONTH TO DATE  227                       161     66      202
  SINCE SEP 1    227                       161     66      202
  SINCE JAN 1   1728                      1611    117     1594
..................................................................


WIND (MPH)
  HIGHEST WIND SPEED     9   HIGHEST WIND DIRECTION    NW (320)
  HIGHEST GUST SPEED    11   HIGHEST GUST DIRECTION    NW (310)
  AVERAGE WIND SPEED     0.8


SKY COVER
  POSSIBLE SUNSHINE  MM
  AVERAGE SKY COVER  MM


WEATHER CONDITIONS
 THE FOLLOWING WEATHER WAS RECORDED TODAY.
  LIGHT RAIN
  FOG
  FOG W/VISIBILITY <= 1/4 MILE


RELATIVE HUMIDITY (PERCENT)
 HIGHEST    93          1200 AM
 LOWEST     55           100 PM
 AVERAGE    74

..........................................................


THE CHATTANOOGA  ASOS CLIMATE NORMALS FOR TOMORROW
                         NORMAL    RECORD    YEAR
 MAXIMUM TEMPERATURE (F)   83        98      1927
 MINIMUM TEMPERATURE (F)   61        49      1985
                                             1984


SUNRISE AND SUNSET
SEPTEMBER 16 2014.....SUNRISE   724 AM EDT   SUNSET   746 PM EDT
SEPTEMBER 17 2014.....SUNRISE   725 AM EDT   SUNSET   745 PM EDT


-  INDICATES NEGATIVE NUMBERS.
R  INDICATES RECORD WAS SET OR TIED.
MM INDICATES DATA IS MISSING.
T  INDICATES TRACE AMOUNT.




$$
