000
CDUS44 KMRX 242232 RRA
CLICHA

CLIMATE REPORT
NATIONAL WEATHER SERVICE MORRISTOWN TN
524 PM EST WED DEC 24 2014


...................................

...THE CHATTANOOGA CLIMATE SUMMARY FOR DECEMBER 24 2014...
VALID TODAY AS OF 500 PM LOCAL TIME.

CLIMATE NORMAL PERIOD 1981 TO 2010
CLIMATE RECORD PERIOD 1879 TO 2014


WEATHER ITEM   OBSERVED TIME   RECORD YEAR NORMAL DEPARTURE LAST
                VALUE   (LST)  VALUE       VALUE  FROM      YEAR
                                                  NORMAL
..................................................................
TEMPERATURE (F)
 TODAY
  MAXIMUM         57    221 PM  75    1964  50      7       39
  MINIMUM         50    259 AM   2    1983  32     18       28
  AVERAGE         54                        41     13       34

PRECIPITATION (IN)
  TODAY            0.64          1.70 2002   0.16   0.48     0.00
                                      1914
  MONTH TO DATE    3.76                      3.88  -0.12     6.61
  SINCE DEC 1      3.76                      3.88  -0.12     6.61
  SINCE JAN 1     44.64                     51.46  -6.82    67.40

SNOWFALL (IN)
  TODAY            0.0                       0.0    0.0      0.0
  MONTH TO DATE    0.0                       0.1   -0.1      0.0
  SINCE DEC 1      0.0                       0.1   -0.1      0.0
  SINCE JUL 1      T                         0.1   -0.1       T
  SNOW DEPTH       0

DEGREE DAYS
 HEATING
  TODAY           11                        24    -13       31
  MONTH TO DATE  444                       526    -82      437
  SINCE DEC 1    444                       526    -82      437
  SINCE JUL 1   1120                      1115      5     1068

 COOLING
  TODAY            0                         0      0        0
  MONTH TO DATE    0                         0      0        4
  SINCE DEC 1      0                         0      0        4
  SINCE JAN 1   1910                      1741    169     1756
..................................................................


WIND (MPH)
  HIGHEST WIND SPEED    18   HIGHEST WIND DIRECTION    SW (210)
  HIGHEST GUST SPEED    25   HIGHEST GUST DIRECTION    SW (240)
  AVERAGE WIND SPEED     7.6


SKY COVER
  POSSIBLE SUNSHINE  MM
  AVERAGE SKY COVER  MM


WEATHER CONDITIONS
 THE FOLLOWING WEATHER WAS RECORDED TODAY.
  HEAVY RAIN
  RAIN
  LIGHT RAIN
  FOG


RELATIVE HUMIDITY (PERCENT)
 HIGHEST   100           100 AM
 LOWEST     74           500 PM
 AVERAGE    87

..........................................................


THE CHATTANOOGA CLIMATE NORMALS FOR TOMORROW
                         NORMAL    RECORD    YEAR
 MAXIMUM TEMPERATURE (F)   50        75      1955
 MINIMUM TEMPERATURE (F)   32        -2      1983


SUNRISE AND SUNSET
DECEMBER 24 2014......SUNRISE   746 AM EST   SUNSET   535 PM EST
DECEMBER 25 2014......SUNRISE   747 AM EST   SUNSET   535 PM EST


-  INDICATES NEGATIVE NUMBERS.
R  INDICATES RECORD WAS SET OR TIED.
MM INDICATES DATA IS MISSING.
T  INDICATES TRACE AMOUNT.




$$
