000
CDUS44 KMRX 202120
CLICHA

CLIMATE REPORT
NATIONAL WEATHER SERVICE MORRISTOWN TN
520 PM EDT SUN APR 20 2014


...................................

...THE CHATTANOOGA CLIMATE SUMMARY FOR APRIL 20 2014...
VALID TODAY AS OF 0500 PM LOCAL TIME.

CLIMATE NORMAL PERIOD 1981 TO 2010
CLIMATE RECORD PERIOD 1879 TO 2014


WEATHER ITEM   OBSERVED TIME   RECORD YEAR NORMAL DEPARTURE LAST
                VALUE   (LST)  VALUE       VALUE  FROM      YEAR
                                                  NORMAL
..................................................................
TEMPERATURE (F)
 TODAY
  MAXIMUM         79    359 PM  89    2002  74      5       65
                                      1971
                                      1891
  MINIMUM         44    616 AM  28    1983  50     -6       37
  AVERAGE         62                        62      0       51

PRECIPITATION (IN)
  TODAY            0.00          1.87 1920   0.12  -0.12     0.00
  MONTH TO DATE    2.87                      2.67   0.20     5.67
  SINCE MAR 1      5.25                      7.65  -2.40    10.38
  SINCE JAN 1     12.84                     17.40  -4.56    24.06

SNOWFALL (IN)
  TODAY            0.0                       0.0    0.0      0.0
  MONTH TO DATE    0.0                       0.1   -0.1      0.0
  SINCE MAR 1      T                         1.3   -1.3       T
  SINCE JUL 1      8.4                       3.9    4.5      0.3
  SNOW DEPTH       0

DEGREE DAYS
 HEATING
  TODAY            3                         5     -2       14
  MONTH TO DATE  123                       138    -15      114
  SINCE MAR 1    558                       542     16      665
  SINCE JUL 1   3352                      3164    188     2981

 COOLING
  TODAY            0                         1     -1        0
  MONTH TO DATE   15                        20     -5       34
  SINCE MAR 1     15                        27    -12       37
  SINCE JAN 1     15                        27    -12       39
..................................................................


WIND (MPH)
  HIGHEST WIND SPEED    13   HIGHEST WIND DIRECTION     N (360)
  HIGHEST GUST SPEED    17   HIGHEST GUST DIRECTION     N (20)
  AVERAGE WIND SPEED     2.1


SKY COVER
  POSSIBLE SUNSHINE  MM
  AVERAGE SKY COVER  MM


WEATHER CONDITIONS
 THE FOLLOWING WEATHER WAS RECORDED TODAY.
  FOG


RELATIVE HUMIDITY (PERCENT)
 HIGHEST    93           400 AM
 LOWEST     21           400 PM
 AVERAGE    57

..........................................................


THE CHATTANOOGA CLIMATE NORMALS FOR TOMORROW
                         NORMAL    RECORD    YEAR
 MAXIMUM TEMPERATURE (F)   74        88      2002
                                             1994
                                             1987
 MINIMUM TEMPERATURE (F)   50        28      1983


SUNRISE AND SUNSET
APRIL 20 2014.........SUNRISE   703 AM EDT   SUNSET   817 PM EDT
APRIL 21 2014.........SUNRISE   701 AM EDT   SUNSET   818 PM EDT


-  INDICATES NEGATIVE NUMBERS.
R  INDICATES RECORD WAS SET OR TIED.
MM INDICATES DATA IS MISSING.
T  INDICATES TRACE AMOUNT.




$$
