000
CDUS44 KMRX 281354
CLICHA

CLIMATE REPORT
NATIONAL WEATHER SERVICE MORRISTOWN TN
854 AM EST FRI NOV 28 2014


...................................

...THE CHATTANOOGA CLIMATE SUMMARY FOR NOVEMBER 27 2014...

CLIMATE NORMAL PERIOD 1981 TO 2010
CLIMATE RECORD PERIOD 1879 TO 2014


WEATHER ITEM   OBSERVED TIME   RECORD YEAR NORMAL DEPARTURE LAST
                VALUE   (LST)  VALUE       VALUE  FROM      YEAR
                                                  NORMAL
..................................................................
TEMPERATURE (F)
 YESTERDAY
  MAXIMUM         46   1227 AM  79    1990  58    -12       40
  MINIMUM         33   1159 PM  18    1903  37     -4       25
                                      1898
  AVERAGE         40                        47     -7       33

PRECIPITATION (IN)
  YESTERDAY        0.01          2.85 1973   0.19  -0.18      T
  MONTH TO DATE    3.45                      4.42  -0.97     4.18
  SINCE SEP 1     12.23                     11.74   0.49     6.59
  SINCE JAN 1     40.88                     47.00  -6.12    60.79

SNOWFALL (IN)
  YESTERDAY        0.0                       0.0    0.0       T
  MONTH TO DATE    T                         0.0    0.0       T
  SINCE SEP 1      T                         0.0    0.0       T
  SINCE JUL 1      T                         0.0    0.0       T
  SNOW DEPTH       0

DEGREE DAYS
 HEATING
  YESTERDAY       25                        18      7       32
  MONTH TO DATE  498                       360    138      420
  SINCE SEP 1    618                       532     86      549
  SINCE JUL 1    618                       532     86      549

 COOLING
  YESTERDAY        0                         0      0        0
  MONTH TO DATE    0                         0      0        0
  SINCE SEP 1    409                       287    122      360
  SINCE JAN 1   1910                      1737    173     1752
..................................................................


WIND (MPH)
  HIGHEST WIND SPEED    20   HIGHEST WIND DIRECTION    NW (310)
  HIGHEST GUST SPEED    27   HIGHEST GUST DIRECTION     W (250)
  AVERAGE WIND SPEED    11.4


SKY COVER
  POSSIBLE SUNSHINE  MM
  AVERAGE SKY COVER  MM


WEATHER CONDITIONS
 THE FOLLOWING WEATHER WAS RECORDED YESTERDAY.
  LIGHT RAIN


RELATIVE HUMIDITY (PERCENT)
 HIGHEST    76          1200 AM
 LOWEST     53           300 PM
 AVERAGE    65

..........................................................


THE CHATTANOOGA CLIMATE NORMALS FOR TODAY
                         NORMAL    RECORD    YEAR
 MAXIMUM TEMPERATURE (F)   57        76      2001
 MINIMUM TEMPERATURE (F)   37        19      1956


SUNRISE AND SUNSET
NOVEMBER 28 2014......SUNRISE   728 AM EST   SUNSET   530 PM EST
NOVEMBER 29 2014......SUNRISE   729 AM EST   SUNSET   529 PM EST


-  INDICATES NEGATIVE NUMBERS.
R  INDICATES RECORD WAS SET OR TIED.
MM INDICATES DATA IS MISSING.
T  INDICATES TRACE AMOUNT.

&&

THE LOW TEMPERATURE SINCE MIDNIGHT HAS BEEN 26.
THERE HAS BEEN NO PRECIPITATION SINCE MIDNIGHT.

THIS SUPPLEMENTAL ISSUANCE OF THE CLIMATE PRODUCT THAT WILL BE
DISCONTINUED AS OF DECEMBER 1ST 2014. WE WILL CONTINUE TO ISSUE
CLIMATE PRODUCTS TWICE DAILY...BY 5 AM...AND BY 6 PM. OVERNIGHT LOW
TEMPERATURES AND PRECIPITATION CAN BE FOUND AT
WWW.SRH.NOAA.GOV/MRX/?N=MRXCLIUPDATE

$$
