946
CDUS44 KMRX 300811
CLICHA


CLIMATE REPORT
NATIONAL WEATHER SERVICE MORRISTOWN TN
411 AM EDT THU MAR 30 2017


...................................

...THE CHATTANOOGA  ASOS CLIMATE SUMMARY FOR MARCH 29 2017...

CLIMATE NORMAL PERIOD 1981 TO 2010
CLIMATE RECORD PERIOD 1879 TO 2017


WEATHER ITEM   OBSERVED TIME   RECORD YEAR NORMAL DEPARTURE LAST
                VALUE   (LST)  VALUE       VALUE  FROM      YEAR
                                                  NORMAL
..................................................................
TEMPERATURE (F)
 YESTERDAY
  MAXIMUM         83    335 PM  86    1928  68     15       68
  MINIMUM         50    649 AM  25    1887  44      6       41
  AVERAGE         67                        56     11       55

PRECIPITATION (IN)
  YESTERDAY        0.00          3.20 1886   0.17  -0.17     0.00
  MONTH TO DATE    3.99                      4.67  -0.68     2.52
  SINCE MAR 1      3.99                      4.67  -0.68     2.52
  SINCE JAN 1     12.42                     14.42  -2.00    13.26

SNOWFALL (IN)
  YESTERDAY        0.0                       0.0    0.0      0.0
  MONTH TO DATE    T                         1.2   -1.2       T
  SINCE MAR 1      T                         1.2   -1.2       T
  SINCE JUL 1      0.3                       3.8   -3.5      0.5
  SNOW DEPTH       0

DEGREE DAYS
 HEATING
  YESTERDAY        0                        10    -10       10
  MONTH TO DATE  326                       385    -59      238
  SINCE MAR 1    326                       385    -59      238
  SINCE JUL 1   2137                      3007   -870     2323

 COOLING
  YESTERDAY        2                         0      2        0
  MONTH TO DATE   14                         0     14       12
  SINCE MAR 1     14                         0     14       12
  SINCE JAN 1     14                         0     14       12
..................................................................


WIND (MPH)
  HIGHEST WIND SPEED     9   HIGHEST WIND DIRECTION     E (100)
  HIGHEST GUST SPEED    11   HIGHEST GUST DIRECTION     E (110)
  AVERAGE WIND SPEED     2.2


SKY COVER
  POSSIBLE SUNSHINE  MM
  AVERAGE SKY COVER 0.3


WEATHER CONDITIONS
 THE FOLLOWING WEATHER WAS RECORDED YESTERDAY.
  FOG


RELATIVE HUMIDITY (PERCENT)
 HIGHEST    96           400 AM
 LOWEST     39           300 PM
 AVERAGE    68

..........................................................


THE CHATTANOOGA  ASOS CLIMATE NORMALS FOR TODAY
                         NORMAL    RECORD    YEAR
 MAXIMUM TEMPERATURE (F)   68        85      1998
                                             1963
 MINIMUM TEMPERATURE (F)   44        24      1964


SUNRISE AND SUNSET
MARCH 30 2017.........SUNRISE   730 AM EDT   SUNSET   801 PM EDT
MARCH 31 2017.........SUNRISE   729 AM EDT   SUNSET   802 PM EDT


-  INDICATES NEGATIVE NUMBERS.
R  INDICATES RECORD WAS SET OR TIED.
MM INDICATES DATA IS MISSING.
T  INDICATES TRACE AMOUNT.




$$
