134
CDUS44 KMRX 250911
CLICHA


CLIMATE REPORT
NATIONAL WEATHER SERVICE MORRISTOWN TN
411 AM EST SAT FEB 25 2017


...................................

...THE CHATTANOOGA  ASOS CLIMATE SUMMARY FOR FEBRUARY 24 2017...

CLIMATE NORMAL PERIOD 1981 TO 2010
CLIMATE RECORD PERIOD 1879 TO 2017


WEATHER ITEM   OBSERVED TIME   RECORD YEAR NORMAL DEPARTURE LAST
                VALUE   (LST)  VALUE       VALUE  FROM      YEAR
                                                  NORMAL
..................................................................
TEMPERATURE (F)
 YESTERDAY
  MAXIMUM         79R   505 PM  77    1890  57     22       60
  MINIMUM         48    733 AM  13    1967  36     12       38
  AVERAGE         64                        47     17       49

PRECIPITATION (IN)
  YESTERDAY        0.00          1.90 1931   0.18  -0.18     0.57
  MONTH TO DATE    2.05                      4.14  -2.09     7.07
  SINCE DEC 1     12.09                     13.95  -1.86    21.15
  SINCE JAN 1      7.04                      9.05  -2.01    10.74

SNOWFALL (IN)
  YESTERDAY        0.0                       0.0    0.0      0.0
  MONTH TO DATE    0.0                       0.5   -0.5      0.3
  SINCE DEC 1      0.3                       2.5   -2.2      0.5
  SINCE JUL 1      0.3                       2.5   -2.2      0.5
  SNOW DEPTH       0

DEGREE DAYS
 HEATING
  YESTERDAY        1                        18    -17       16
  MONTH TO DATE  326                       506   -180      474
  SINCE DEC 1   1430                      1962   -532     1623
  SINCE JUL 1   1750                      2551   -801     2003
..................................................................


WIND (MPH)
  HIGHEST WIND SPEED    20   HIGHEST WIND DIRECTION     S (190)
  HIGHEST GUST SPEED    26   HIGHEST GUST DIRECTION     S (190)
  AVERAGE WIND SPEED     6.3


SKY COVER
  POSSIBLE SUNSHINE  MM
  AVERAGE SKY COVER 0.5


WEATHER CONDITIONS
 THE FOLLOWING WEATHER WAS RECORDED YESTERDAY.
  NO SIGNIFICANT WEATHER WAS OBSERVED.


RELATIVE HUMIDITY (PERCENT)
 HIGHEST    93           100 AM
 LOWEST     39           500 PM
 AVERAGE    66

..........................................................


THE CHATTANOOGA  ASOS CLIMATE NORMALS FOR TODAY
                         NORMAL    RECORD    YEAR
 MAXIMUM TEMPERATURE (F)   58        79      1930
 MINIMUM TEMPERATURE (F)   36         6      1967


SUNRISE AND SUNSET
FEBRUARY 25 2017......SUNRISE   715 AM EST   SUNSET   633 PM EST
FEBRUARY 26 2017......SUNRISE   714 AM EST   SUNSET   634 PM EST


-  INDICATES NEGATIVE NUMBERS.
R  INDICATES RECORD WAS SET OR TIED.
MM INDICATES DATA IS MISSING.
T  INDICATES TRACE AMOUNT.




$$
