000
CDUS41 KLWX 300528
CLICHO


CLIMATE REPORT
NATIONAL WEATHER SERVICE BALTIMORE MD/WASHINGTON DC
1227 AM EST FRI JAN 30 2015


...................................

...THE CHARLOTTESVILLE VA CLIMATE SUMMARY FOR JANUARY 29 2015...

CLIMATE NORMAL PERIOD 1981 TO 2010
CLIMATE RECORD PERIOD 1889 TO 2015


WEATHER ITEM   OBSERVED TIME   RECORD YEAR NORMAL DEPARTURE LAST
                VALUE   (LST)  VALUE       VALUE  FROM      YEAR
                                                  NORMAL
..................................................................
TEMPERATURE (F)
 YESTERDAY
  MAXIMUM         42    229 PM  MM      MM  45     -3       25
  MINIMUM         19    459 AM  MM      MM  26     -7        5
  AVERAGE         31                        36     -5       15

PRECIPITATION (IN)
  YESTERDAY        T                         0.07  -0.07      T
  MONTH TO DATE    1.70                      2.62  -0.92     2.25
  SINCE DEC 1      4.49                      5.77  -1.28     6.28
  SINCE JAN 1      1.70                      2.62  -0.92     2.25

DEGREE DAYS
 HEATING
  YESTERDAY       34                        29      5       50
  MONTH TO DATE  879                       866     13      999
  SINCE DEC 1   1604                      1711   -107     1721
  SINCE JUL 1   2458                      2602   -144     2664

 COOLING
  YESTERDAY        0                         0      0        0
  MONTH TO DATE    0                         0      0        0
  SINCE DEC 1      0                         0      0        0
  SINCE JAN 1      0                         0      0        0
..................................................................


WIND (MPH)
  HIGHEST WIND SPEED    17   HIGHEST WIND DIRECTION     S (200)
  HIGHEST GUST SPEED    23   HIGHEST GUST DIRECTION     S (190)
  AVERAGE WIND SPEED     7.2


SKY COVER
  POSSIBLE SUNSHINE  MM
  AVERAGE SKY COVER 0.5


WEATHER CONDITIONS
 THE FOLLOWING WEATHER WAS RECORDED YESTERDAY.
  LIGHT RAIN


RELATIVE HUMIDITY (PERCENT)
 HIGHEST    68           600 AM
 LOWEST     25          1200 PM
 AVERAGE    47

..........................................................


THE CHARLOTTESVILLE VA CLIMATE NORMALS FOR TODAY
                         NORMAL    RECORD    YEAR
 MAXIMUM TEMPERATURE (F)   46        MM        MM
 MINIMUM TEMPERATURE (F)   26        MM        MM


SUNRISE AND SUNSET
JANUARY 30 2015.......SUNRISE   720 AM EST   SUNSET   534 PM EST
JANUARY 31 2015.......SUNRISE   720 AM EST   SUNSET   535 PM EST


-  INDICATES NEGATIVE NUMBERS.
R  INDICATES RECORD WAS SET OR TIED.
MM INDICATES DATA IS MISSING.
T  INDICATES TRACE AMOUNT.




$$
