000
CDUS42 KCHS 170622
CLICHS


CLIMATE REPORT
NATIONAL WEATHER SERVICE CHARLESTON SC
122 AM EST WED JAN 17 2018


...................................

...THE NORTH CHARLESTON SC CLIMATE SUMMARY FOR JANUARY 16 2018...

CLIMATE NORMAL PERIOD 1981 TO 2010
CLIMATE RECORD PERIOD 1938 TO 2018


WEATHER ITEM   OBSERVED TIME   RECORD YEAR NORMAL DEPARTURE LAST
                VALUE   (LST)  VALUE       VALUE  FROM      YEAR
                                                  NORMAL
..................................................................
TEMPERATURE (F)
 YESTERDAY
  MAXIMUM         59    246 PM  83    1950  59      0       64
  MINIMUM         27    456 AM  18    1994  37    -10       53
                                      1972
  AVERAGE         43                        48     -5       59

PRECIPITATION (IN)
  YESTERDAY        0.00          2.26 1946   0.13  -0.13      T
  MONTH TO DATE    1.26                      1.90  -0.64     0.90
  SINCE DEC 1      3.77                      5.01  -1.24     5.68
  SINCE JAN 1      1.26                      1.90  -0.64     0.90

SNOWFALL (IN)
  YESTERDAY        0.0                       0.0    0.0
  SINCE DEC 1      5.3                       0.3    5.0
  SINCE JUL 1      5.3                       0.3    5.0

DEGREE DAYS
 HEATING
  YESTERDAY       22                        17      5        6
  MONTH TO DATE  389                       272    117      160
  SINCE DEC 1    806                       718     88      475
  SINCE JUL 1   1092                      1010     82      693

 COOLING
  YESTERDAY        0                         0      0        0
  MONTH TO DATE    2                         0      2        9
  SINCE DEC 1      5                         7     -2       16
  SINCE JAN 1      2                         0      2        9
..................................................................


WIND (MPH)
  HIGHEST WIND SPEED    13   HIGHEST WIND DIRECTION    SE (150)
  HIGHEST GUST SPEED    15   HIGHEST GUST DIRECTION    SE (140)
  AVERAGE WIND SPEED     3.6


SKY COVER
  POSSIBLE SUNSHINE  MM
  AVERAGE SKY COVER 0.2


WEATHER CONDITIONS
 THE FOLLOWING WEATHER WAS RECORDED YESTERDAY.
  NO SIGNIFICANT WEATHER WAS OBSERVED.


RELATIVE HUMIDITY (PERCENT)
 HIGHEST    85          1100 PM
 LOWEST     30           100 PM
 AVERAGE    58

..........................................................


THE NORTH CHARLESTON SC CLIMATE NORMALS FOR TODAY
                         NORMAL    RECORD    YEAR
 MAXIMUM TEMPERATURE (F)   59        78      2013
                                             1949
 MINIMUM TEMPERATURE (F)   37        17      1972
                                             1959


SUNRISE AND SUNSET
JANUARY 17 2018.......SUNRISE   722 AM EST   SUNSET   538 PM EST
JANUARY 18 2018.......SUNRISE   722 AM EST   SUNSET   539 PM EST


-  INDICATES NEGATIVE NUMBERS.
R  INDICATES RECORD WAS SET OR TIED.
MM INDICATES DATA IS MISSING.
T  INDICATES TRACE AMOUNT.




$$
