000
CDUS42 KCHS 220537
CLICHS


CLIMATE REPORT
NATIONAL WEATHER SERVICE CHARLESTON SC
137 AM EDT MON SEP 22 2014


...................................

...THE NORTH CHARLESTON SC CLIMATE SUMMARY FOR SEPTEMBER 21 2014...

CLIMATE NORMAL PERIOD 1981 TO 2010
CLIMATE RECORD PERIOD 1938 TO 2014


WEATHER ITEM   OBSERVED TIME   RECORD YEAR NORMAL DEPARTURE LAST
                VALUE   (LST)  VALUE       VALUE  FROM      YEAR
                                                  NORMAL
..................................................................
TEMPERATURE (F)
 YESTERDAY
  MAXIMUM         89    321 PM  94    1990  84      5       88
  MINIMUM         66    652 AM  52    1962  66      0       68
  AVERAGE         78                        75      3       78

PRECIPITATION (IN)
  YESTERDAY        0.00         10.52 1998   0.18  -0.18     0.00
  MONTH TO DATE    6.81                      4.57   2.24     2.70
  SINCE SEP 1      6.81                      4.57   2.24     2.70
  SINCE JAN 1     42.14                     40.21   1.93    48.76

DEGREE DAYS
 HEATING
  YESTERDAY        0                         0      0        0
  MONTH TO DATE    0                         0      0        0
  SINCE SEP 1      0                         0      0        0
  SINCE JUL 1      0                         0      0        0

 COOLING
  YESTERDAY       13                        10      3       13
  MONTH TO DATE  338                       257     81      314
  SINCE SEP 1    338                       257     81      314
  SINCE JAN 1   2500                      2062    438     2169
..................................................................


WIND (MPH)
  HIGHEST WIND SPEED    15   HIGHEST WIND DIRECTION     W (280)
  HIGHEST GUST SPEED    20   HIGHEST GUST DIRECTION    NW (300)
  AVERAGE WIND SPEED     7.6


SKY COVER
  POSSIBLE SUNSHINE  MM
  AVERAGE SKY COVER 0.3


WEATHER CONDITIONS
 THE FOLLOWING WEATHER WAS RECORDED YESTERDAY.
  NO SIGNIFICANT WEATHER WAS OBSERVED.


RELATIVE HUMIDITY (PERCENT)
 HIGHEST    87           600 AM
 LOWEST     40           300 PM
 AVERAGE    64

..........................................................


THE NORTH CHARLESTON SC CLIMATE NORMALS FOR TODAY
                         NORMAL    RECORD    YEAR
 MAXIMUM TEMPERATURE (F)   83        96      1990
 MINIMUM TEMPERATURE (F)   66        49      1938


SUNRISE AND SUNSET
SEPTEMBER 22 2014.....SUNRISE   708 AM EDT   SUNSET   717 PM EDT
SEPTEMBER 23 2014.....SUNRISE   709 AM EDT   SUNSET   715 PM EDT


-  INDICATES NEGATIVE NUMBERS.
R  INDICATES RECORD WAS SET OR TIED.
MM INDICATES DATA IS MISSING.
T  INDICATES TRACE AMOUNT.




$$
