000
CDUS42 KCHS 120520
CLICHS


CLIMATE REPORT
NATIONAL WEATHER SERVICE CHARLESTON SC
120 AM EDT SAT JUL 12 2014


...................................

...THE NORTH CHARLESTON SC CLIMATE SUMMARY FOR JULY 11 2014...

CLIMATE NORMAL PERIOD 1981 TO 2010
CLIMATE RECORD PERIOD 1938 TO 2014


WEATHER ITEM   OBSERVED TIME   RECORD YEAR NORMAL DEPARTURE LAST
                VALUE   (LST)  VALUE       VALUE  FROM      YEAR
                                                  NORMAL
..................................................................
TEMPERATURE (F)
 YESTERDAY
  MAXIMUM         88    407 PM 102    1986  91     -3       90
  MINIMUM         74    633 PM  62    1963  73      1       75
  AVERAGE         81                        82     -1       83

PRECIPITATION (IN)
  YESTERDAY        0.95          2.07 1952   0.22   0.73      T
  MONTH TO DATE    1.11                      2.30  -1.19     1.92
  SINCE JUN 1      4.70                      7.95  -3.25    15.24
  SINCE JAN 1     21.95                     24.26  -2.31    38.68

DEGREE DAYS
 HEATING
  YESTERDAY        0                         0      0        0
  MONTH TO DATE    0                         0      0        0
  SINCE JUN 1      0                         1     -1        0
  SINCE JUL 1      0                         0      0        0

 COOLING
  YESTERDAY       16                        17     -1       18
  MONTH TO DATE  204                       184     20      184
  SINCE JUN 1    722                       605    117      648
  SINCE JAN 1   1232                       967    265      995
..................................................................


WIND (MPH)
  HIGHEST WIND SPEED    24   HIGHEST WIND DIRECTION    SE (150)
  HIGHEST GUST SPEED    29   HIGHEST GUST DIRECTION    SE (150)
  AVERAGE WIND SPEED     2.9


SKY COVER
  POSSIBLE SUNSHINE  MM
  AVERAGE SKY COVER 0.7


WEATHER CONDITIONS
 THE FOLLOWING WEATHER WAS RECORDED YESTERDAY.
  THUNDERSTORM
  HEAVY RAIN
  RAIN
  LIGHT RAIN
  FOG


RELATIVE HUMIDITY (PERCENT)
 HIGHEST    94           900 PM
 LOWEST     61          1200 PM
 AVERAGE    78

..........................................................


THE NORTH CHARLESTON SC CLIMATE NORMALS FOR TODAY
                         NORMAL    RECORD    YEAR
 MAXIMUM TEMPERATURE (F)   91       100      1986
 MINIMUM TEMPERATURE (F)   73        62      1963


SUNRISE AND SUNSET
JULY 12 2014..........SUNRISE   621 AM EDT   SUNSET   830 PM EDT
JULY 13 2014..........SUNRISE   621 AM EDT   SUNSET   830 PM EDT


-  INDICATES NEGATIVE NUMBERS.
R  INDICATES RECORD WAS SET OR TIED.
MM INDICATES DATA IS MISSING.
T  INDICATES TRACE AMOUNT.




$$
