198
CDUS42 KCHS 230604
CLICHS


CLIMATE REPORT
NATIONAL WEATHER SERVICE CHARLESTON SC
203 AM EDT THU MAR 23 2017


...................................

...THE NORTH CHARLESTON SC CLIMATE SUMMARY FOR MARCH 22 2017...

CLIMATE NORMAL PERIOD 1981 TO 2010
CLIMATE RECORD PERIOD 1938 TO 2017


WEATHER ITEM   OBSERVED TIME   RECORD YEAR NORMAL DEPARTURE LAST
                VALUE   (LST)  VALUE       VALUE  FROM      YEAR
                                                  NORMAL
..................................................................
TEMPERATURE (F)
 YESTERDAY
  MAXIMUM         77    228 PM  88    2011  71      6       69
  MINIMUM         55   1159 PM  27    1956  48      7       39
  AVERAGE         66                        60      6       54

PRECIPITATION (IN)
  YESTERDAY        0.27          1.09 1970   0.12   0.15     0.00
  MONTH TO DATE    0.84                      2.62  -1.78     0.85
  SINCE MAR 1      0.84                      2.62  -1.78     0.85
  SINCE JAN 1      5.02                      9.29  -4.27     9.14

SNOWFALL (IN)
  YESTERDAY        0.0                       0.0    0.0
  SINCE MAR 1      0.0                       0.0    0.0
  SINCE JUL 1      T                         0.5   -0.5

DEGREE DAYS
 HEATING
  YESTERDAY        0                         6     -6       11
  MONTH TO DATE  221                       190     31       99
  SINCE MAR 1    221                       190     31       99
  SINCE JUL 1   1189                      1826   -637     1276

 COOLING
  YESTERDAY        1                         1      0        0
  MONTH TO DATE   20                        20      0       71
  SINCE MAR 1     20                        20      0       71
  SINCE JAN 1     55                        27     28       79
..................................................................


WIND (MPH)
  HIGHEST WIND SPEED    24   HIGHEST WIND DIRECTION    NW (330)
  HIGHEST GUST SPEED    31   HIGHEST GUST DIRECTION    NW (330)
  AVERAGE WIND SPEED    11.2


SKY COVER
  POSSIBLE SUNSHINE  MM
  AVERAGE SKY COVER 0.4


WEATHER CONDITIONS
 THE FOLLOWING WEATHER WAS RECORDED YESTERDAY.
  THUNDERSTORM
  HEAVY RAIN
  LIGHT RAIN
  FOG


RELATIVE HUMIDITY (PERCENT)
 HIGHEST    93           100 AM
 LOWEST     31           100 PM
 AVERAGE    62

..........................................................


THE NORTH CHARLESTON SC CLIMATE NORMALS FOR TODAY
                         NORMAL    RECORD    YEAR
 MAXIMUM TEMPERATURE (F)   71        87      1995
 MINIMUM TEMPERATURE (F)   48        29      1986


SUNRISE AND SUNSET
MARCH 23 2017.........SUNRISE   720 AM EDT   SUNSET   734 PM EDT
MARCH 24 2017.........SUNRISE   718 AM EDT   SUNSET   735 PM EDT


-  INDICATES NEGATIVE NUMBERS.
R  INDICATES RECORD WAS SET OR TIED.
MM INDICATES DATA IS MISSING.
T  INDICATES TRACE AMOUNT.




$$
