000
CDUS42 KCHS 250604
CLICHS


CLIMATE REPORT
NATIONAL WEATHER SERVICE CHARLESTON SC
204 AM EDT MON JUL 25 2016


...................................

...THE NORTH CHARLESTON SC CLIMATE SUMMARY FOR JULY 24 2016...

CLIMATE NORMAL PERIOD 1981 TO 2010
CLIMATE RECORD PERIOD 1938 TO 2016


WEATHER ITEM   OBSERVED TIME   RECORD YEAR NORMAL DEPARTURE LAST
                VALUE   (LST)  VALUE       VALUE  FROM      YEAR
                                                  NORMAL
..................................................................
TEMPERATURE (F)
 YESTERDAY
  MAXIMUM         94    110 PM 101    1940  91      3       86
  MINIMUM         78    350 PM  63    1944  73      5       74
  AVERAGE         86                        82      4       80

PRECIPITATION (IN)
  YESTERDAY        0.23          4.20 1985   0.22   0.01     0.95
  MONTH TO DATE    4.32                      5.09  -0.77     7.72
  SINCE JUN 1      7.46                     10.74  -3.28    15.41
  SINCE JAN 1     28.21                     27.05   1.16    30.63

DEGREE DAYS
 HEATING
  YESTERDAY        0                         0      0        0
  MONTH TO DATE    0                         0      0        0
  SINCE JUN 1      0                         1     -1        0
  SINCE JUL 1      0                         0      0        0

 COOLING
  YESTERDAY       21                        17      4       15
  MONTH TO DATE  504                       405     99      445
  SINCE JUN 1   1029                       826    203      973
  SINCE JAN 1   1524                      1188    336     1406
..................................................................


WIND (MPH)
  HIGHEST WIND SPEED    26   HIGHEST WIND DIRECTION     N (10)
  HIGHEST GUST SPEED    31   HIGHEST GUST DIRECTION     N (10)
  AVERAGE WIND SPEED     5.6


SKY COVER
  POSSIBLE SUNSHINE  MM
  AVERAGE SKY COVER 0.4


WEATHER CONDITIONS
 THE FOLLOWING WEATHER WAS RECORDED YESTERDAY.
  THUNDERSTORM
  HEAVY RAIN


RELATIVE HUMIDITY (PERCENT)
 HIGHEST    91           400 AM
 LOWEST     52           100 PM
 AVERAGE    72

..........................................................


THE NORTH CHARLESTON SC CLIMATE NORMALS FOR TODAY
                         NORMAL    RECORD    YEAR
 MAXIMUM TEMPERATURE (F)   91        98      1940
 MINIMUM TEMPERATURE (F)   73        68      1977
                                             1949


SUNRISE AND SUNSET
JULY 25 2016..........SUNRISE   629 AM EDT   SUNSET   824 PM EDT
JULY 26 2016..........SUNRISE   630 AM EDT   SUNSET   823 PM EDT


-  INDICATES NEGATIVE NUMBERS.
R  INDICATES RECORD WAS SET OR TIED.
MM INDICATES DATA IS MISSING.
T  INDICATES TRACE AMOUNT.




$$
