000
CDUS42 KCHS 232104
CLICHS


CLIMATE REPORT
NATIONAL WEATHER SERVICE CHARLESTON SC
504 PM EDT MON OCT 23 2017


...................................

...THE NORTH CHARLESTON SC CLIMATE SUMMARY FOR OCTOBER 23 2017...
VALID TODAY AS OF 0500 PM LOCAL TIME.

CLIMATE NORMAL PERIOD 1981 TO 2010
CLIMATE RECORD PERIOD 1938 TO 2017


WEATHER ITEM   OBSERVED TIME   RECORD YEAR NORMAL DEPARTURE LAST
                VALUE   (LST)  VALUE       VALUE  FROM      YEAR
                                                  NORMAL
..................................................................
TEMPERATURE (F)
 TODAY
  MAXIMUM         78    157 PM  86    2007  75      3       73
                                      1966
                                      1941
  MINIMUM         71    615 AM  33    1974  54     17       43
  AVERAGE         75                        65     10       58

PRECIPITATION (IN)
  TODAY            1.03          1.96 1983   0.10   0.93     0.00
  MONTH TO DATE    3.17                      3.01   0.16    10.48
  SINCE SEP 1      9.92                      9.11   0.81    22.75
  SINCE JAN 1     48.36                     44.75   3.61    54.74

SNOWFALL (IN)
  TODAY            0.0                       0.0    0.0
  SINCE SEP 1      0.0                       0.0    0.0
  SINCE JUL 1      T                         0.0    0.0

DEGREE DAYS
 HEATING
  TODAY            0                         3     -3        7
  MONTH TO DATE    5                        37    -32       15
  SINCE SEP 1      5                        40    -35       15
  SINCE JUL 1      5                        40    -35       15

 COOLING
  TODAY           10                         3      7        0
  MONTH TO DATE  213                       108    105      152
  SINCE SEP 1    602                       441    161      603
  SINCE JAN 1   2644                      2246    398     2878
..................................................................


WIND (MPH)
  HIGHEST WIND SPEED    24   HIGHEST WIND DIRECTION    SE (150)
  HIGHEST GUST SPEED    32   HIGHEST GUST DIRECTION    SE (150)
  AVERAGE WIND SPEED    12.0


SKY COVER
  POSSIBLE SUNSHINE  MM
  AVERAGE SKY COVER 0.9


WEATHER CONDITIONS
 THE FOLLOWING WEATHER WAS RECORDED TODAY.
  HEAVY RAIN
  RAIN
  LIGHT RAIN
  FOG


RELATIVE HUMIDITY (PERCENT)
 HIGHEST   100           400 AM
 LOWEST     82           900 AM
 AVERAGE    91

..........................................................


THE NORTH CHARLESTON SC CLIMATE NORMALS FOR TOMORROW
                         NORMAL    RECORD    YEAR
 MAXIMUM TEMPERATURE (F)   75        87      2001
                                             1942
 MINIMUM TEMPERATURE (F)   54        35      1944


SUNRISE AND SUNSET
OCTOBER 23 2017.......SUNRISE   731 AM EDT   SUNSET   638 PM EDT
OCTOBER 24 2017.......SUNRISE   732 AM EDT   SUNSET   637 PM EDT


-  INDICATES NEGATIVE NUMBERS.
R  INDICATES RECORD WAS SET OR TIED.
MM INDICATES DATA IS MISSING.
T  INDICATES TRACE AMOUNT.




$$
