000
CDUS42 KCHS 300523
CLICHS


CLIMATE REPORT
NATIONAL WEATHER SERVICE CHARLESTON SC
122 AM EDT WED JUL 30 2014


...................................

...THE NORTH CHARLESTON SC CLIMATE SUMMARY FOR JULY 29 2014...

CLIMATE NORMAL PERIOD 1981 TO 2010
CLIMATE RECORD PERIOD 1938 TO 2014


WEATHER ITEM   OBSERVED TIME   RECORD YEAR NORMAL DEPARTURE LAST
                VALUE   (LST)  VALUE       VALUE  FROM      YEAR
                                                  NORMAL
..................................................................
TEMPERATURE (F)
 YESTERDAY
  MAXIMUM         92    444 PM 100    1993  91      1       93
  MINIMUM         72    346 AM  63    1954  73     -1       74
  AVERAGE         82                        82      0       84

PRECIPITATION (IN)
  YESTERDAY        0.00          4.51 1960   0.20  -0.20     1.14
  MONTH TO DATE    5.36                      6.11  -0.75     4.97
  SINCE JUN 1      8.95                     11.76  -2.81    18.29
  SINCE JAN 1     26.20                     28.07  -1.87    41.73

DEGREE DAYS
 HEATING
  YESTERDAY        0                         0      0        0
  MONTH TO DATE    0                         0      0        0
  SINCE JUN 1      0                         1     -1        0
  SINCE JUL 1      0                         0      0        0

 COOLING
  YESTERDAY       17                        17      0       19
  MONTH TO DATE  534                       490     44      495
  SINCE JUN 1   1052                       911    141      959
  SINCE JAN 1   1562                      1273    289     1306
..................................................................


WIND (MPH)
  HIGHEST WIND SPEED    16   HIGHEST WIND DIRECTION    NE (40)
  HIGHEST GUST SPEED    21   HIGHEST GUST DIRECTION    NE (30)
  AVERAGE WIND SPEED     5.9


SKY COVER
  POSSIBLE SUNSHINE  MM
  AVERAGE SKY COVER 0.3


WEATHER CONDITIONS
 THE FOLLOWING WEATHER WAS RECORDED YESTERDAY.
  NO SIGNIFICANT WEATHER WAS OBSERVED.


RELATIVE HUMIDITY (PERCENT)
 HIGHEST    74          1200 AM
 LOWEST     38           200 PM
 AVERAGE    56

..........................................................


THE NORTH CHARLESTON SC CLIMATE NORMALS FOR TODAY
                         NORMAL    RECORD    YEAR
 MAXIMUM TEMPERATURE (F)   91       100      1999
 MINIMUM TEMPERATURE (F)   73        65      1960


SUNRISE AND SUNSET
JULY 30 2014..........SUNRISE   632 AM EDT   SUNSET   820 PM EDT
JULY 31 2014..........SUNRISE   633 AM EDT   SUNSET   820 PM EDT


-  INDICATES NEGATIVE NUMBERS.
R  INDICATES RECORD WAS SET OR TIED.
MM INDICATES DATA IS MISSING.
T  INDICATES TRACE AMOUNT.




$$
