000
CDUS42 KCHS 230538
CLICHS


CLIMATE REPORT
NATIONAL WEATHER SERVICE CHARLESTON SC
134 AM EDT SAT AUG 23 2014


...................................

...THE NORTH CHARLESTON SC CLIMATE SUMMARY FOR AUGUST 22 2014...

CLIMATE NORMAL PERIOD 1981 TO 2010
CLIMATE RECORD PERIOD 1938 TO 2014


WEATHER ITEM   OBSERVED TIME   RECORD YEAR NORMAL DEPARTURE LAST
                VALUE   (LST)  VALUE       VALUE  FROM      YEAR
                                                  NORMAL
..................................................................
TEMPERATURE (F)
 YESTERDAY
  MAXIMUM         99    428 PM 100    1983  89     10       90
  MINIMUM         79    435 AM  63    1953  72      7       75
  AVERAGE         89                        80      9       83

PRECIPITATION (IN)
  YESTERDAY        0.00          1.58 2008   0.26  -0.26      T
                                      2005
  MONTH TO DATE    7.08                      4.89   2.19     3.95
  SINCE JUN 1     18.08                     17.07   1.01    22.62
  SINCE JAN 1     35.33                     33.38   1.95    46.06

DEGREE DAYS
 HEATING
  YESTERDAY        0                         0      0        0
  MONTH TO DATE    0                         0      0        0
  SINCE JUN 1      0                         1     -1        0
  SINCE JUL 1      0                         0      0        0

 COOLING
  YESTERDAY       24                        15      9       18
  MONTH TO DATE  417                       360     57      374
  SINCE JUN 1   1501                      1310    191     1367
  SINCE JAN 1   2011                      1672    339     1714
..................................................................


WIND (MPH)
  HIGHEST WIND SPEED    13   HIGHEST WIND DIRECTION     W (280)
  HIGHEST GUST SPEED    18   HIGHEST GUST DIRECTION    SW (240)
  AVERAGE WIND SPEED     5.2


SKY COVER
  POSSIBLE SUNSHINE  MM
  AVERAGE SKY COVER 0.3


WEATHER CONDITIONS
 THE FOLLOWING WEATHER WAS RECORDED YESTERDAY.
  FOG


RELATIVE HUMIDITY (PERCENT)
 HIGHEST    91           100 AM
 LOWEST     38           300 PM
 AVERAGE    65

..........................................................


THE NORTH CHARLESTON SC CLIMATE NORMALS FOR TODAY
                         NORMAL    RECORD    YEAR
 MAXIMUM TEMPERATURE (F)   89        98      1983
                                             1968
 MINIMUM TEMPERATURE (F)   72        62      1953


SUNRISE AND SUNSET
AUGUST 23 2014........SUNRISE   649 AM EDT   SUNSET   756 PM EDT
AUGUST 24 2014........SUNRISE   649 AM EDT   SUNSET   755 PM EDT


-  INDICATES NEGATIVE NUMBERS.
R  INDICATES RECORD WAS SET OR TIED.
MM INDICATES DATA IS MISSING.
T  INDICATES TRACE AMOUNT.




$$
