000
CDUS42 KCHS 010553
CLICHS


CLIMATE REPORT
NATIONAL WEATHER SERVICE CHARLESTON SC
1251 AM EST SUN MAR 1 2015


...................................

...THE NORTH CHARLESTON SC CLIMATE SUMMARY FOR FEBRUARY 28 2015...

CLIMATE NORMAL PERIOD 1981 TO 2010
CLIMATE RECORD PERIOD 1938 TO 2015


WEATHER ITEM   OBSERVED TIME   RECORD YEAR NORMAL DEPARTURE LAST
                VALUE   (LST)  VALUE       VALUE  FROM      YEAR
                                                  NORMAL
..................................................................
TEMPERATURE (F)
 YESTERDAY
  MAXIMUM         53    113 PM  86    1962  66    -13       58
  MINIMUM         38    815 AM  21    2002  43     -5       32
  AVERAGE         46                        54     -8       45

PRECIPITATION (IN)
  YESTERDAY        T             2.27 1966   0.10  -0.10     0.00
  MONTH TO DATE    4.40                      2.96   1.44     2.18
  SINCE DEC 1     11.33                      9.78   1.55     7.00
  SINCE JAN 1      7.93                      6.67   1.26     4.85

SNOWFALL (IN)
  YESTERDAY        0.0                       0.0    0.0
  SINCE DEC 1      T                         0.5   -0.5
  SINCE JUL 1      T                         0.5   -0.5

DEGREE DAYS
 HEATING
  YESTERDAY       19                        11      8       20
  MONTH TO DATE  540                       378    162      325
  SINCE DEC 1   1399                      1344     55     1218
  SINCE JUL 1   1737                      1636    101     1523

 COOLING
  YESTERDAY        0                         0      0        0
  MONTH TO DATE    0                         5     -5        8
  SINCE DEC 1      4                        14    -10       44
  SINCE JAN 1      4                         7     -3       10
..................................................................


WIND (MPH)
  HIGHEST WIND SPEED    20   HIGHEST WIND DIRECTION    NE (30)
  HIGHEST GUST SPEED    28   HIGHEST GUST DIRECTION    NE (50)
  AVERAGE WIND SPEED    10.2


SKY COVER
  POSSIBLE SUNSHINE  MM
  AVERAGE SKY COVER 0.7


WEATHER CONDITIONS
 THE FOLLOWING WEATHER WAS RECORDED YESTERDAY.
  LIGHT RAIN


RELATIVE HUMIDITY (PERCENT)
 HIGHEST    92           600 AM
 LOWEST     38           200 PM
 AVERAGE    65

..........................................................


THE NORTH CHARLESTON SC CLIMATE NORMALS FOR TODAY
                         NORMAL    RECORD    YEAR
 MAXIMUM TEMPERATURE (F)   66        82      1997
                                             1951
 MINIMUM TEMPERATURE (F)   43        23      2002


SUNRISE AND SUNSET
MARCH  1 2015.........SUNRISE   648 AM EST   SUNSET   617 PM EST
MARCH  2 2015.........SUNRISE   647 AM EST   SUNSET   618 PM EST


-  INDICATES NEGATIVE NUMBERS.
R  INDICATES RECORD WAS SET OR TIED.
MM INDICATES DATA IS MISSING.
T  INDICATES TRACE AMOUNT.




$$
