000
CDUS43 KDVN 181012
CLICID


CLIMATE REPORT
NATIONAL WEATHER SERVICE QUAD CITIES IA IL
410 AM CST MON DEC 18 2017


...................................

...THE CEDAR RAPIDS IA CLIMATE SUMMARY FOR DECEMBER 17 2017...

CLIMATE NORMAL PERIOD 1981 TO 2010
CLIMATE RECORD PERIOD 1891 TO 2017


WEATHER ITEM   OBSERVED TIME   RECORD YEAR NORMAL DEPARTURE LAST
                VALUE   (LST)  VALUE       VALUE  FROM      YEAR
                                                  NORMAL
..................................................................
TEMPERATURE (F)
 YESTERDAY
  MAXIMUM         39    414 PM  58    1939  31      8       19
  MINIMUM         29    526 AM -11    1985  14     15       -1
  AVERAGE         34                        22     12        9

PRECIPITATION (IN)
  YESTERDAY        T            MM      MM   0.04  -0.04     0.10
  MONTH TO DATE    0.16                      0.89  -0.73     0.64
  SINCE DEC 1      0.16                      0.89  -0.73     0.64
  SINCE JAN 1     25.64                     34.08  -8.44    41.23

DEGREE DAYS
 HEATING
  YESTERDAY       31                        43    -12       56
  MONTH TO DATE  570                       675   -105      752
  SINCE DEC 1    570                       675   -105      752
  SINCE JUL 1   1828                      2121   -293     1669

 COOLING
  YESTERDAY        0                         0      0        0
  MONTH TO DATE    0                         0      0        0
  SINCE DEC 1      0                         0      0        0
  SINCE JAN 1    747                       748     -1      970
..................................................................


WIND (MPH)
  HIGHEST WIND SPEED    14   HIGHEST WIND DIRECTION     E (80)
  HIGHEST GUST SPEED    17   HIGHEST GUST DIRECTION     E (80)
  AVERAGE WIND SPEED     6.0


SKY COVER
  POSSIBLE SUNSHINE  MM
  AVERAGE SKY COVER 0.5


WEATHER CONDITIONS
 THE FOLLOWING WEATHER WAS RECORDED YESTERDAY.
  LIGHT RAIN
  FOG
  HAZE


RELATIVE HUMIDITY (PERCENT)
 HIGHEST   100           800 PM
 LOWEST     70           300 PM
 AVERAGE    85

..........................................................


THE CEDAR RAPIDS IA CLIMATE NORMALS FOR TODAY
                         NORMAL    RECORD    YEAR
 MAXIMUM TEMPERATURE (F)   31        57      2002
 MINIMUM TEMPERATURE (F)   14       -21      1985


SUNRISE AND SUNSET
DECEMBER 18 2017......SUNRISE   730 AM CST   SUNSET   438 PM CST
DECEMBER 19 2017......SUNRISE   730 AM CST   SUNSET   438 PM CST


-  INDICATES NEGATIVE NUMBERS.
R  INDICATES RECORD WAS SET OR TIED.
MM INDICATES DATA IS MISSING.
T  INDICATES TRACE AMOUNT.




$$
