000
CDUS43 KDVN 240903
CLICID


CLIMATE REPORT
NATIONAL WEATHER SERVICE QUAD CITIES IA IL
402 AM CDT THU AUG 24 2017


...................................

...THE CEDAR RAPIDS IA CLIMATE SUMMARY FOR AUGUST 23 2017...

CLIMATE NORMAL PERIOD 1981 TO 2010
CLIMATE RECORD PERIOD 1891 TO 2017


WEATHER ITEM   OBSERVED TIME   RECORD YEAR NORMAL DEPARTURE LAST
                VALUE   (LST)  VALUE       VALUE  FROM      YEAR
                                                  NORMAL
..................................................................
TEMPERATURE (F)
 YESTERDAY
  MAXIMUM         77    400 PM  99    1947  81     -4       81
  MINIMUM         47    535 AM  43    1891  60    -13       60
  AVERAGE         62                        70     -8       71

PRECIPITATION (IN)
  YESTERDAY        0.00         MM      MM   0.14  -0.14     0.00
  MONTH TO DATE    1.47                      3.37  -1.90     6.66
  SINCE JUN 1      7.51                     12.75  -5.24    18.85
  SINCE JAN 1     19.89                     24.19  -4.30    27.51

DEGREE DAYS
 HEATING
  YESTERDAY        3                         1      2        0
  MONTH TO DATE   10                         4      6        1
  SINCE JUN 1     32                        37     -5        9
  SINCE JUL 1     10                         8      2        4

 COOLING
  YESTERDAY        0                         6     -6        6
  MONTH TO DATE   84                       157    -73      194
  SINCE JUN 1    556                       575    -19      685
  SINCE JAN 1    594                       624    -30      745
..................................................................


WIND (MPH)
  HIGHEST WIND SPEED    16   HIGHEST WIND DIRECTION    NW (300)
  HIGHEST GUST SPEED    20   HIGHEST GUST DIRECTION    NW (300)
  AVERAGE WIND SPEED     6.4


SKY COVER
  POSSIBLE SUNSHINE  MM
  AVERAGE SKY COVER 0.0


WEATHER CONDITIONS
 THE FOLLOWING WEATHER WAS RECORDED YESTERDAY.
  NO SIGNIFICANT WEATHER WAS OBSERVED.


RELATIVE HUMIDITY (PERCENT)
 HIGHEST   100           100 AM
 LOWEST     36           100 PM
 AVERAGE    68

..........................................................


THE CEDAR RAPIDS IA CLIMATE NORMALS FOR TODAY
                         NORMAL    RECORD    YEAR
 MAXIMUM TEMPERATURE (F)   81       100      1947
 MINIMUM TEMPERATURE (F)   60        41      1942


SUNRISE AND SUNSET
AUGUST 24 2017........SUNRISE   625 AM CDT   SUNSET   753 PM CDT
AUGUST 25 2017........SUNRISE   626 AM CDT   SUNSET   751 PM CDT


-  INDICATES NEGATIVE NUMBERS.
R  INDICATES RECORD WAS SET OR TIED.
MM INDICATES DATA IS MISSING.
T  INDICATES TRACE AMOUNT.




$$
