000
CDUS43 KDVN 022132
CLICID


CLIMATE REPORT
NATIONAL WEATHER SERVICE QUAD CITIES IA IL
432 PM CDT TUE JUN 2 2015


...................................

...THE CEDAR RAPIDS IA CLIMATE SUMMARY FOR JUNE 2 2015...
VALID TODAY AS OF 0400 PM LOCAL TIME.

CLIMATE NORMAL PERIOD 1981 TO 2010
CLIMATE RECORD PERIOD 1891 TO 2015


WEATHER ITEM   OBSERVED TIME   RECORD YEAR NORMAL DEPARTURE LAST
                VALUE   (LST)  VALUE       VALUE  FROM      YEAR
                                                  NORMAL
..................................................................
TEMPERATURE (F)
 TODAY
  MAXIMUM         73    259 PM 102    1934  77     -4       82
  MINIMUM         51    300 AM  42    1924  55     -4       63
  AVERAGE         62                        66     -4       73

PRECIPITATION (IN)
  TODAY            0.00         MM      MM   0.15  -0.15     0.61
  MONTH TO DATE    0.00                      0.30  -0.30     0.79
  SINCE JUN 1      0.00                      0.30  -0.30     0.79
  SINCE JAN 1      9.20                     11.74  -2.54    12.03

DEGREE DAYS
 HEATING
  TODAY            3                         2      1        0
  MONTH TO DATE   10                         5      5        0
  SINCE JUN 1     10                         5      5        0
  SINCE JUL 1   6967                      6842    125     7815

 COOLING
  TODAY            0                         3     -3        8
  MONTH TO DATE    0                         6     -6       22
  SINCE JUN 1      0                         6     -6       22
  SINCE JAN 1     50                        55     -5      102
..................................................................


WIND (MPH)
  HIGHEST WIND SPEED    15   HIGHEST WIND DIRECTION    SE (150)
  HIGHEST GUST SPEED    24   HIGHEST GUST DIRECTION    SE (120)
  AVERAGE WIND SPEED     7.5


SKY COVER
  POSSIBLE SUNSHINE  MM
  AVERAGE SKY COVER 0.5


WEATHER CONDITIONS
 THE FOLLOWING WEATHER WAS RECORDED TODAY.
  NO SIGNIFICANT WEATHER WAS OBSERVED.


RELATIVE HUMIDITY (PERCENT)
 HIGHEST    93           600 AM
 LOWEST     49           200 PM
 AVERAGE    71

..........................................................


THE CEDAR RAPIDS IA CLIMATE NORMALS FOR TOMORROW
                         NORMAL    RECORD    YEAR
 MAXIMUM TEMPERATURE (F)   77        96      1914
 MINIMUM TEMPERATURE (F)   55        38      1946


SUNRISE AND SUNSET
JUNE  2 2015..........SUNRISE   534 AM CDT   SUNSET   836 PM CDT
JUNE  3 2015..........SUNRISE   533 AM CDT   SUNSET   837 PM CDT


-  INDICATES NEGATIVE NUMBERS.
R  INDICATES RECORD WAS SET OR TIED.
MM INDICATES DATA IS MISSING.
T  INDICATES TRACE AMOUNT.




$$
