000
CDUS43 KDVN 281020
CLICID


CLIMATE REPORT
NATIONAL WEATHER SERVICE QUAD CITIES IA IL
419 AM CST FRI NOV 28 2014


...................................

...THE CEDAR RAPIDS IA CLIMATE SUMMARY FOR NOVEMBER 27 2014...

CLIMATE NORMAL PERIOD 1981 TO 2010
CLIMATE RECORD PERIOD 1891 TO 2014


WEATHER ITEM   OBSERVED TIME   RECORD YEAR NORMAL DEPARTURE LAST
                VALUE   (LST)  VALUE       VALUE  FROM      YEAR
                                                  NORMAL
..................................................................
TEMPERATURE (F)
 YESTERDAY
  MAXIMUM         25    232 AM  69    1909  40    -15       23
  MINIMUM          4    643 PM  -5    1898  22    -18        6
  AVERAGE         15                        31    -16       15

PRECIPITATION (IN)
  YESTERDAY        T            MM      MM   0.07  -0.07     0.00
  MONTH TO DATE    1.29                      1.91  -0.62     2.58
  SINCE SEP 1      7.41                      7.69  -0.28     7.73
  SINCE JAN 1     37.89                     32.99   4.90    37.13

DEGREE DAYS
 HEATING
  YESTERDAY       50                        34     16       50
  MONTH TO DATE  941                       730    211      804
  SINCE SEP 1   1535                      1321    214     1312
  SINCE JUL 1   1554                      1340    214     1331

 COOLING
  YESTERDAY        0                         0      0        0
  MONTH TO DATE    0                         0      0        0
  SINCE SEP 1     53                        80    -27      164
  SINCE JAN 1    670                       748    -78      884
..................................................................


WIND (MPH)
  HIGHEST WIND SPEED    21   HIGHEST WIND DIRECTION    NW (300)
  HIGHEST GUST SPEED    24   HIGHEST GUST DIRECTION    NW (310)
  AVERAGE WIND SPEED    10.9


SKY COVER
  POSSIBLE SUNSHINE  MM
  AVERAGE SKY COVER 0.4


WEATHER CONDITIONS
 THE FOLLOWING WEATHER WAS RECORDED YESTERDAY.
  LIGHT SNOW


RELATIVE HUMIDITY (PERCENT)
 HIGHEST    92           500 AM
 LOWEST     61           100 PM
 AVERAGE    77

..........................................................


THE CEDAR RAPIDS IA CLIMATE NORMALS FOR TODAY
                         NORMAL    RECORD    YEAR
 MAXIMUM TEMPERATURE (F)   39        63      2006
                                             1960
 MINIMUM TEMPERATURE (F)   21        -7      1976


SUNRISE AND SUNSET
NOVEMBER 28 2014......SUNRISE   712 AM CST   SUNSET   438 PM CST
NOVEMBER 29 2014......SUNRISE   713 AM CST   SUNSET   437 PM CST


-  INDICATES NEGATIVE NUMBERS.
R  INDICATES RECORD WAS SET OR TIED.
MM INDICATES DATA IS MISSING.
T  INDICATES TRACE AMOUNT.




$$
