000
CDUS41 KCLE 240527
CLICLE


CLIMATE REPORT
NATIONAL WEATHER SERVICE CLEVELAND OH
125 AM EDT FRI OCT 24 2014


...................................

...THE CLEVELAND OH CLIMATE SUMMARY FOR OCTOBER 23 2014...

CLIMATE NORMAL PERIOD 1981 TO 2010
CLIMATE RECORD PERIOD 1871 TO 2014


WEATHER ITEM   OBSERVED TIME   RECORD YEAR NORMAL DEPARTURE LAST
                VALUE   (LST)  VALUE       VALUE  FROM      YEAR
                                                  NORMAL
..................................................................
TEMPERATURE (F)
 YESTERDAY
  MAXIMUM         56    247 PM  80    1963  60     -4       48
  MINIMUM         37   1141 PM  25    1976  43     -6       37
                                      1969
  AVERAGE         47                        52     -5       43

PRECIPITATION (IN)
  YESTERDAY        0.00                      0.09  -0.09     0.22
  MONTH TO DATE    2.39                      2.29   0.10     3.87
  SINCE SEP 1      6.86                      6.10   0.76     5.83
  SINCE JAN 1     37.97                     31.64   6.33    34.04

SNOWFALL (IN)
  YESTERDAY        0.0                       0.0    0.0       T
  MONTH TO DATE    0.0                       0.1   -0.1       T
  SINCE SEP 1      0.0                       0.1   -0.1       T
  SINCE JUL 1      0.0                       0.1   -0.1       T
  SNOW DEPTH       0

DEGREE DAYS
 HEATING
  YESTERDAY       18                        14      4       22
  MONTH TO DATE  250                       238     12      176
  SINCE SEP 1    368                       329     39      263
  SINCE JUL 1    393                       341     52      270

 COOLING
  YESTERDAY        0                         0      0        0
  MONTH TO DATE    4                        10     -6       34
  SINCE SEP 1     67                        99    -32      127
  SINCE JAN 1    657                       814   -157      889
..................................................................


WIND (MPH)
  HIGHEST WIND SPEED    14   HIGHEST WIND DIRECTION    NW (310)
  HIGHEST GUST SPEED    17   HIGHEST GUST DIRECTION    NW (320)
  AVERAGE WIND SPEED     6.1


SKY COVER
  POSSIBLE SUNSHINE  MM
  AVERAGE SKY COVER 0.4


WEATHER CONDITIONS
 THE FOLLOWING WEATHER WAS RECORDED YESTERDAY.
  NO SIGNIFICANT WEATHER WAS OBSERVED.


RELATIVE HUMIDITY (PERCENT)
 HIGHEST    96           300 AM
 LOWEST     61           300 PM
 AVERAGE    79

..........................................................


THE CLEVELAND OH CLIMATE NORMALS FOR TODAY
                         NORMAL    RECORD    YEAR
 MAXIMUM TEMPERATURE (F)   60        80      1963
                                             1920
 MINIMUM TEMPERATURE (F)   43        22      1969


SUNRISE AND SUNSET
OCTOBER 24 2014.......SUNRISE   749 AM EDT   SUNSET   633 PM EDT
OCTOBER 25 2014.......SUNRISE   751 AM EDT   SUNSET   632 PM EDT


-  INDICATES NEGATIVE NUMBERS.
R  INDICATES RECORD WAS SET OR TIED.
MM INDICATES DATA IS MISSING.
T  INDICATES TRACE AMOUNT.




$$
