000
CDUS41 KCLE 300545
CLICLE


CLIMATE REPORT
NATIONAL WEATHER SERVICE CLEVELAND OH
145 AM EDT SUN APR 30 2017


...................................

...THE CLEVELAND OH CLIMATE SUMMARY FOR APRIL 29 2017...

CLIMATE NORMAL PERIOD 1981 TO 2010
CLIMATE RECORD PERIOD 1871 TO 2017


WEATHER ITEM   OBSERVED TIME   RECORD YEAR NORMAL DEPARTURE LAST
                VALUE   (LST)  VALUE       VALUE  FROM      YEAR
                                                  NORMAL
..................................................................
TEMPERATURE (F)
 YESTERDAY
  MAXIMUM         58    635 AM  84    1899  64     -6       50
  MINIMUM         47    231 PM  25    1977  45      2       42
  AVERAGE         53                        54     -1       46

PRECIPITATION (IN)
  YESTERDAY        0.18                      0.10   0.08     0.06
  MONTH TO DATE    4.49                      3.38   1.11     3.45
  SINCE MAR 1      8.51                      6.31   2.20     7.62
  SINCE JAN 1     15.97                     11.37   4.60    12.21

SNOWFALL (IN)
  YESTERDAY       MM                         0.0   MM        0.0
  MONTH TO DATE    2.8                       3.3   -0.5      7.8
  SINCE MAR 1     12.1                      15.9   -3.8     11.0
  SINCE JUL 1     37.3                      68.1  -30.8     32.8
  SNOW DEPTH       0

DEGREE DAYS
 HEATING
  YESTERDAY       12                        11      1       19
  MONTH TO DATE  253                       458   -205      503
  SINCE MAR 1   1044                      1284   -240     1126
  SINCE JUL 1   4355                      5501  -1146     4717

 COOLING
  YESTERDAY        0                         1     -1        0
  MONTH TO DATE   28                         9     19        0
  SINCE MAR 1     28                        10     18        0
  SINCE JAN 1     28                        10     18        0
..................................................................


WIND (MPH)
  HIGHEST WIND SPEED    18   HIGHEST WIND DIRECTION     N (360)
  HIGHEST GUST SPEED    23   HIGHEST GUST DIRECTION     N (20)
  AVERAGE WIND SPEED    10.2


SKY COVER
  POSSIBLE SUNSHINE  MM
  AVERAGE SKY COVER 0.9


WEATHER CONDITIONS
 THE FOLLOWING WEATHER WAS RECORDED YESTERDAY.
  RAIN
  LIGHT RAIN
  FOG
  FOG W/VISIBILITY <= 1/4 MILE
  HAZE


RELATIVE HUMIDITY (PERCENT)
 HIGHEST    86           300 AM
 LOWEST     66           400 PM
 AVERAGE    76

..........................................................


THE CLEVELAND OH CLIMATE NORMALS FOR TODAY
                         NORMAL    RECORD    YEAR
 MAXIMUM TEMPERATURE (F)   65        88      1942
 MINIMUM TEMPERATURE (F)   45        28      1969


SUNRISE AND SUNSET
APRIL 30 2017.........SUNRISE   626 AM EDT   SUNSET   824 PM EDT
MAY  1 2017...........SUNRISE   624 AM EDT   SUNSET   825 PM EDT


-  INDICATES NEGATIVE NUMBERS.
R  INDICATES RECORD WAS SET OR TIED.
MM INDICATES DATA IS MISSING.
T  INDICATES TRACE AMOUNT.




$$
