000
CDUS44 KHGX 160717
CLICLL


CLIMATE REPORT
NATIONAL WEATHER SERVICE HOUSTON/GALVESTON TX
217 AM CDT WED APR 16 2014


...................................

...THE COLLEGE STATION CLIMATE SUMMARY FOR APRIL 15 2014...

CLIMATE NORMAL PERIOD 1981 TO 2010
CLIMATE RECORD PERIOD 1902 TO 2014


WEATHER ITEM   OBSERVED TIME   RECORD YEAR NORMAL DEPARTURE LAST
                VALUE   (LST)  VALUE       VALUE  FROM      YEAR
                                                  NORMAL
..................................................................
TEMPERATURE (F)
 YESTERDAY
  MAXIMUM         63    438 PM  91    1914  79    -16       85
  MINIMUM         37R   633 AM  38    1928  58    -21       70
  AVERAGE         50                        68    -18       78

PRECIPITATION (IN)
  YESTERDAY        0.00          3.51 1977   0.07  -0.07     0.00
  MONTH TO DATE    1.22                      1.18   0.04     1.06
  SINCE MAR 1      2.83                      4.35  -1.52     2.79
  SINCE JAN 1      5.01                     10.44  -5.43     8.95

SNOWFALL (IN)
  YESTERDAY        0.0
  MONTH TO DATE    0.0
  SINCE JUL 1      T

DEGREE DAYS
 HEATING
  YESTERDAY       15                         2     13        0
  MONTH TO DATE   49                        35     14       51
  SINCE MAR 1    318                       207    111      240
  SINCE JUL 1   2042                      1594    448     1299

 COOLING
  YESTERDAY        0                         5     -5       13
  MONTH TO DATE   63                        60      3       56
  SINCE MAR 1     86                       119    -33      114
  SINCE JAN 1    107                       147    -40      149
..................................................................


WIND (MPH)
  HIGHEST WIND SPEED    18   HIGHEST WIND DIRECTION     N (350)
  HIGHEST GUST SPEED    26   HIGHEST GUST DIRECTION     N (10)
  AVERAGE WIND SPEED     5.0


SKY COVER
  AVERAGE SKY COVER 0.0


WEATHER CONDITIONS
 THE FOLLOWING WEATHER WAS RECORDED YESTERDAY.
  NO SIGNIFICANT WEATHER WAS OBSERVED.


RELATIVE HUMIDITY (PERCENT)
 HIGHEST    79           200 AM
 LOWEST     25           400 PM
 AVERAGE    52

..........................................................


THE COLLEGE STATION CLIMATE NORMALS FOR TODAY
                         NORMAL    RECORD    YEAR
 MAXIMUM TEMPERATURE (F)   79        96      1920
 MINIMUM TEMPERATURE (F)   58        36      1961


SUNRISE AND SUNSET
APRIL 16 2014.........SUNRISE   657 AM CDT   SUNSET   754 PM CDT
APRIL 17 2014.........SUNRISE   656 AM CDT   SUNSET   755 PM CDT


-  INDICATES NEGATIVE NUMBERS.
R  INDICATES RECORD WAS SET OR TIED.
MM INDICATES DATA IS MISSING.
T  INDICATES TRACE AMOUNT.




$$
