000
CDUS44 KHGX 270718
CLICLL


CLIMATE REPORT
NATIONAL WEATHER SERVICE HOUSTON/GALVESTON TX
217 AM CDT WED MAY 27 2015


...................................

...THE COLLEGE STATION CLIMATE SUMMARY FOR MAY 26 2015...

CLIMATE NORMAL PERIOD 1981 TO 2010
CLIMATE RECORD PERIOD 1902 TO 2015


WEATHER ITEM   OBSERVED TIME   RECORD YEAR NORMAL DEPARTURE LAST
                VALUE   (LST)  VALUE       VALUE  FROM      YEAR
                                                  NORMAL
..................................................................
TEMPERATURE (F)
 YESTERDAY
  MAXIMUM         87    218 PM  96    1958  88     -1       81
  MINIMUM         66    530 AM  56    1934  69     -3       67
  AVERAGE         77                        79     -2       74

PRECIPITATION (IN)
  YESTERDAY        0.00          1.02 1976   0.15  -0.15     0.48
  MONTH TO DATE    8.61                      3.60   5.01     5.92
  SINCE MAR 1     19.24                      9.43   9.81     8.76
  SINCE JAN 1     26.65                     15.52  11.13    10.94

SNOWFALL (IN)
  YESTERDAY        0.0
  MONTH TO DATE    0.0
  SINCE JUL 1      T

DEGREE DAYS
 HEATING
  YESTERDAY        0                         0      0        0
  MONTH TO DATE    0                         0      0        8
  SINCE MAR 1    227                       219      8      340
  SINCE JUL 1   1768                      1606    162     2064

 COOLING
  YESTERDAY       12                        14     -2        9
  MONTH TO DATE  269                       279    -10      225
  SINCE MAR 1    507                       490     17      412
  SINCE JAN 1    508                       518    -10      433
..................................................................


WIND (MPH)
  HIGHEST WIND SPEED    20   HIGHEST WIND DIRECTION    SE (150)
  HIGHEST GUST SPEED    25   HIGHEST GUST DIRECTION    SE (150)
  AVERAGE WIND SPEED    11.2


SKY COVER
  AVERAGE SKY COVER 0.5


WEATHER CONDITIONS
 THE FOLLOWING WEATHER WAS RECORDED YESTERDAY.
  NO SIGNIFICANT WEATHER WAS OBSERVED.


RELATIVE HUMIDITY (PERCENT)
 HIGHEST    93          1200 AM
 LOWEST     65           100 PM
 AVERAGE    79

..........................................................


THE COLLEGE STATION CLIMATE NORMALS FOR TODAY
                         NORMAL    RECORD    YEAR
 MAXIMUM TEMPERATURE (F)   88        98      2011
                                             1958
 MINIMUM TEMPERATURE (F)   69        54      1934


SUNRISE AND SUNSET
MAY 27 2015...........SUNRISE   625 AM CDT   SUNSET   820 PM CDT
MAY 28 2015...........SUNRISE   625 AM CDT   SUNSET   821 PM CDT


-  INDICATES NEGATIVE NUMBERS.
R  INDICATES RECORD WAS SET OR TIED.
MM INDICATES DATA IS MISSING.
T  INDICATES TRACE AMOUNT.




$$
