000
CDUS42 KGSP 210636
CLICLT

CLIMATE REPORT
NATIONAL WEATHER SERVICE GREENVILLE-SPARTANBURG SC
133 AM EST TUE FEB 21 2017


...................................

...THE CHARLOTTE NC CLIMATE SUMMARY FOR FEBRUARY 20 2017...

CLIMATE NORMAL PERIOD 1981 TO 2010
CLIMATE RECORD PERIOD 1878 TO 2017


WEATHER ITEM   OBSERVED TIME   RECORD YEAR NORMAL DEPARTURE LAST
                VALUE   (LST)  VALUE       VALUE  FROM      YEAR
                                                  NORMAL
..................................................................
TEMPERATURE (F)
 YESTERDAY
  MAXIMUM         73    403 PM  77    2014  56     17       61
  MINIMUM         35    723 AM   7    2015  34      1       43
  AVERAGE         54                        45      9       52

PRECIPITATION (IN)
  YESTERDAY        0.00          1.82 1905   0.13  -0.13     0.01
  MONTH TO DATE    1.12                      2.29  -1.17     1.71
  SINCE DEC 1      9.75                      8.95   0.80    12.69
  SINCE JAN 1      6.84                      5.70   1.14     3.99

SNOWFALL (IN)
  YESTERDAY        0.0           0.9  1947   0.1   -0.1      0.0
  MONTH TO DATE    0.0                       0.9   -0.9       T
  SINCE DEC 1      1.1                       3.3   -2.2      3.3
  SINCE JUL 1      1.1                       3.4   -2.3      3.3
  SNOW DEPTH       0

DEGREE DAYS
 HEATING
  YESTERDAY       11                        20     -9       13
  MONTH TO DATE  263                       440   -177      464
  SINCE DEC 1   1422                      1911   -489     1552
  SINCE JUL 1   1840                      2547   -707     2018

 COOLING
  YESTERDAY        0                         0      0        0
  MONTH TO DATE    5                         0      5        0
  SINCE DEC 1      5                         1      4       12
  SINCE JAN 1      5                         0      5        0
..................................................................


WIND (MPH)
  HIGHEST WIND SPEED    10   HIGHEST WIND DIRECTION     E (110)
  HIGHEST GUST SPEED    18   HIGHEST GUST DIRECTION    NE (60)
  AVERAGE WIND SPEED     5.0


SKY COVER
  POSSIBLE SUNSHINE  MM
  AVERAGE SKY COVER 0.3


WEATHER CONDITIONS
 THE FOLLOWING WEATHER WAS RECORDED YESTERDAY.
  NO SIGNIFICANT WEATHER WAS OBSERVED.


RELATIVE HUMIDITY (PERCENT)
 HIGHEST    86           600 AM
 LOWEST     27           400 PM
 AVERAGE    57

..........................................................


THE CHARLOTTE NC CLIMATE NORMALS FOR TODAY
                         NORMAL    RECORD    YEAR
 MAXIMUM TEMPERATURE (F)   56        75      2011
                                             1986
 MINIMUM TEMPERATURE (F)   34         6      1896


SUNRISE AND SUNSET
FEBRUARY 21 2017......SUNRISE   703 AM EST   SUNSET   612 PM EST
FEBRUARY 22 2017......SUNRISE   702 AM EST   SUNSET   613 PM EST


-  INDICATES NEGATIVE NUMBERS.
R  INDICATES RECORD WAS SET OR TIED.
MM INDICATES DATA IS MISSING.
T  INDICATES TRACE AMOUNT.




$$

LEV
