010
CDUS42 KGSP 020637
CLICLT

CLIMATE REPORT
NATIONAL WEATHER SERVICE GREENVILLE-SPARTANBURG SC
231 AM EDT MON MAY 2 2016


...................................

...THE CHARLOTTE NC CLIMATE SUMMARY FOR MAY 1 2016...

CLIMATE NORMAL PERIOD 1981 TO 2010
CLIMATE RECORD PERIOD 1878 TO 2016


WEATHER ITEM   OBSERVED TIME   RECORD YEAR NORMAL DEPARTURE LAST
                VALUE   (LST)  VALUE       VALUE  FROM      YEAR
                                                  NORMAL
..................................................................
TEMPERATURE (F)
 YESTERDAY
  MAXIMUM         80    509 PM  92    1962  76      4       67
  MINIMUM         65   1051 PM  37    1963  51     14       47
                                      1908
  AVERAGE         73                        63     10       57

PRECIPITATION (IN)
  YESTERDAY        0.43          1.84 1989   0.09   0.34     0.00
  MONTH TO DATE    0.43                      0.09   0.34     0.00
  SINCE MAR 1      3.31                      7.14  -3.83     8.33
  SINCE JAN 1     10.09                     13.87  -3.78    14.15

SNOWFALL (IN)
  YESTERDAY        0.0           0.0    MM   0.0    0.0      0.0
  MONTH TO DATE    0.0                       0.0    0.0      0.0
  SINCE MAR 1      0.0                       0.6   -0.6      0.0
  SINCE JUL 1      3.3                       4.3   -1.0      3.1
  SNOW DEPTH       0

DEGREE DAYS
 HEATING
  YESTERDAY        0                         4     -4        8
  MONTH TO DATE    0                         4     -4        8
  SINCE MAR 1    383                       637   -254      476
  SINCE JUL 1   2525                      3336   -811     3247

 COOLING
  YESTERDAY        8                         2      6        0
  MONTH TO DATE    8                         2      6        0
  SINCE MAR 1    106                        39     67       63
  SINCE JAN 1    106                        39     67       63
..................................................................


WIND (MPH)
  HIGHEST WIND SPEED    23   HIGHEST WIND DIRECTION    SE (150)
  HIGHEST GUST SPEED    29   HIGHEST GUST DIRECTION     S (170)
  AVERAGE WIND SPEED     9.6


SKY COVER
  POSSIBLE SUNSHINE  MM
  AVERAGE SKY COVER 0.8


WEATHER CONDITIONS
 THE FOLLOWING WEATHER WAS RECORDED YESTERDAY.
  THUNDERSTORM
  HEAVY RAIN
  RAIN
  LIGHT RAIN
  FOG


RELATIVE HUMIDITY (PERCENT)
 HIGHEST    93           100 AM
 LOWEST     62           300 PM
 AVERAGE    78

..........................................................


THE CHARLOTTE NC CLIMATE NORMALS FOR TODAY
                         NORMAL    RECORD    YEAR
 MAXIMUM TEMPERATURE (F)   76        91      1959
 MINIMUM TEMPERATURE (F)   52        32      1963


SUNRISE AND SUNSET
MAY  2 2016...........SUNRISE   631 AM EDT   SUNSET   811 PM EDT
MAY  3 2016...........SUNRISE   630 AM EDT   SUNSET   812 PM EDT


-  INDICATES NEGATIVE NUMBERS.
R  INDICATES RECORD WAS SET OR TIED.
MM INDICATES DATA IS MISSING.
T  INDICATES TRACE AMOUNT.




$$
