000
CDUS42 KGSP 030641
CLICLT

CLIMATE REPORT
NATIONAL WEATHER SERVICE GREENVILLE-SPARTANBURG SC
141 AM EST SAT DEC 3 2016


...................................

...THE CHARLOTTE NC CLIMATE SUMMARY FOR DECEMBER 2 2016...

CLIMATE NORMAL PERIOD 1981 TO 2010
CLIMATE RECORD PERIOD 1878 TO 2016


WEATHER ITEM   OBSERVED TIME   RECORD YEAR NORMAL DEPARTURE LAST
                VALUE   (LST)  VALUE       VALUE  FROM      YEAR
                                                  NORMAL
..................................................................
TEMPERATURE (F)
 YESTERDAY
  MAXIMUM         58    346 PM  76    1991  57      1       64
  MINIMUM         32    504 AM  20    1924  35     -3       51
  AVERAGE         45                        46     -1       58

PRECIPITATION (IN)
  YESTERDAY        0.00          1.85 1927   0.11  -0.11     0.11
  MONTH TO DATE    0.00                      0.22  -0.22     0.14
  SINCE DEC 1      0.00                      0.22  -0.22     0.14
  SINCE JAN 1     30.64                     38.60  -7.96    40.92

SNOWFALL (IN)
  YESTERDAY        0.0          10.0  1896   0.0    0.0      0.0
  MONTH TO DATE    0.0                       0.0    0.0      0.0
  SINCE DEC 1      0.0                       0.0    0.0      0.0
  SINCE JUL 1      0.0                       0.1   -0.1      0.0
  SNOW DEPTH       0

DEGREE DAYS
 HEATING
  YESTERDAY       20                        19      1        7
  MONTH TO DATE   32                        38     -6       23
  SINCE DEC 1     32                        38     -6       23
  SINCE JUL 1    450                       674   -224      489

 COOLING
  YESTERDAY        0                         0      0        0
  MONTH TO DATE    0                         0      0        0
  SINCE DEC 1      0                         0      0        0
  SINCE JAN 1   2193                      1517    676     2016
..................................................................


WIND (MPH)
  HIGHEST WIND SPEED    10   HIGHEST WIND DIRECTION    NW (310)
  HIGHEST GUST SPEED    15   HIGHEST GUST DIRECTION     W (270)
  AVERAGE WIND SPEED     3.3


SKY COVER
  POSSIBLE SUNSHINE  MM
  AVERAGE SKY COVER 0.2


WEATHER CONDITIONS
 THE FOLLOWING WEATHER WAS RECORDED YESTERDAY.
  NO SIGNIFICANT WEATHER WAS OBSERVED.


RELATIVE HUMIDITY (PERCENT)
 HIGHEST    89           500 AM
 LOWEST     29           800 PM
 AVERAGE    59

..........................................................


THE CHARLOTTE NC CLIMATE NORMALS FOR TODAY
                         NORMAL    RECORD    YEAR
 MAXIMUM TEMPERATURE (F)   56        75      1998
 MINIMUM TEMPERATURE (F)   34        20      1960
                                             1910
                                             1886


SUNRISE AND SUNSET
DECEMBER  3 2016......SUNRISE   716 AM EST   SUNSET   511 PM EST
DECEMBER  4 2016......SUNRISE   717 AM EST   SUNSET   511 PM EST


-  INDICATES NEGATIVE NUMBERS.
R  INDICATES RECORD WAS SET OR TIED.
MM INDICATES DATA IS MISSING.
T  INDICATES TRACE AMOUNT.

$$

OUTLAW
