000
CDUS42 KGSP 302043
CLICLT

CLIMATE REPORT
NATIONAL WEATHER SERVICE GREENVILLE-SPARTANBURG SC
443 PM EDT TUE SEP 30 2014


...................................

...THE CHARLOTTE NC CLIMATE SUMMARY FOR SEPTEMBER 30 2014...
VALID TODAY AS OF 0440 PM LOCAL TIME.

CLIMATE NORMAL PERIOD 1981 TO 2010
CLIMATE RECORD PERIOD 1878 TO 2014


WEATHER ITEM   OBSERVED TIME   RECORD YEAR NORMAL DEPARTURE LAST
                VALUE   (LST)  VALUE       VALUE  FROM      YEAR
                                                  NORMAL
..................................................................
TEMPERATURE (F)
 TODAY
  MAXIMUM         83    248 PM  91    1926  77      6       78
  MINIMUM         59    507 AM  38    1888  55      4       51
  AVERAGE         71                        66      5       65

PRECIPITATION (IN)
  TODAY            0.00          3.65 1979   0.12  -0.12     0.00
  MONTH TO DATE    3.99                      3.24   0.75     3.06
  SINCE SEP 1      3.99                      3.24   0.75     3.06
  SINCE JAN 1     37.75                     31.84   5.91    38.38

SNOWFALL (IN)
  TODAY            0.0           0.0    MM   0.0    0.0      0.0
  MONTH TO DATE    0.0                       0.0    0.0      0.0
  SINCE SEP 1      0.0                       0.0    0.0      0.0
  SINCE JUL 1      0.0                       0.0    0.0      0.0
  SNOW DEPTH       0

DEGREE DAYS
 HEATING
  TODAY            0                         2     -2        0
  MONTH TO DATE   12                        21     -9        2
  SINCE SEP 1     12                        23    -11        2
  SINCE JUL 1     12                        23    -11        3

 COOLING
  TODAY            6                         3      3        0
  MONTH TO DATE  233                       198     35      228
  SINCE SEP 1    233                       198     35      228
  SINCE JAN 1   1588                      1475    113     1516
..................................................................


WIND (MPH)
  HIGHEST WIND SPEED     9   HIGHEST WIND DIRECTION     N (360)
  HIGHEST GUST SPEED    13   HIGHEST GUST DIRECTION     N (360)
  AVERAGE WIND SPEED     1.6


SKY COVER
  POSSIBLE SUNSHINE  MM
  AVERAGE SKY COVER 0.7


WEATHER CONDITIONS
 THE FOLLOWING WEATHER WAS RECORDED TODAY.
  FOG
  FOG W/VISIBILITY <= 1/4 MILE


RELATIVE HUMIDITY (PERCENT)
 HIGHEST   100           200 AM
 LOWEST     40           300 PM
 AVERAGE    70

..........................................................


THE CHARLOTTE NC CLIMATE NORMALS FOR TOMORROW
                         NORMAL    RECORD    YEAR
 MAXIMUM TEMPERATURE (F)   76        92      1954
 MINIMUM TEMPERATURE (F)   54        39      1899


SUNRISE AND SUNSET
SEPTEMBER 30 2014.....SUNRISE   718 AM EDT   SUNSET   709 PM EDT
OCTOBER  1 2014.......SUNRISE   719 AM EDT   SUNSET   708 PM EDT


-  INDICATES NEGATIVE NUMBERS.
R  INDICATES RECORD WAS SET OR TIED.
MM INDICATES DATA IS MISSING.
T  INDICATES TRACE AMOUNT.

$$

OUTLAW
