000
CDUS42 KGSP 250631 RRA
CLICLT

CLIMATE REPORT
NATIONAL WEATHER SERVICE GREENVILLE-SPARTANBURG SC
127 AM EST SUN JAN 25 2015


...................................

...THE CHARLOTTE NC CLIMATE SUMMARY FOR JANUARY 24 2015...

CLIMATE NORMAL PERIOD 1981 TO 2010
CLIMATE RECORD PERIOD 1878 TO 2015


WEATHER ITEM   OBSERVED TIME   RECORD YEAR NORMAL DEPARTURE LAST
                VALUE   (LST)  VALUE       VALUE  FROM      YEAR
                                                  NORMAL
..................................................................
TEMPERATURE (F)
 YESTERDAY
  MAXIMUM         53    321 PM  74    1967  51      2       28
  MINIMUM         33   1159 PM   7    1963  30      3        8
  AVERAGE         43                        40      3       18

PRECIPITATION (IN)
  YESTERDAY        0.16          1.79 1958   0.10   0.06     0.00
  MONTH TO DATE    2.79                      2.67   0.12     2.80
  SINCE DEC 1      5.36                      5.92  -0.56     9.93
  SINCE JAN 1      2.79                      2.67   0.12     2.80

SNOWFALL (IN)
  YESTERDAY        0.0           4.0  2000   0.0    0.0      0.0
  MONTH TO DATE    0.0                       1.6   -1.6      0.0
  SINCE DEC 1      0.0                       1.9   -1.9      0.0
  SINCE JUL 1      T                         2.0   -2.0       T
  SNOW DEPTH       0

DEGREE DAYS
 HEATING
  YESTERDAY       22                        25     -3       47
  MONTH TO DATE  578                       600    -22      678
  SINCE DEC 1   1168                      1301   -133     1255
  SINCE JUL 1   1826                      1937   -111     1905

 COOLING
  YESTERDAY        0                         0      0        0
  MONTH TO DATE    0                         0      0        0
  SINCE DEC 1      0                         1     -1        8
  SINCE JAN 1      0                         0      0        0
..................................................................


WIND (MPH)
  HIGHEST WIND SPEED    20   HIGHEST WIND DIRECTION    NW (310)
  HIGHEST GUST SPEED    26   HIGHEST GUST DIRECTION    NW (310)
  AVERAGE WIND SPEED     6.0


SKY COVER
  POSSIBLE SUNSHINE  MM
  AVERAGE SKY COVER 0.6


WEATHER CONDITIONS
 THE FOLLOWING WEATHER WAS RECORDED YESTERDAY.
  LIGHT RAIN
  FOG


RELATIVE HUMIDITY (PERCENT)
 HIGHEST    92           100 AM
 LOWEST     31           600 PM
 AVERAGE    62

..........................................................


THE CHARLOTTE NC CLIMATE NORMALS FOR TODAY
                         NORMAL    RECORD    YEAR
 MAXIMUM TEMPERATURE (F)   51        76      1950
 MINIMUM TEMPERATURE (F)   30        11      1963


SUNRISE AND SUNSET
JANUARY 25 2015.......SUNRISE   728 AM EST   SUNSET   545 PM EST
JANUARY 26 2015.......SUNRISE   727 AM EST   SUNSET   546 PM EST


-  INDICATES NEGATIVE NUMBERS.
R  INDICATES RECORD WAS SET OR TIED.
MM INDICATES DATA IS MISSING.
T  INDICATES TRACE AMOUNT.

$$
07
