000
CDUS42 KGSP 010628 RRA
CLICLT

CLIMATE REPORT
NATIONAL WEATHER SERVICE GREENVILLE-SPARTANBURG SC
127 AM EST SUN MAR 1 2015


...................................

...THE CHARLOTTE NC CLIMATE SUMMARY FOR FEBRUARY 28 2015...

CLIMATE NORMAL PERIOD 1981 TO 2010
CLIMATE RECORD PERIOD 1878 TO 2015


WEATHER ITEM   OBSERVED TIME   RECORD YEAR NORMAL DEPARTURE LAST
                VALUE   (LST)  VALUE       VALUE  FROM      YEAR
                                                  NORMAL
..................................................................
TEMPERATURE (F)
 YESTERDAY
  MAXIMUM         44    336 PM  78    2011  58    -14       50
                                      1962
                                      1948
  MINIMUM         29    748 AM  14    2002  36     -7       29
  AVERAGE         37                        47    -10       40

PRECIPITATION (IN)
  YESTERDAY        0.00          2.09 1987   0.13  -0.13     0.00
  MONTH TO DATE    3.02                      3.32  -0.30     4.01
  SINCE DEC 1      8.39                      9.98  -1.59    14.05
  SINCE JAN 1      5.82                      6.73  -0.91     6.92

SNOWFALL (IN)
  YESTERDAY        0.0           5.0  1937   0.0    0.0      0.0
  MONTH TO DATE    3.1                       1.2    1.9      8.4
  SINCE DEC 1      3.1                       3.6   -0.5      9.3
  SINCE JUL 1      3.1                       3.7   -0.6      9.3
  SNOW DEPTH       0

DEGREE DAYS
 HEATING
  YESTERDAY       28                        18     10       25
  MONTH TO DATE  764                       592    172      543
  SINCE DEC 1   2113                      2063     50     2026
  SINCE JUL 1   2771                      2699     72     2676

 COOLING
  YESTERDAY        0                         0      0        0
  MONTH TO DATE    0                         0      0        1
  SINCE DEC 1      0                         1     -1        9
  SINCE JAN 1      0                         0      0        1
..................................................................


WIND (MPH)
  HIGHEST WIND SPEED    14   HIGHEST WIND DIRECTION    NE (50)
  HIGHEST GUST SPEED    23   HIGHEST GUST DIRECTION    NE (50)
  AVERAGE WIND SPEED     8.6


SKY COVER
  POSSIBLE SUNSHINE  MM
  AVERAGE SKY COVER 0.8


WEATHER CONDITIONS
 THE FOLLOWING WEATHER WAS RECORDED YESTERDAY.
  NO SIGNIFICANT WEATHER WAS OBSERVED.


RELATIVE HUMIDITY (PERCENT)
 HIGHEST    54          1000 AM
 LOWEST     36           300 PM
 AVERAGE    45

..........................................................


THE CHARLOTTE NC CLIMATE NORMALS FOR TODAY
                         NORMAL    RECORD    YEAR
 MAXIMUM TEMPERATURE (F)   59        82      1918
 MINIMUM TEMPERATURE (F)   36        15      1980


SUNRISE AND SUNSET
MARCH  1 2015.........SUNRISE   654 AM EST   SUNSET   619 PM EST
MARCH  2 2015.........SUNRISE   652 AM EST   SUNSET   620 PM EST


-  INDICATES NEGATIVE NUMBERS.
R  INDICATES RECORD WAS SET OR TIED.
MM INDICATES DATA IS MISSING.
T  INDICATES TRACE AMOUNT.

$$
07
