000
CDUS42 KGSP 240635
CLICLT

CLIMATE REPORT
NATIONAL WEATHER SERVICE GREENVILLE-SPARTANBURG SC
233 AM EDT FRI MAR 24 2017


...................................

...THE CHARLOTTE NC CLIMATE SUMMARY FOR MARCH 23 2017...

CLIMATE NORMAL PERIOD 1981 TO 2010
CLIMATE RECORD PERIOD 1878 TO 2017


WEATHER ITEM   OBSERVED TIME   RECORD YEAR NORMAL DEPARTURE LAST
                VALUE   (LST)  VALUE       VALUE  FROM      YEAR
                                                  NORMAL
..................................................................
TEMPERATURE (F)
 YESTERDAY
  MAXIMUM         59    414 PM  91    1907  65     -6       74
  MINIMUM         34    630 AM  20    1888  41     -7       50
  AVERAGE         47                        53     -6       62

PRECIPITATION (IN)
  YESTERDAY        0.00          2.00 1979   0.11  -0.11     0.00
  MONTH TO DATE    1.93                      3.02  -1.09     0.40
  SINCE MAR 1      1.93                      3.02  -1.09     0.40
  SINCE JAN 1      8.84                      9.75  -0.91     7.18

SNOWFALL (IN)
  YESTERDAY        0.0           0.1  1885   0.0    0.0      0.0
  MONTH TO DATE    1.1                       0.5    0.6      0.0
  SINCE MAR 1      1.1                       0.5    0.6      0.0
  SINCE JUL 1      2.2                       4.2   -2.0      3.3
  SNOW DEPTH       0

DEGREE DAYS
 HEATING
  YESTERDAY       18                        12      6        3
  MONTH TO DATE  370                       346     24      196
  SINCE MAR 1    370                       346     24      196
  SINCE JUL 1   2268                      3045   -777     2338

 COOLING
  YESTERDAY        0                         0      0        0
  MONTH TO DATE    6                         0      6       31
  SINCE MAR 1      6                         0      6       31
  SINCE JAN 1     11                         0     11       31
..................................................................


WIND (MPH)
  HIGHEST WIND SPEED    13   HIGHEST WIND DIRECTION    SE (150)
  HIGHEST GUST SPEED    21   HIGHEST GUST DIRECTION     E (80)
  AVERAGE WIND SPEED     7.1


SKY COVER
  POSSIBLE SUNSHINE  MM
  AVERAGE SKY COVER 0.2


WEATHER CONDITIONS
 THE FOLLOWING WEATHER WAS RECORDED YESTERDAY.
  NO SIGNIFICANT WEATHER WAS OBSERVED.


RELATIVE HUMIDITY (PERCENT)
 HIGHEST    44           700 AM
 LOWEST     21           300 PM
 AVERAGE    33

..........................................................


THE CHARLOTTE NC CLIMATE NORMALS FOR TODAY
                         NORMAL    RECORD    YEAR
 MAXIMUM TEMPERATURE (F)   66        88      1929
 MINIMUM TEMPERATURE (F)   41        24      1940


SUNRISE AND SUNSET
MARCH 24 2017.........SUNRISE   721 AM EDT   SUNSET   739 PM EDT
MARCH 25 2017.........SUNRISE   720 AM EDT   SUNSET   740 PM EDT


-  INDICATES NEGATIVE NUMBERS.
R  INDICATES RECORD WAS SET OR TIED.
MM INDICATES DATA IS MISSING.
T  INDICATES TRACE AMOUNT.




$$
