000
CDUS42 KGSP 192134
CLICLT

CLIMATE REPORT
NATIONAL WEATHER SERVICE GREENVILLE-SPARTANBURG SC
432 PM EST THU JAN 19 2017


...................................

...THE CHARLOTTE NC CLIMATE SUMMARY FOR JANUARY 19 2017...
VALID TODAY AS OF 0400 PM LOCAL TIME.

CLIMATE NORMAL PERIOD 1981 TO 2010
CLIMATE RECORD PERIOD 1878 TO 2017


WEATHER ITEM   OBSERVED TIME   RECORD YEAR NORMAL DEPARTURE LAST
                VALUE   (LST)  VALUE       VALUE  FROM      YEAR
                                                  NORMAL
..................................................................
TEMPERATURE (F)
 TODAY
  MAXIMUM         66    306 PM  69    1929  51     15       36
                                      1907
  MINIMUM         34    656 AM   6    1994  30      4       14
  AVERAGE         50                        40     10       25

PRECIPITATION (IN)
  TODAY            0.00          2.28 1936   0.11  -0.11     0.00
  MONTH TO DATE    2.71                      2.13   0.58     1.39
  SINCE DEC 1      5.62                      5.38   0.24    10.09
  SINCE JAN 1      2.71                      2.13   0.58     1.39

SNOWFALL (IN)
  TODAY            0.0           4.1  1955   0.1   -0.1      0.0
  MONTH TO DATE    1.1                       1.3   -0.2       T
  SINCE DEC 1      1.1                       1.6   -0.5       T
  SINCE JUL 1      1.1                       1.7   -0.6       T
  SNOW DEPTH       0

DEGREE DAYS
 HEATING
  TODAY           15                        25    -10       40
  MONTH TO DATE  352                       475   -123      480
  SINCE DEC 1    977                      1176   -199      781
  SINCE JUL 1   1395                      1812   -417     1247

 COOLING
  TODAY            0                         0      0        0
  MONTH TO DATE    0                         0      0        0
  SINCE DEC 1      0                         1     -1       12
  SINCE JAN 1      0                         0      0        0
..................................................................


WIND (MPH)
  HIGHEST WIND SPEED    10   HIGHEST WIND DIRECTION     E (100)
  HIGHEST GUST SPEED    22   HIGHEST GUST DIRECTION     E (80)
  AVERAGE WIND SPEED     3.4


SKY COVER
  POSSIBLE SUNSHINE  MM
  AVERAGE SKY COVER 0.4


WEATHER CONDITIONS
 THE FOLLOWING WEATHER WAS RECORDED TODAY.
  NO SIGNIFICANT WEATHER WAS OBSERVED.


RELATIVE HUMIDITY (PERCENT)
 HIGHEST    89           700 AM
 LOWEST     34           300 PM
 AVERAGE    62

..........................................................


THE CHARLOTTE NC CLIMATE NORMALS FOR TOMORROW
                         NORMAL    RECORD    YEAR
 MAXIMUM TEMPERATURE (F)   51        71      1951
                                             1929
                                             1927
 MINIMUM TEMPERATURE (F)   30        -2      1985


SUNRISE AND SUNSET
JANUARY 19 2017.......SUNRISE   730 AM EST   SUNSET   539 PM EST
JANUARY 20 2017.......SUNRISE   730 AM EST   SUNSET   540 PM EST


-  INDICATES NEGATIVE NUMBERS.
R  INDICATES RECORD WAS SET OR TIED.
MM INDICATES DATA IS MISSING.
T  INDICATES TRACE AMOUNT.

$$
07
