000
CDUS46 KLOX 280903
CLICMA


CLIMATE REPORT
NATIONAL WEATHER SERVICE LOS ANGELES/OXNARD CA
203 AM PDT SAT MAY 28 2016


...................................

...THE CAMARILLO AIRPORT CA CLIMATE SUMMARY FOR MAY 27 2016...

CLIMATE NORMAL PERIOD 1981 TO 2010
CLIMATE RECORD PERIOD 1948 TO 2016


WEATHER ITEM   OBSERVED TIME   RECORD YEAR NORMAL DEPARTURE LAST
                VALUE   (LST)  VALUE       VALUE  FROM      YEAR
                                                  NORMAL
..................................................................
TEMPERATURE (F)
 YESTERDAY
  MAXIMUM         71    235 PM  87    1968  71      0       70
  MINIMUM         51    454 AM  45    2008  54     -3       56
  AVERAGE         61                        62     -1       63

PRECIPITATION (IN)
  YESTERDAY        0.00          0.61 1990   0.00   0.00     0.00
  MONTH TO DATE    T                         0.30  -0.30     0.22
  SINCE OCT 1      5.98                     14.92  -8.94     8.35
  SINCE JAN 1      5.42                     10.92  -5.50     3.44

SNOWFALL (IN)
  YESTERDAY        0.0
  MONTH TO DATE    0.0
  SINCE MAR 1      0.0
  SINCE JUL 1      0.0

DEGREE DAYS
 HEATING
  YESTERDAY        4                         3      1        2
  MONTH TO DATE   76                       112    -36      102
  SINCE MAR 1    370                       596   -226      310
  SINCE JUL 1   1187                      1932   -745      967

 COOLING
  YESTERDAY        0                         0      0        0
  MONTH TO DATE    0                         0      0        1
  SINCE MAR 1     13                        11      2       70
  SINCE JAN 1     71                        20     51      109
..................................................................


WIND (MPH)
  HIGHEST WIND SPEED    15   HIGHEST WIND DIRECTION    SW (230)
  HIGHEST GUST SPEED    20   HIGHEST GUST DIRECTION    SW (220)
  AVERAGE WIND SPEED     5.8


SKY COVER
  POSSIBLE SUNSHINE  MM
  AVERAGE SKY COVER 0.1


WEATHER CONDITIONS
 THE FOLLOWING WEATHER WAS RECORDED YESTERDAY.
  HAZE


RELATIVE HUMIDITY (PERCENT)
 HIGHEST    86          1200 AM
 LOWEST     57          1100 AM
 AVERAGE    72

..........................................................


THE CAMARILLO AIRPORT CA CLIMATE NORMALS FOR TODAY
                         NORMAL    RECORD    YEAR
 MAXIMUM TEMPERATURE (F)   71        85      2000
 MINIMUM TEMPERATURE (F)   54        44      1964


SUNRISE AND SUNSET
MAY 28 2016...........SUNRISE   547 AM PDT   SUNSET   801 PM PDT
MAY 29 2016...........SUNRISE   546 AM PDT   SUNSET   802 PM PDT


-  INDICATES NEGATIVE NUMBERS.
R  INDICATES RECORD WAS SET OR TIED.
MM INDICATES DATA IS MISSING.
T  INDICATES TRACE AMOUNT.




$$
