000
CDUS46 KLOX 190125
CLICMA


CLIMATE REPORT
NATIONAL WEATHER SERVICE LOS ANGELES/OXNARD CA
625 PM PDT WED OCT 18 2017


...................................

...THE CAMARILLO CLIMATE SUMMARY FOR OCTOBER 18 2017...
VALID TODAY AS OF 0600 PM LOCAL TIME.

CLIMATE NORMAL PERIOD 1981 TO 2010
CLIMATE RECORD PERIOD 1923 TO 2017


WEATHER ITEM   OBSERVED TIME   RECORD YEAR NORMAL DEPARTURE LAST
                VALUE   (LST)  VALUE       VALUE  FROM      YEAR
                                                  NORMAL
..................................................................
TEMPERATURE (F)
 TODAY
  MAXIMUM         81   1114 AM  91    1942  73      8       76
                                      1935
  MINIMUM         59    625 AM  37    1938  53      6       52
  AVERAGE         70                        63      7       64

PRECIPITATION (IN)
  TODAY            0.00          1.46 1936   0.02  -0.02     0.00
  MONTH TO DATE    0.00                      0.26  -0.26     0.19
  SINCE OCT 1      0.00                      0.26  -0.26     0.19
  SINCE JAN 1     14.80                     11.48   3.32     5.61

SNOWFALL (IN)
  TODAY            0.0
  MONTH TO DATE    0.0
  SINCE SEP 1      0.0
  SINCE JUL 1      0.0

DEGREE DAYS
 HEATING
  TODAY            0                         3     -3        1
  MONTH TO DATE   10                        43    -33       19
  SINCE SEP 1     14                        60    -46       23
  SINCE JUL 1     15                        75    -60       23

 COOLING
  TODAY            5                         1      4        0
  MONTH TO DATE   62                        18     44       28
  SINCE SEP 1    255                        89    166      177
  SINCE JAN 1    751                       301    450      642
..................................................................


WIND (MPH)
  HIGHEST WIND SPEED    13   HIGHEST WIND DIRECTION    SW (230)
  HIGHEST GUST SPEED    15   HIGHEST GUST DIRECTION     W (260)
  AVERAGE WIND SPEED     5.1


SKY COVER
  POSSIBLE SUNSHINE  MM
  AVERAGE SKY COVER 0.0


WEATHER CONDITIONS
 THE FOLLOWING WEATHER WAS RECORDED TODAY.
  HAZE


RELATIVE HUMIDITY (PERCENT)
 HIGHEST    75           600 AM
 LOWEST     45          1100 AM
 AVERAGE    60

..........................................................


THE CAMARILLO CLIMATE NORMALS FOR TOMORROW
                         NORMAL    RECORD    YEAR
 MAXIMUM TEMPERATURE (F)   73        99      1964
 MINIMUM TEMPERATURE (F)   52        40      1949
                                             1932
                                             1924


SUNRISE AND SUNSET
OCTOBER 18 2017.......SUNRISE   704 AM PDT   SUNSET   618 PM PDT
OCTOBER 19 2017.......SUNRISE   705 AM PDT   SUNSET   617 PM PDT


-  INDICATES NEGATIVE NUMBERS.
R  INDICATES RECORD WAS SET OR TIED.
MM INDICATES DATA IS MISSING.
T  INDICATES TRACE AMOUNT.




$$
