000
CDUS46 KLOX 310905
CLICMA


CLIMATE REPORT
NATIONAL WEATHER SERVICE LOS ANGELES/OXNARD CA
105 AM PST SAT JAN 31 2015


...................................

...THE CAMARILLO AIRPORT CA CLIMATE SUMMARY FOR JANUARY 30 2015...

CLIMATE NORMAL PERIOD 1981 TO 2010
CLIMATE RECORD PERIOD 1948 TO 2015


WEATHER ITEM   OBSERVED TIME   RECORD YEAR NORMAL DEPARTURE LAST
                VALUE   (LST)  VALUE       VALUE  FROM      YEAR
                                                  NORMAL
..................................................................
TEMPERATURE (F)
 YESTERDAY
  MAXIMUM         68   1218 PM  85    1953  66      2       60
  MINIMUM         53   1135 PM  30    1969  42     11       53
  AVERAGE         61                        54      7       57

PRECIPITATION (IN)
  YESTERDAY        0.00          1.42 1966   0.08  -0.08     0.01
  MONTH TO DATE    2.09                      3.39  -1.30     0.01
  SINCE OCT 1      7.00                      7.39  -0.39     0.79
  SINCE JAN 1      2.09                      3.39  -1.30     0.01

SNOWFALL (IN)
  YESTERDAY        0.0
  MONTH TO DATE    0.0
  SINCE DEC 1      0.0
  SINCE JUL 1      0.0

DEGREE DAYS
 HEATING
  YESTERDAY        4                        11     -7        8
  MONTH TO DATE  180                       330   -150      197
  SINCE DEC 1    408                       679   -271      484
  SINCE JUL 1    495                      1011   -516      708

 COOLING
  YESTERDAY        0                         0      0        0
  MONTH TO DATE   24                         0     24       27
  SINCE DEC 1     28                         2     26       48
  SINCE JAN 1     24                         0     24       27
..................................................................


WIND (MPH)
  HIGHEST WIND SPEED    13   HIGHEST WIND DIRECTION     W (250)
  HIGHEST GUST SPEED    15   HIGHEST GUST DIRECTION     W (280)
  AVERAGE WIND SPEED     4.4


SKY COVER
  POSSIBLE SUNSHINE  MM
  AVERAGE SKY COVER 0.5


WEATHER CONDITIONS
 THE FOLLOWING WEATHER WAS RECORDED YESTERDAY.
  FOG


RELATIVE HUMIDITY (PERCENT)
 HIGHEST    86           800 PM
 LOWEST     55          1200 PM
 AVERAGE    71

..........................................................


THE CAMARILLO AIRPORT CA CLIMATE NORMALS FOR TODAY
                         NORMAL    RECORD    YEAR
 MAXIMUM TEMPERATURE (F)   66        94      2003
 MINIMUM TEMPERATURE (F)   42        31      2002


SUNRISE AND SUNSET
JANUARY 31 2015.......SUNRISE   655 AM PST   SUNSET   525 PM PST
FEBRUARY  1 2015......SUNRISE   654 AM PST   SUNSET   526 PM PST


-  INDICATES NEGATIVE NUMBERS.
R  INDICATES RECORD WAS SET OR TIED.
MM INDICATES DATA IS MISSING.
T  INDICATES TRACE AMOUNT.




$$
