186
CDUS46 KLOX 170121
CLICMA


CLIMATE REPORT
NATIONAL WEATHER SERVICE LOS ANGELES/OXNARD CA
521 PM PST SAT DEC 16 2017


...................................

...THE CAMARILLO CLIMATE SUMMARY FOR DECEMBER 16 2017...
VALID TODAY AS OF 0500 PM LOCAL TIME.

CLIMATE NORMAL PERIOD 1981 TO 2010
CLIMATE RECORD PERIOD 1923 TO 2017


WEATHER ITEM   OBSERVED TIME   RECORD YEAR NORMAL DEPARTURE LAST
                VALUE   (LST)  VALUE       VALUE  FROM      YEAR
                                                  NORMAL
..................................................................
TEMPERATURE (F)
 TODAY
  MAXIMUM         69   1207 PM  87    1998  65      4       59
  MINIMUM         50    710 AM  32    1964  42      8       45
  AVERAGE         60                        53      7       52

PRECIPITATION (IN)
  TODAY            0.00          1.84 1940   0.05  -0.05     0.40
  MONTH TO DATE    0.00                      0.65  -0.65     0.96
  SINCE OCT 1      0.07                      2.59  -2.52     2.44
  SINCE JAN 1     14.87                     13.81   1.06     7.86

SNOWFALL (IN)
  TODAY            0.0
  MONTH TO DATE    0.0
  SINCE DEC 1      0.0
  SINCE JUL 1      0.0

DEGREE DAYS
 HEATING
  TODAY            5                        12     -7       13
  MONTH TO DATE   37                       177   -140      132
  SINCE DEC 1     37                       177   -140      132
  SINCE JUL 1    124                       509   -385      295

 COOLING
  TODAY            0                         0      0        0
  MONTH TO DATE   27                         0     27        0
  SINCE DEC 1     27                         0     27        0
  SINCE JAN 1    898                       330    568      729
..................................................................


WIND (MPH)
  HIGHEST WIND SPEED    18   HIGHEST WIND DIRECTION     W (280)
  HIGHEST GUST SPEED    21   HIGHEST GUST DIRECTION     W (280)
  AVERAGE WIND SPEED     6.1


SKY COVER
  POSSIBLE SUNSHINE  MM
  AVERAGE SKY COVER 0.1


WEATHER CONDITIONS
 THE FOLLOWING WEATHER WAS RECORDED TODAY.
  HAZE


RELATIVE HUMIDITY (PERCENT)
 HIGHEST    77           500 AM
 LOWEST     35          1200 PM
 AVERAGE    56

..........................................................


THE CAMARILLO CLIMATE NORMALS FOR TOMORROW
                         NORMAL    RECORD    YEAR
 MAXIMUM TEMPERATURE (F)   65        87      1980
 MINIMUM TEMPERATURE (F)   42        30      1924


SUNRISE AND SUNSET
DECEMBER 16 2017......SUNRISE   656 AM PST   SUNSET   449 PM PST
DECEMBER 17 2017......SUNRISE   656 AM PST   SUNSET   449 PM PST


-  INDICATES NEGATIVE NUMBERS.
R  INDICATES RECORD WAS SET OR TIED.
MM INDICATES DATA IS MISSING.
T  INDICATES TRACE AMOUNT.




$$
