000
CDUS46 KLOX 170117
CLICMA


CLIMATE REPORT
NATIONAL WEATHER SERVICE LOS ANGELES/OXNARD CA
617 PM PDT WED AUG 16 2017


...................................

...THE CAMARILLO CLIMATE SUMMARY FOR AUGUST 16 2017...
VALID TODAY AS OF 0600 PM LOCAL TIME.

CLIMATE NORMAL PERIOD 1981 TO 2010
CLIMATE RECORD PERIOD 1923 TO 2017


WEATHER ITEM   OBSERVED TIME   RECORD YEAR NORMAL DEPARTURE LAST
                VALUE   (LST)  VALUE       VALUE  FROM      YEAR
                                                  NORMAL
..................................................................
TEMPERATURE (F)
 TODAY
  MAXIMUM         77    158 PM  87    2015  77      0       78
                                      2000
  MINIMUM         60    353 AM  49    1964  59      1       59
                                      1949
                                      1925
  AVERAGE         69                        68      1       69

PRECIPITATION (IN)
  TODAY            0.00          0.01 1976   0.00   0.00     0.00
  MONTH TO DATE    0.00                      0.02  -0.02     0.00
  SINCE OCT 1     19.44                     15.02   4.42     5.98
  SINCE JAN 1     14.78                     11.02   3.76     5.42

SNOWFALL (IN)
  TODAY            0.0
  MONTH TO DATE    0.0
  SINCE JUN 1      0.0
  SINCE JUL 1      0.0

DEGREE DAYS
 HEATING
  TODAY            0                         0      0        0
  MONTH TO DATE    0                         0      0        0
  SINCE JUN 1     20                        53    -33       17
  SINCE JUL 1      1                        10     -9        0

 COOLING
  TODAY            4                         3      1        4
  MONTH TO DATE  112                        48     64       87
  SINCE JUN 1    353                       142    211      333
  SINCE JAN 1    394                       173    221      404
..................................................................


WIND (MPH)
  HIGHEST WIND SPEED    14   HIGHEST WIND DIRECTION     W (260)
  HIGHEST GUST SPEED    MM   HIGHEST GUST DIRECTION    MM
  AVERAGE WIND SPEED     4.7


SKY COVER
  POSSIBLE SUNSHINE  MM
  AVERAGE SKY COVER 0.4


WEATHER CONDITIONS
 THE FOLLOWING WEATHER WAS RECORDED TODAY.
  HAZE


RELATIVE HUMIDITY (PERCENT)
 HIGHEST    84           300 AM
 LOWEST     54           200 PM
 AVERAGE    69

..........................................................


THE CAMARILLO CLIMATE NORMALS FOR TOMORROW
                         NORMAL    RECORD    YEAR
 MAXIMUM TEMPERATURE (F)   77        86      1983
 MINIMUM TEMPERATURE (F)   59        44      1924


SUNRISE AND SUNSET
AUGUST 16 2017........SUNRISE   619 AM PDT   SUNSET   742 PM PDT
AUGUST 17 2017........SUNRISE   619 AM PDT   SUNSET   741 PM PDT


-  INDICATES NEGATIVE NUMBERS.
R  INDICATES RECORD WAS SET OR TIED.
MM INDICATES DATA IS MISSING.
T  INDICATES TRACE AMOUNT.




$$
