000
CDUS46 KLOX 230902
CLICMA


CLIMATE REPORT
NATIONAL WEATHER SERVICE LOS ANGELES/OXNARD CA
102 AM PST MON JAN 23 2017


...................................

...THE CAMARILLO AIRPORT CA CLIMATE SUMMARY FOR JANUARY 22 2017...

CLIMATE NORMAL PERIOD 1981 TO 2010
CLIMATE RECORD PERIOD 1948 TO 2017


WEATHER ITEM   OBSERVED TIME   RECORD YEAR NORMAL DEPARTURE LAST
                VALUE   (LST)  VALUE       VALUE  FROM      YEAR
                                                  NORMAL
..................................................................
TEMPERATURE (F)
 YESTERDAY
  MAXIMUM         56    940 PM  85    1968  66    -10       66
  MINIMUM         50   1122 AM  28    1966  43      7       45
  AVERAGE         53                        54     -1       56

PRECIPITATION (IN)
  YESTERDAY        2.79R         1.06 1997   0.11   2.68     0.00
  MONTH TO DATE    8.02                      2.87   5.15     2.26
  SINCE OCT 1     12.68                      6.87   5.81     2.82
  SINCE JAN 1      8.02                      2.87   5.15     2.26

SNOWFALL (IN)
  YESTERDAY        0.0
  MONTH TO DATE    0.0
  SINCE DEC 1      0.0
  SINCE JUL 1      0.0

DEGREE DAYS
 HEATING
  YESTERDAY       12                        11      1        9
  MONTH TO DATE  233                       242     -9      207
  SINCE DEC 1    499                       591    -92      485
  SINCE JUL 1    662                       923   -261      630

 COOLING
  YESTERDAY        0                         0      0        0
  MONTH TO DATE    0                         0      0        0
  SINCE DEC 1      5                         2      3        4
  SINCE JAN 1      0                         0      0        0
..................................................................


WIND (MPH)
  HIGHEST WIND SPEED    23   HIGHEST WIND DIRECTION    SW (210)
  HIGHEST GUST SPEED    31   HIGHEST GUST DIRECTION    SW (210)
  AVERAGE WIND SPEED    11.7


SKY COVER
  POSSIBLE SUNSHINE  MM
  AVERAGE SKY COVER 1.0


WEATHER CONDITIONS
 THE FOLLOWING WEATHER WAS RECORDED YESTERDAY.
  HEAVY RAIN
  RAIN
  LIGHT RAIN
  FOG


RELATIVE HUMIDITY (PERCENT)
 HIGHEST    93          1100 AM
 LOWEST     83           900 AM
 AVERAGE    88

..........................................................


THE CAMARILLO AIRPORT CA CLIMATE NORMALS FOR TODAY
                         NORMAL    RECORD    YEAR
 MAXIMUM TEMPERATURE (F)   66        84      1953
 MINIMUM TEMPERATURE (F)   43        30      1966


SUNRISE AND SUNSET
JANUARY 23 2017.......SUNRISE   659 AM PST   SUNSET   518 PM PST
JANUARY 24 2017.......SUNRISE   658 AM PST   SUNSET   519 PM PST


-  INDICATES NEGATIVE NUMBERS.
R  INDICATES RECORD WAS SET OR TIED.
MM INDICATES DATA IS MISSING.
T  INDICATES TRACE AMOUNT.




$$
