000
CDUS46 KLOX 280859
CLICMA


CLIMATE REPORT
NATIONAL WEATHER SERVICE LOS ANGELES/OXNARD CA
1259 AM PST SAT FEB 28 2015


...................................

...THE CAMARILLO AIRPORT CA CLIMATE SUMMARY FOR FEBRUARY 27 2015...

CLIMATE NORMAL PERIOD 1981 TO 2010
CLIMATE RECORD PERIOD 1948 TO 2015


WEATHER ITEM   OBSERVED TIME   RECORD YEAR NORMAL DEPARTURE LAST
                VALUE   (LST)  VALUE       VALUE  FROM      YEAR
                                                  NORMAL
..................................................................
TEMPERATURE (F)
 YESTERDAY
  MAXIMUM         66    349 PM  83    1992  65      1       68
  MINIMUM         48   1241 AM  30    1962  44      4       55
  AVERAGE         57                        54      3       62

PRECIPITATION (IN)
  YESTERDAY        0.00          1.58 2006   0.12  -0.12     0.70
  MONTH TO DATE    0.46                      3.60  -3.14     1.61
  SINCE OCT 1      7.46                     11.07  -3.61     2.40
  SINCE JAN 1      2.55                      7.07  -4.52     1.62

SNOWFALL (IN)
  YESTERDAY        0.0
  MONTH TO DATE    0.0
  SINCE DEC 1      0.0
  SINCE JUL 1      0.0

DEGREE DAYS
 HEATING
  YESTERDAY        8                        11     -3        3
  MONTH TO DATE  145                       307   -162      228
  SINCE DEC 1    560                       994   -434      723
  SINCE JUL 1    647                      1326   -679      947

 COOLING
  YESTERDAY        0                         0      0        0
  MONTH TO DATE   15                         0     15        1
  SINCE DEC 1     43                         9     34       49
  SINCE JAN 1     39                         7     32       28
..................................................................


WIND (MPH)
  HIGHEST WIND SPEED    20   HIGHEST WIND DIRECTION     W (280)
  HIGHEST GUST SPEED    23   HIGHEST GUST DIRECTION     W (280)
  AVERAGE WIND SPEED     8.3


SKY COVER
  POSSIBLE SUNSHINE  MM
  AVERAGE SKY COVER 0.6


WEATHER CONDITIONS
 THE FOLLOWING WEATHER WAS RECORDED YESTERDAY.
  NO SIGNIFICANT WEATHER WAS OBSERVED.


RELATIVE HUMIDITY (PERCENT)
 HIGHEST    86           200 AM
 LOWEST     60           300 PM
 AVERAGE    73

..........................................................


THE CAMARILLO AIRPORT CA CLIMATE NORMALS FOR TODAY
                         NORMAL    RECORD    YEAR
 MAXIMUM TEMPERATURE (F)   65        83      1992
 MINIMUM TEMPERATURE (F)   44        31      1962


SUNRISE AND SUNSET
FEBRUARY 28 2015......SUNRISE   627 AM PST   SUNSET   552 PM PST
MARCH  1 2015.........SUNRISE   625 AM PST   SUNSET   552 PM PST


-  INDICATES NEGATIVE NUMBERS.
R  INDICATES RECORD WAS SET OR TIED.
MM INDICATES DATA IS MISSING.
T  INDICATES TRACE AMOUNT.




$$
