000
CDUS46 KLOX 260917
CLICMA


CLIMATE REPORT
NATIONAL WEATHER SERVICE LOS ANGELES/OXNARD CA
217 AM PDT MON JUN 26 2017


...................................

...THE CAMARILLO AIRPORT CA CLIMATE SUMMARY FOR JUNE 25 2017...

CLIMATE NORMAL PERIOD 1981 TO 2010
CLIMATE RECORD PERIOD 1923 TO 2017


WEATHER ITEM   OBSERVED TIME   RECORD YEAR NORMAL DEPARTURE LAST
                VALUE   (LST)  VALUE       VALUE  FROM      YEAR
                                                  NORMAL
..................................................................
TEMPERATURE (F)
 YESTERDAY
  MAXIMUM         79   1056 AM  96    1976  74      5       78
  MINIMUM         58    517 AM  45    1943  57      1       57
  AVERAGE         69                        65      4       68

PRECIPITATION (IN)
  YESTERDAY        0.00          T    1967   0.00   0.00     0.00
                                      1961
                                      1957
  MONTH TO DATE    0.00                      0.05  -0.05     0.00
  SINCE OCT 1     19.44                     14.98   4.46     5.98
  SINCE JAN 1     14.78                     10.98   3.80     5.42

SNOWFALL (IN)
  YESTERDAY        0.0
  MONTH TO DATE    0.0
  SINCE JUN 1      0.0
  SINCE JUL 1      0.0

DEGREE DAYS
 HEATING
  YESTERDAY        0                         1     -1        0
  MONTH TO DATE   19                        37    -18       17
  SINCE JUN 1     19                        37    -18       17
  SINCE JUL 1   1351                      1980   -629     1213

 COOLING
  YESTERDAY        4                         1      3        3
  MONTH TO DATE   48                        13     35       43
  SINCE JUN 1     48                        13     35       43
  SINCE JAN 1     89                        44     45      114
..................................................................


WIND (MPH)
  HIGHEST WIND SPEED    15   HIGHEST WIND DIRECTION     W (260)
  HIGHEST GUST SPEED    17   HIGHEST GUST DIRECTION     W (270)
  AVERAGE WIND SPEED     4.5


SKY COVER
  POSSIBLE SUNSHINE  MM
  AVERAGE SKY COVER 0.0


WEATHER CONDITIONS
 THE FOLLOWING WEATHER WAS RECORDED YESTERDAY.
  FOG


RELATIVE HUMIDITY (PERCENT)
 HIGHEST    93           500 AM
 LOWEST     54          1100 AM
 AVERAGE    74

..........................................................


THE CAMARILLO AIRPORT CA CLIMATE NORMALS FOR TODAY
                         NORMAL    RECORD    YEAR
 MAXIMUM TEMPERATURE (F)   74        90      1976
 MINIMUM TEMPERATURE (F)   57        45      1965
                                             1939
                                             1934


SUNRISE AND SUNSET
JUNE 26 2017..........SUNRISE   546 AM PDT   SUNSET   812 PM PDT
JUNE 27 2017..........SUNRISE   547 AM PDT   SUNSET   812 PM PDT


-  INDICATES NEGATIVE NUMBERS.
R  INDICATES RECORD WAS SET OR TIED.
MM INDICATES DATA IS MISSING.
T  INDICATES TRACE AMOUNT.




$$
