523
CDUS41 KILN 280536
CLICMH


CLIMATE REPORT
NATIONAL WEATHER SERVICE WILMINGTON OH
136 AM EDT SAT MAY 28 2016


...................................

...THE COLUMBUS OH CLIMATE SUMMARY FOR MAY 27 2016...

CLIMATE NORMAL PERIOD 1981 TO 2010
CLIMATE RECORD PERIOD 1869 TO 2016


WEATHER ITEM   OBSERVED TIME   RECORD YEAR NORMAL DEPARTURE LAST
                VALUE   (LST)  VALUE       VALUE  FROM      YEAR
                                                  NORMAL
..................................................................
TEMPERATURE (F)
 YESTERDAY
  MAXIMUM         88    225 PM  94    1911  76     12       82
  MINIMUM         65    653 AM  34    1961  56      9       65
  AVERAGE         77                        66     11       74

PRECIPITATION (IN)
  YESTERDAY        0.00          1.44 1991   0.15  -0.15     0.00
  MONTH TO DATE    2.14                      3.58  -1.44     3.16
  SINCE MAR 1      8.72                     10.00  -1.28    11.17
  SINCE JAN 1     13.13                     14.98  -1.85    15.74

SNOWFALL (IN)
  YESTERDAY        0.0           0.0    MM   0.0    0.0      0.0
  MONTH TO DATE    0.0                       0.0    0.0      0.0
  SINCE MAR 1      2.6                       5.3   -2.7      5.4
  SINCE JUL 1     17.1                      26.7   -9.6     33.4
  SNOW DEPTH       0

DEGREE DAYS
 HEATING
  YESTERDAY        0                         3     -3        0
  MONTH TO DATE  202                       136     66       85
  SINCE MAR 1   1106                      1223   -117     1264
  SINCE JUL 1   4547                      5218   -671     5818

 COOLING
  YESTERDAY       12                         4      8        9
  MONTH TO DATE   25                        54    -29      122
  SINCE MAR 1     26                        66    -40      122
  SINCE JAN 1     26                        66    -40      122
..................................................................


WIND (MPH)
  RESULTANT WIND SPEED   5   RESULTANT WIND DIRECTION   S (190)
  HIGHEST WIND SPEED    15   HIGHEST WIND DIRECTION     S (190)
  HIGHEST GUST SPEED    31   HIGHEST GUST DIRECTION     W (270)
  AVERAGE WIND SPEED     5.4


SKY COVER
  POSSIBLE SUNSHINE  MM
  AVERAGE SKY COVER 0.6


WEATHER CONDITIONS
 THE FOLLOWING WEATHER WAS RECORDED YESTERDAY.
  NO SIGNIFICANT WEATHER WAS OBSERVED.


RELATIVE HUMIDITY (PERCENT)
 HIGHEST    87           100 AM
 LOWEST     40           300 PM
 AVERAGE    64

..........................................................


THE COLUMBUS OH CLIMATE NORMALS FOR TODAY
                         NORMAL    RECORD    YEAR
 MAXIMUM TEMPERATURE (F)   76        94      1911
 MINIMUM TEMPERATURE (F)   56        36      1971
                                             1907


SUNRISE AND SUNSET
MAY 28 2016...........SUNRISE   606 AM EDT   SUNSET   852 PM EDT
MAY 29 2016...........SUNRISE   606 AM EDT   SUNSET   852 PM EDT


-  INDICATES NEGATIVE NUMBERS.
R  INDICATES RECORD WAS SET OR TIED.
MM INDICATES DATA IS MISSING.
T  INDICATES TRACE AMOUNT.




$$
