267
CDUS41 KILN 140535
CLICMH


CLIMATE REPORT
NATIONAL WEATHER SERVICE WILMINGTON OH
1234 AM EST SUN FEB 14 2016


...................................

...THE COLUMBUS OH CLIMATE SUMMARY FOR FEBRUARY 13 2016...

CLIMATE NORMAL PERIOD 1981 TO 2010
CLIMATE RECORD PERIOD 1869 TO 2016


WEATHER ITEM   OBSERVED TIME   RECORD YEAR NORMAL DEPARTURE LAST
                VALUE   (LST)  VALUE       VALUE  FROM      YEAR
                                                  NORMAL
..................................................................
TEMPERATURE (F)
 YESTERDAY
  MAXIMUM         16   1201 AM  68    1938  40    -24       26
  MINIMUM          5    819 AM -13    1899  25    -20        4
  AVERAGE         11                        32    -21       15

PRECIPITATION (IN)
  YESTERDAY        T             1.36 1948   0.08  -0.08     0.00
  MONTH TO DATE    1.30                      1.07   0.23     0.89
  SINCE DEC 1      7.30                      6.77   0.53     6.46
  SINCE JAN 1      2.42                      3.80  -1.38     3.76

SNOWFALL (IN)
  YESTERDAY        T             5.9  2007   0.2   -0.2      0.0
  MONTH TO DATE    4.2                       2.9    1.3      3.6
  SINCE DEC 1      9.6                      17.1   -7.5     12.0
  SINCE JUL 1      9.6                      18.2   -8.6     16.1
  SNOW DEPTH       2

DEGREE DAYS
 HEATING
  YESTERDAY       54                        33     21       50
  MONTH TO DATE  458                       441     17      477
  SINCE DEC 1   2208                      2519   -311     2573
  SINCE JUL 1   3013                      3533   -520     3758

 COOLING
  YESTERDAY        0                         0      0        0
  MONTH TO DATE    0                         0      0        0
  SINCE DEC 1      0                         0      0        0
  SINCE JAN 1      0                         0      0        0
..................................................................


WIND (MPH)
  RESULTANT WIND SPEED  11   RESULTANT WIND DIRECTION  NW (300)
  HIGHEST WIND SPEED    22   HIGHEST WIND DIRECTION    NW (310)
  HIGHEST GUST SPEED    26   HIGHEST GUST DIRECTION    NW (330)
  AVERAGE WIND SPEED    12.0


SKY COVER
  POSSIBLE SUNSHINE  MM
  AVERAGE SKY COVER 0.4


WEATHER CONDITIONS
 THE FOLLOWING WEATHER WAS RECORDED YESTERDAY.
  LIGHT SNOW


RELATIVE HUMIDITY (PERCENT)
 HIGHEST    69          1000 PM
 LOWEST     44           200 PM
 AVERAGE    57

..........................................................


THE COLUMBUS OH CLIMATE NORMALS FOR TODAY
                         NORMAL    RECORD    YEAR
 MAXIMUM TEMPERATURE (F)   40        68      1918
 MINIMUM TEMPERATURE (F)   25        -8      1905


SUNRISE AND SUNSET
FEBRUARY 14 2016......SUNRISE   726 AM EST   SUNSET   606 PM EST
FEBRUARY 15 2016......SUNRISE   725 AM EST   SUNSET   607 PM EST


-  INDICATES NEGATIVE NUMBERS.
R  INDICATES RECORD WAS SET OR TIED.
MM INDICATES DATA IS MISSING.
T  INDICATES TRACE AMOUNT.




$$
