000
CDUS41 KILN 200535
CLICMH


CLIMATE REPORT
NATIONAL WEATHER SERVICE WILMINGTON OH
1235 AM EST TUE FEB 20 2018


...................................

...THE COLUMBUS OH CLIMATE SUMMARY FOR FEBRUARY 19 2018...

CLIMATE NORMAL PERIOD 1981 TO 2010
CLIMATE RECORD PERIOD 1869 TO 2018


WEATHER ITEM   OBSERVED TIME   RECORD YEAR NORMAL DEPARTURE LAST
                VALUE   (LST)  VALUE       VALUE  FROM      YEAR
                                                  NORMAL
..................................................................
TEMPERATURE (F)
 YESTERDAY
  MAXIMUM         69    610 PM  70    1939  42     27       57
  MINIMUM         37    256 AM  -6    1936  26     11       42
  AVERAGE         53                        34     19       50

PRECIPITATION (IN)
  YESTERDAY        0.36          1.58 1981   0.07   0.29     0.00
  MONTH TO DATE    3.01                      1.53   1.48     1.12
  SINCE DEC 1      7.16                      7.23  -0.07     7.04
  SINCE JAN 1      5.40                      4.26   1.14     3.95

SNOWFALL (IN)
  YESTERDAY        0.0           4.4  1929   0.2   -0.2      0.0
  MONTH TO DATE    6.0                       4.1    1.9      0.6
  SINCE DEC 1     24.6                      18.3    6.3      7.6
  SINCE JUL 1     24.6                      19.4    5.2      7.6
  SNOW DEPTH       0

DEGREE DAYS
 HEATING
  YESTERDAY       12                        31    -19       15
  MONTH TO DATE  601                       633    -32      520
  SINCE DEC 1   2801                      2711     90     2388
  SINCE JUL 1   3720                      3725     -5     3154

 COOLING
  YESTERDAY        0                         0      0        0
  MONTH TO DATE    0                         0      0        0
  SINCE DEC 1      0                         0      0        0
  SINCE JAN 1      0                         0      0        0
..................................................................


WIND (MPH)
  RESULTANT WIND SPEED   9   RESULTANT WIND DIRECTION   S (180)
  HIGHEST WIND SPEED    18   HIGHEST WIND DIRECTION     S (200)
  HIGHEST GUST SPEED    26   HIGHEST GUST DIRECTION     S (190)
  AVERAGE WIND SPEED     9.5


SKY COVER
  POSSIBLE SUNSHINE  MM
  AVERAGE SKY COVER 0.8


WEATHER CONDITIONS
 THE FOLLOWING WEATHER WAS RECORDED YESTERDAY.
  RAIN
  LIGHT RAIN
  FOG


RELATIVE HUMIDITY (PERCENT)
 HIGHEST   100          1100 AM
 LOWEST     66           600 PM
 AVERAGE    83

..........................................................


THE COLUMBUS OH CLIMATE NORMALS FOR TODAY
                         NORMAL    RECORD    YEAR
 MAXIMUM TEMPERATURE (F)   42        68      2016
                                             1891
 MINIMUM TEMPERATURE (F)   26        -9      1885


SUNRISE AND SUNSET
FEBRUARY 20 2018......SUNRISE   718 AM EST   SUNSET   613 PM EST
FEBRUARY 21 2018......SUNRISE   716 AM EST   SUNSET   614 PM EST


-  INDICATES NEGATIVE NUMBERS.
R  INDICATES RECORD WAS SET OR TIED.
MM INDICATES DATA IS MISSING.
T  INDICATES TRACE AMOUNT.




$$
