000
CDUS41 KILN 250609
CLICMH


CLIMATE REPORT
NATIONAL WEATHER SERVICE WILMINGTON OH
208 AM EDT SUN JUN 25 2017


...................................

...THE COLUMBUS OH CLIMATE SUMMARY FOR JUNE 24 2017...

CLIMATE NORMAL PERIOD 1981 TO 2010
CLIMATE RECORD PERIOD 1869 TO 2017


WEATHER ITEM   OBSERVED TIME   RECORD YEAR NORMAL DEPARTURE LAST
                VALUE   (LST)  VALUE       VALUE  FROM      YEAR
                                                  NORMAL
..................................................................
TEMPERATURE (F)
 YESTERDAY
  MAXIMUM         80    347 PM  97    1914  84     -4       84
  MINIMUM         62    548 AM  46    1982  64     -2       65
  AVERAGE         71                        74     -3       75

PRECIPITATION (IN)
  YESTERDAY        T             1.83 1969   0.13  -0.13     0.00
  MONTH TO DATE    3.25                      3.25   0.00     3.82
  SINCE JUN 1      3.25                      3.25   0.00     3.82
  SINCE JAN 1     21.93                     18.82   3.11    17.55

SNOWFALL (IN)
  YESTERDAY        0.0                       0.0    0.0      0.0
  MONTH TO DATE    0.0                       0.0    0.0      0.0
  SINCE JUN 1      0.0                       0.0    0.0      0.0
  SINCE JUL 1      9.3                      26.7  -17.4     17.1
  SNOW DEPTH       0

DEGREE DAYS
 HEATING
  YESTERDAY        0                         0      0        0
  MONTH TO DATE    6                        18    -12        4
  SINCE JUN 1      6                        18    -12        4
  SINCE JUL 1   4277                      5245   -968     4551

 COOLING
  YESTERDAY        6                         9     -3       10
  MONTH TO DATE  204                       159     45      211
  SINCE JUN 1    204                       159     45      211
  SINCE JAN 1    329                       241     88      276
..................................................................


WIND (MPH)
  RESULTANT WIND SPEED   9   RESULTANT WIND DIRECTION   W (280)
  HIGHEST WIND SPEED    21   HIGHEST WIND DIRECTION     W (280)
  HIGHEST GUST SPEED    28   HIGHEST GUST DIRECTION     W (290)
  AVERAGE WIND SPEED    10.5


SKY COVER
  POSSIBLE SUNSHINE  MM
  AVERAGE SKY COVER 0.5


WEATHER CONDITIONS
 THE FOLLOWING WEATHER WAS RECORDED YESTERDAY.
  LIGHT RAIN


RELATIVE HUMIDITY (PERCENT)
 HIGHEST   100           300 AM
 LOWEST     42           300 PM
 AVERAGE    71

..........................................................


THE COLUMBUS OH CLIMATE NORMALS FOR TODAY
                         NORMAL    RECORD    YEAR
 MAXIMUM TEMPERATURE (F)   84       101      1988
 MINIMUM TEMPERATURE (F)   64        43      1979


SUNRISE AND SUNSET
JUNE 25 2017..........SUNRISE   604 AM EDT   SUNSET   904 PM EDT
JUNE 26 2017..........SUNRISE   604 AM EDT   SUNSET   904 PM EDT


-  INDICATES NEGATIVE NUMBERS.
R  INDICATES RECORD WAS SET OR TIED.
MM INDICATES DATA IS MISSING.
T  INDICATES TRACE AMOUNT.




$$
