000
CDUS43 KILX 232141
CLICMI


CLIMATE REPORT
NATIONAL WEATHER SERVICE LINCOLN IL
431 PM CDT SAT SEP 23 2017


...................................

...THE CHAMPAIGN IL AIRPORT CLIMATE SUMMARY FOR SEPTEMBER 23 2017...
VALID TODAY AS OF 0400 PM LOCAL TIME.

CLIMATE NORMAL PERIOD 1981 TO 2010
CLIMATE RECORD PERIOD 9999 TO 9999


WEATHER ITEM   OBSERVED TIME   RECORD YEAR NORMAL DEPARTURE LAST
                VALUE   (LST)  VALUE       VALUE  FROM      YEAR
                                                  NORMAL
..................................................................
TEMPERATURE (F)
 TODAY
  MAXIMUM         94    256 PM  MM      MM  75     19       92
  MINIMUM         66    442 AM  MM      MM  50     16       61
  AVERAGE         80                        63     17       77

PRECIPITATION (IN)
  TODAY            0.00         MM      MM   0.09  -0.09     0.00
  MONTH TO DATE    0.70                      2.56  -1.86     5.13
  SINCE SEP 1      0.70                      2.56  -1.86     5.13
  SINCE JAN 1     22.80                     29.84  -7.04    29.63

DEGREE DAYS
 HEATING
  TODAY            0                         4     -4        0
  MONTH TO DATE   33                        41     -8        1
  SINCE SEP 1     33                        41     -8        1
  SINCE JUL 1     37                        50    -13        9

 COOLING
  TODAY           15                         2     13       12
  MONTH TO DATE  138                        86     52      171
  SINCE SEP 1    138                        86     52      171
  SINCE JAN 1   1026                       913    113     1192
..................................................................


WIND (MPH)
  HIGHEST WIND SPEED     9   HIGHEST WIND DIRECTION    NE (30)
  HIGHEST GUST SPEED    14   HIGHEST GUST DIRECTION     E (100)
  AVERAGE WIND SPEED     3.2


SKY COVER
  POSSIBLE SUNSHINE  MM
  AVERAGE SKY COVER 0.2


WEATHER CONDITIONS
 THE FOLLOWING WEATHER WAS RECORDED TODAY.
  FOG


RELATIVE HUMIDITY (PERCENT)
 HIGHEST    93           500 AM
 LOWEST     33           200 PM
 AVERAGE    63

..........................................................


THE CHAMPAIGN IL AIRPORT CLIMATE NORMALS FOR TOMORROW
                         NORMAL    RECORD    YEAR
 MAXIMUM TEMPERATURE (F)   75        MM        MM
 MINIMUM TEMPERATURE (F)   49        MM        MM


SUNRISE AND SUNSET
SEPTEMBER 23 2017.....SUNRISE   642 AM CDT   SUNSET   648 PM CDT
SEPTEMBER 24 2017.....SUNRISE   643 AM CDT   SUNSET   646 PM CDT


-  INDICATES NEGATIVE NUMBERS.
R  INDICATES RECORD WAS SET OR TIED.
MM INDICATES DATA IS MISSING.
T  INDICATES TRACE AMOUNT.




$$
