000
CDUS43 KILX 230629
CLICMI


CLIMATE REPORT
NATIONAL WEATHER SERVICE LINCOLN IL
128 AM CDT TUE SEP 23 2014


...................................

...THE CHAMPAIGN IL AIRPORT CLIMATE SUMMARY FOR SEPTEMBER 22 2014...

CLIMATE NORMAL PERIOD 1981 TO 2010
CLIMATE RECORD PERIOD 9999 TO 9999


WEATHER ITEM   OBSERVED TIME   RECORD YEAR NORMAL DEPARTURE LAST
                VALUE   (LST)  VALUE       VALUE  FROM      YEAR
                                                  NORMAL
..................................................................
TEMPERATURE (F)
 YESTERDAY
  MAXIMUM         69    408 PM  MM      MM  76     -7       74
  MINIMUM         43    552 AM  MM      MM  50     -7       44
  AVERAGE         56                        63     -7       59

PRECIPITATION (IN)
  YESTERDAY        0.00         MM      MM   0.09  -0.09     0.00
  MONTH TO DATE    3.18                      2.47   0.71     0.47
  SINCE SEP 1      3.18                      2.47   0.71     0.47
  SINCE JAN 1     31.75                     29.75   2.00    24.68

DEGREE DAYS
 HEATING
  YESTERDAY        9                         4      5        6
  MONTH TO DATE   79                        37     42       23
  SINCE SEP 1     79                        37     42       23
  SINCE JUL 1     88                        46     42       38

 COOLING
  YESTERDAY        0                         2     -2        0
  MONTH TO DATE   74                        84    -10      153
  SINCE SEP 1     74                        84    -10      153
  SINCE JAN 1    930                       911     19     1006
..................................................................


WIND (MPH)
  HIGHEST WIND SPEED    10   HIGHEST WIND DIRECTION    NW (330)
  HIGHEST GUST SPEED    22   HIGHEST GUST DIRECTION    NE (30)
  AVERAGE WIND SPEED     5.2


SKY COVER
  POSSIBLE SUNSHINE  MM
  AVERAGE SKY COVER 0.0


WEATHER CONDITIONS
 THE FOLLOWING WEATHER WAS RECORDED YESTERDAY.
  NO SIGNIFICANT WEATHER WAS OBSERVED.


RELATIVE HUMIDITY (PERCENT)
 HIGHEST   100           200 AM
 LOWEST     37           400 PM
 AVERAGE    69

..........................................................


THE CHAMPAIGN IL AIRPORT CLIMATE NORMALS FOR TODAY
                         NORMAL    RECORD    YEAR
 MAXIMUM TEMPERATURE (F)   75        MM        MM
 MINIMUM TEMPERATURE (F)   50        MM        MM


SUNRISE AND SUNSET
SEPTEMBER 23 2014.....SUNRISE   642 AM CDT   SUNSET   649 PM CDT
SEPTEMBER 24 2014.....SUNRISE   643 AM CDT   SUNSET   647 PM CDT


-  INDICATES NEGATIVE NUMBERS.
R  INDICATES RECORD WAS SET OR TIED.
MM INDICATES DATA IS MISSING.
T  INDICATES TRACE AMOUNT.




$$
