000
CDUS43 KILX 232141
CLICMI


CLIMATE REPORT
NATIONAL WEATHER SERVICE LINCOLN IL
441 PM CDT TUE AUG 23 2016


...................................

...THE CHAMPAIGN IL AIRPORT CLIMATE SUMMARY FOR AUGUST 23 2016...
VALID TODAY AS OF 0400 PM LOCAL TIME.

CLIMATE NORMAL PERIOD 1981 TO 2010
CLIMATE RECORD PERIOD 9999 TO 9999


WEATHER ITEM   OBSERVED TIME   RECORD YEAR NORMAL DEPARTURE LAST
                VALUE   (LST)  VALUE       VALUE  FROM      YEAR
                                                  NORMAL
..................................................................
TEMPERATURE (F)
 TODAY
  MAXIMUM         80    208 PM  MM      MM  83     -3       77
  MINIMUM         56    452 AM  MM      MM  61     -5       57
  AVERAGE         68                        72     -4       67

PRECIPITATION (IN)
  TODAY            0.00         MM      MM   0.13  -0.13      T
  MONTH TO DATE    3.24                      2.48   0.76     2.64
  SINCE JUN 1     13.24                     10.99   2.25    13.78
  SINCE JAN 1     23.75                     26.15  -2.40    25.19

DEGREE DAYS
 HEATING
  TODAY            0                         0      0        0
  MONTH TO DATE    0                         0      0        0
  SINCE JUN 1     10                        19     -9        7
  SINCE JUL 1      8                         2      6        1

 COOLING
  TODAY            3                         7     -4        2
  MONTH TO DATE  226                       178     48      179
  SINCE JUN 1    824                       683    141      676
  SINCE JAN 1    924                       775    149      830
..................................................................


WIND (MPH)
  HIGHEST WIND SPEED    15   HIGHEST WIND DIRECTION     S (170)
  HIGHEST GUST SPEED    22   HIGHEST GUST DIRECTION    SE (130)
  AVERAGE WIND SPEED     8.0


SKY COVER
  POSSIBLE SUNSHINE  MM
  AVERAGE SKY COVER 0.1


WEATHER CONDITIONS
 THE FOLLOWING WEATHER WAS RECORDED TODAY.
  NO SIGNIFICANT WEATHER WAS OBSERVED.


RELATIVE HUMIDITY (PERCENT)
 HIGHEST    93           300 AM
 LOWEST     58          1200 PM
 AVERAGE    76

..........................................................


THE CHAMPAIGN IL AIRPORT CLIMATE NORMALS FOR TOMORROW
                         NORMAL    RECORD    YEAR
 MAXIMUM TEMPERATURE (F)   83        MM        MM
 MINIMUM TEMPERATURE (F)   61        MM        MM


SUNRISE AND SUNSET
AUGUST 23 2016........SUNRISE   613 AM CDT   SUNSET   738 PM CDT
AUGUST 24 2016........SUNRISE   614 AM CDT   SUNSET   736 PM CDT


-  INDICATES NEGATIVE NUMBERS.
R  INDICATES RECORD WAS SET OR TIED.
MM INDICATES DATA IS MISSING.
T  INDICATES TRACE AMOUNT.




$$
