000
CDUS43 KILX 220641
CLICMI


CLIMATE REPORT
NATIONAL WEATHER SERVICE LINCOLN IL
135 AM CDT THU JUN 22 2017


...................................

...THE CHAMPAIGN IL AIRPORT CLIMATE SUMMARY FOR JUNE 21 2017...

CLIMATE NORMAL PERIOD 1981 TO 2010
CLIMATE RECORD PERIOD 9999 TO 9999


WEATHER ITEM   OBSERVED TIME   RECORD YEAR NORMAL DEPARTURE LAST
                VALUE   (LST)  VALUE       VALUE  FROM      YEAR
                                                  NORMAL
..................................................................
TEMPERATURE (F)
 YESTERDAY
  MAXIMUM         86    552 PM  MM      MM  84      2       83
  MINIMUM         63    425 AM  MM      MM  62      1       64
  AVERAGE         75                        73      2       74

PRECIPITATION (IN)
  YESTERDAY        0.00         MM      MM   0.12  -0.12     0.00
  MONTH TO DATE    1.08                      3.12  -2.04     3.58
  SINCE JUN 1      1.08                      3.12  -2.04     3.58
  SINCE JAN 1     17.20                     18.28  -1.08    14.09

DEGREE DAYS
 HEATING
  YESTERDAY        0                         0      0        0
  MONTH TO DATE    0                        14    -14        1
  SINCE JUN 1      0                        14    -14        1
  SINCE JUL 1   4572                      5820  -1248     4760

 COOLING
  YESTERDAY       10                         8      2        9
  MONTH TO DATE  220                       141     79      209
  SINCE JUN 1    220                       141     79      209
  SINCE JAN 1    319                       233     86      309
..................................................................


WIND (MPH)
  HIGHEST WIND SPEED    13   HIGHEST WIND DIRECTION     S (180)
  HIGHEST GUST SPEED    16   HIGHEST GUST DIRECTION     S (180)
  AVERAGE WIND SPEED     5.3


SKY COVER
  POSSIBLE SUNSHINE  MM
  AVERAGE SKY COVER 0.1


WEATHER CONDITIONS
 THE FOLLOWING WEATHER WAS RECORDED YESTERDAY.
  NO SIGNIFICANT WEATHER WAS OBSERVED.


RELATIVE HUMIDITY (PERCENT)
 HIGHEST    87           400 AM
 LOWEST     44           500 PM
 AVERAGE    66

..........................................................


THE CHAMPAIGN IL AIRPORT CLIMATE NORMALS FOR TODAY
                         NORMAL    RECORD    YEAR
 MAXIMUM TEMPERATURE (F)   85        MM        MM
 MINIMUM TEMPERATURE (F)   62        MM        MM


SUNRISE AND SUNSET
JUNE 22 2017..........SUNRISE   525 AM CDT   SUNSET   826 PM CDT
JUNE 23 2017..........SUNRISE   525 AM CDT   SUNSET   826 PM CDT


-  INDICATES NEGATIVE NUMBERS.
R  INDICATES RECORD WAS SET OR TIED.
MM INDICATES DATA IS MISSING.
T  INDICATES TRACE AMOUNT.




$$
