000
CDUS43 KILX 240700
CLICMI


CLIMATE REPORT
NATIONAL WEATHER SERVICE LINCOLN IL
157 AM CDT FRI MAR 24 2017


...................................

...THE CHAMPAIGN IL AIRPORT CLIMATE SUMMARY FOR MARCH 23 2017...

CLIMATE NORMAL PERIOD 1981 TO 2010
CLIMATE RECORD PERIOD 9999 TO 9999


WEATHER ITEM   OBSERVED TIME   RECORD YEAR NORMAL DEPARTURE LAST
                VALUE   (LST)  VALUE       VALUE  FROM      YEAR
                                                  NORMAL
..................................................................
TEMPERATURE (F)
 YESTERDAY
  MAXIMUM         50    320 PM  MM      MM  54     -4       67
  MINIMUM         29    556 AM  MM      MM  33     -4       53
  AVERAGE         40                        43     -3       60

PRECIPITATION (IN)
  YESTERDAY        T            MM      MM   0.10  -0.10      T
  MONTH TO DATE    1.38                      1.89  -0.51     1.14
  SINCE MAR 1      1.38                      1.89  -0.51     1.14
  SINCE JAN 1      4.12                      5.96  -1.84     2.80

DEGREE DAYS
 HEATING
  YESTERDAY       25                        22      3        5
  MONTH TO DATE  588                       595     -7      402
  SINCE MAR 1    588                       595     -7      402
  SINCE JUL 1   4107                      5097   -990     4089

 COOLING
  YESTERDAY        0                         0      0        0
  MONTH TO DATE    0                         0      0        0
  SINCE MAR 1      0                         0      0        0
  SINCE JAN 1      0                         0      0        0
..................................................................


WIND (MPH)
  HIGHEST WIND SPEED    23   HIGHEST WIND DIRECTION     S (160)
  HIGHEST GUST SPEED    29   HIGHEST GUST DIRECTION     S (170)
  AVERAGE WIND SPEED    14.7


SKY COVER
  POSSIBLE SUNSHINE  MM
  AVERAGE SKY COVER 0.5


WEATHER CONDITIONS
 THE FOLLOWING WEATHER WAS RECORDED YESTERDAY.
  LIGHT RAIN


RELATIVE HUMIDITY (PERCENT)
 HIGHEST    75           200 AM
 LOWEST     36           100 PM
 AVERAGE    56

..........................................................


THE CHAMPAIGN IL AIRPORT CLIMATE NORMALS FOR TODAY
                         NORMAL    RECORD    YEAR
 MAXIMUM TEMPERATURE (F)   55        MM        MM
 MINIMUM TEMPERATURE (F)   33        MM        MM


SUNRISE AND SUNSET
MARCH 24 2017.........SUNRISE   650 AM CDT   SUNSET   710 PM CDT
MARCH 25 2017.........SUNRISE   648 AM CDT   SUNSET   711 PM CDT


-  INDICATES NEGATIVE NUMBERS.
R  INDICATES RECORD WAS SET OR TIED.
MM INDICATES DATA IS MISSING.
T  INDICATES TRACE AMOUNT.




$$
