000
CDUS43 KTOP 030639
CLICNK


CLIMATE REPORT
NATIONAL WEATHER SERVICE TOPEKA KS
139 AM CDT THU SEP 3 2015


...................................

...THE CONCORDIA KS CLIMATE SUMMARY FOR SEPTEMBER 2 2015...

CLIMATE NORMAL PERIOD 1981 TO 2010
CLIMATE RECORD PERIOD 1885 TO 2015


WEATHER ITEM   OBSERVED TIME   RECORD YEAR NORMAL DEPARTURE LAST
                VALUE   (LST)  VALUE       VALUE  FROM      YEAR
                                                  NORMAL
..................................................................
TEMPERATURE (F)
 YESTERDAY
  MAXIMUM         96    301 PM 109    2000  85     11       84
  MINIMUM         73    620 AM  45    1893  62     11       57
  AVERAGE         85                        74     11       71

PRECIPITATION (IN)
  YESTERDAY        0.00          1.62 1942   0.10  -0.10     0.00
  MONTH TO DATE    0.00                      0.20  -0.20      T
  SINCE SEP 1      0.00                      0.20  -0.20      T
  SINCE JAN 1     21.96                     21.30   0.66    20.66

SNOWFALL (IN)
  YESTERDAY        0.0           0.0    MM   0.0    0.0      0.0
  MONTH TO DATE    0.0                       0.0    0.0      0.0
  SINCE JAN 1      5.6                      13.7   -8.1     16.9
  SINCE JUL 1      0.0                       0.0    0.0      0.0
  SNOW DEPTH       0

DEGREE DAYS
 HEATING
  YESTERDAY        0                         0      0        0
  MONTH TO DATE    0                         0      0        0
  SINCE SEP 1      0                         0      0        0
  SINCE JUL 1      2                         3     -1        2

 COOLING
  YESTERDAY       20                         9     11        6
  MONTH TO DATE   37                        18     19       12
  SINCE SEP 1     37                        18     19       12
  SINCE JAN 1   1076                      1184   -108     1221
..................................................................


WIND (MPH)
  HIGHEST WIND SPEED    24   HIGHEST WIND DIRECTION     S (170)
  HIGHEST GUST SPEED    33   HIGHEST GUST DIRECTION    SE (150)
  AVERAGE WIND SPEED    16.1


SKY COVER
  AVERAGE SKY COVER 0.0


WEATHER CONDITIONS
 THE FOLLOWING WEATHER WAS RECORDED YESTERDAY.
  NO SIGNIFICANT WEATHER WAS OBSERVED.


RELATIVE HUMIDITY (PERCENT)
 HIGHEST    74           200 AM
 LOWEST     34           200 PM
 AVERAGE    54

..........................................................


THE CONCORDIA KS CLIMATE NORMALS FOR TODAY
                         NORMAL    RECORD    YEAR
 MAXIMUM TEMPERATURE (F)   85       112      1947
 MINIMUM TEMPERATURE (F)   61        40      1974


SUNRISE AND SUNSET
SEPTEMBER  3 2015.....SUNRISE   700 AM CDT   SUNSET   759 PM CDT
SEPTEMBER  4 2015.....SUNRISE   701 AM CDT   SUNSET   757 PM CDT


-  INDICATES NEGATIVE NUMBERS.
R  INDICATES RECORD WAS SET OR TIED.
MM INDICATES DATA IS MISSING.
T  INDICATES TRACE AMOUNT.




$$
