000
CDUS45 KGJT 190731
CLICNY


CLIMATE REPORT
NATIONAL WEATHER SERVICE GRAND JUNCTION CO
1229 AM MST SUN FEB 19 2017


...................................

...THE CANYONLANDS AIRPORT UT CLIMATE SUMMARY FOR FEBRUARY 18 2017...

CLIMATE NORMAL PERIOD 1981 TO 2010
CLIMATE RECORD PERIOD 9999 TO 9999


WEATHER ITEM   OBSERVED TIME   RECORD YEAR NORMAL DEPARTURE LAST
                VALUE   (LST)  VALUE       VALUE  FROM      YEAR
                                                  NORMAL
..................................................................
TEMPERATURE (F)
 YESTERDAY
  MAXIMUM         50    331 AM  MM      MM  48      2       68
  MINIMUM         40   1116 PM  MM      MM  25     15       31
  AVERAGE         45                        36      9       50

PRECIPITATION (IN)
  YESTERDAY        T            MM      MM   0.02  -0.02      T
  MONTH TO DATE    T                         0.35  -0.35     0.64
  SINCE DEC 1      0.79                      1.59  -0.80     1.19
  SINCE JAN 1      0.52                      0.99  -0.47     1.00

SNOWFALL (IN)
  YESTERDAY       MM            MM      MM  MM     MM       MM
  MONTH TO DATE   MM                        MM     MM       MM
  SINCE DEC 1     MM                        MM     MM       MM
  SINCE JUL 1     MM                        MM     MM       MM
  SNOW DEPTH      MM

DEGREE DAYS
 HEATING
  YESTERDAY       20                        29     -9       15
  MONTH TO DATE  358                       567   -209      657
  SINCE DEC 1   2445                      2933   -488     3010
  SINCE JUL 1   3214                      4142   -928     3939

 COOLING
  YESTERDAY        0                         0      0        0
  MONTH TO DATE    0                         0      0        0
  SINCE DEC 1      0                         0      0        0
  SINCE JAN 1      0                         0      0        0
..................................................................


WIND (MPH)
  HIGHEST WIND SPEED    17   HIGHEST WIND DIRECTION     S (160)
  HIGHEST GUST SPEED    20   HIGHEST GUST DIRECTION    SE (150)
  AVERAGE WIND SPEED     6.1


SKY COVER
  POSSIBLE SUNSHINE  MM
  AVERAGE SKY COVER 0.9


WEATHER CONDITIONS
 THE FOLLOWING WEATHER WAS RECORDED YESTERDAY.
  LIGHT RAIN
  FOG


RELATIVE HUMIDITY (PERCENT)
 HIGHEST   100           800 PM
 LOWEST     56           100 AM
 AVERAGE    78

..........................................................


THE CANYONLANDS AIRPORT UT CLIMATE NORMALS FOR TODAY
                         NORMAL    RECORD    YEAR
 MAXIMUM TEMPERATURE (F)   48        MM        MM
 MINIMUM TEMPERATURE (F)   25        MM        MM


SUNRISE AND SUNSET
FEBRUARY 19 2017......SUNRISE   705 AM MST   SUNSET   601 PM MST
FEBRUARY 20 2017......SUNRISE   703 AM MST   SUNSET   603 PM MST


-  INDICATES NEGATIVE NUMBERS.
R  INDICATES RECORD WAS SET OR TIED.
MM INDICATES DATA IS MISSING.
T  INDICATES TRACE AMOUNT.




$$
