000
CDUS41 KGYX 200916
CLICON


CLIMATE REPORT
NATIONAL WEATHER SERVICE GRAY ME
415 AM EST FRI JAN 20 2017


...................................

...THE CONCORD NH CLIMATE SUMMARY FOR JANUARY 19 2017...

CLIMATE NORMAL PERIOD 1981 TO 2010
CLIMATE RECORD PERIOD 1868 TO 2017


WEATHER ITEM   OBSERVED TIME   RECORD YEAR NORMAL DEPARTURE LAST
                VALUE   (LST)  VALUE       VALUE  FROM      YEAR
                                                  NORMAL
..................................................................
TEMPERATURE (F)
 YESTERDAY
  MAXIMUM         40    315 PM  58    1876  30     10       23
  MINIMUM         26   1153 PM -30    1976  10     16       12
  AVERAGE         33                        20     13       18

PRECIPITATION (IN)
  YESTERDAY        T             1.17 1996   0.08  -0.08     0.00
  MONTH TO DATE    1.64                      1.64   0.00     1.36
  SINCE DEC 1      4.96                      4.84   0.12     6.14
  SINCE JAN 1      1.64                      1.64   0.00     1.36

SNOWFALL (IN)
  YESTERDAY        T             8.0  1886   0.6   -0.6      0.0
  MONTH TO DATE    7.5                      11.1   -3.6      7.6
  SINCE DEC 1     30.7                      25.6    5.1     12.0
  SINCE JUL 1     31.4                      28.2    3.2     12.0
  SNOW DEPTH      12

DEGREE DAYS
 HEATING
  YESTERDAY       32                        45    -13       47
  MONTH TO DATE  732                       845   -113      734
  SINCE DEC 1   1883                      2031   -148     1568
  SINCE JUL 1   3135                      3591   -456     2848

 COOLING
  YESTERDAY        0                         0      0        0
  MONTH TO DATE    0                         0      0        0
  SINCE DEC 1      0                         0      0        0
  SINCE JAN 1      0                         0      0        0
..................................................................


WIND (MPH)
  RESULTANT WIND SPEED   2   RESULTANT WIND DIRECTION  NW (330)
  HIGHEST WIND SPEED    12   HIGHEST WIND DIRECTION    NW (330)
  HIGHEST GUST SPEED    16   HIGHEST GUST DIRECTION     N (350)
  AVERAGE WIND SPEED     2.1


SKY COVER
  AVERAGE SKY COVER 0.8


WEATHER CONDITIONS
 THE FOLLOWING WEATHER WAS RECORDED YESTERDAY.
  LIGHT SNOW
  FOG


RELATIVE HUMIDITY (PERCENT)
 HIGHEST    92          1200 AM
 LOWEST     75           800 PM
 AVERAGE    84

..........................................................


THE CONCORD NH CLIMATE NORMALS FOR TODAY
                         NORMAL    RECORD    YEAR
 MAXIMUM TEMPERATURE (F)   30        57      2006
 MINIMUM TEMPERATURE (F)   10       -28      1994


SUNRISE AND SUNSET
JANUARY 20 2017.......SUNRISE   712 AM EST   SUNSET   443 PM EST
JANUARY 21 2017.......SUNRISE   711 AM EST   SUNSET   444 PM EST


-  INDICATES NEGATIVE NUMBERS.
R  INDICATES RECORD WAS SET OR TIED.
MM INDICATES DATA IS MISSING.
T  INDICATES TRACE AMOUNT.




$$
