000
CDUS41 KGYX 300803
CLICON


CLIMATE REPORT
NATIONAL WEATHER SERVICE GRAY ME
403 AM EDT SUN AUG 30 2015


...................................

...THE CONCORD NH CLIMATE SUMMARY FOR AUGUST 29 2015...

CLIMATE NORMAL PERIOD 1981 TO 2010
CLIMATE RECORD PERIOD 1868 TO 2015


WEATHER ITEM   OBSERVED TIME   RECORD YEAR NORMAL DEPARTURE LAST
                VALUE   (LST)  VALUE       VALUE  FROM      YEAR
                                                  NORMAL
..................................................................
TEMPERATURE (F)
 YESTERDAY
  MAXIMUM         80    310 PM  98    1977  79      1       77
  MINIMUM         50    541 AM  32    1986  54     -4       47
  AVERAGE         65                        66     -1       62

PRECIPITATION (IN)
  YESTERDAY        0.00          2.40 1959   0.09  -0.09     0.00
  MONTH TO DATE    5.56                      2.99   2.57     3.61
  SINCE JUN 1     12.89                     10.42   2.47    14.93
  SINCE JAN 1     23.34                     26.08  -2.74    32.67

SNOWFALL (IN)
  YESTERDAY        0.0           0.0  2002   0.0    0.0      0.0
                                      2001
                                      2000
  MONTH TO DATE    0.0                       0.0    0.0      0.0
  SINCE JUN 1      0.0                       0.0    0.0      0.0
  SINCE JUL 1      0.0                       0.0    0.0      0.0
  SNOW DEPTH       0

DEGREE DAYS
 HEATING
  YESTERDAY        0                         2     -2        3
  MONTH TO DATE    0                        28    -28       32
  SINCE JUN 1    103                       130    -27       88
  SINCE JUL 1      8                        45    -37       32

 COOLING
  YESTERDAY        0                         3     -3        0
  MONTH TO DATE  163                       133     30       73
  SINCE JUN 1    422                       389     33      321
  SINCE JAN 1    488                       407     81      323
..................................................................


WIND (MPH)
  RESULTANT WIND SPEED   1   RESULTANT WIND DIRECTION   S (200)
  HIGHEST WIND SPEED    12   HIGHEST WIND DIRECTION    SW (210)
  HIGHEST GUST SPEED    16   HIGHEST GUST DIRECTION     S (200)
  AVERAGE WIND SPEED     2.1


SKY COVER
  AVERAGE SKY COVER 0.1


WEATHER CONDITIONS
 THE FOLLOWING WEATHER WAS RECORDED YESTERDAY.
  FOG
  FOG W/VISIBILITY <= 1/4 MILE


RELATIVE HUMIDITY (PERCENT)
 HIGHEST    96           500 AM
 LOWEST     45           100 PM
 AVERAGE    71

..........................................................


THE CONCORD NH CLIMATE NORMALS FOR TODAY
                         NORMAL    RECORD    YEAR
 MAXIMUM TEMPERATURE (F)   78        96      1953
 MINIMUM TEMPERATURE (F)   54        32      1965


SUNRISE AND SUNSET
AUGUST 30 2015........SUNRISE   608 AM EDT   SUNSET   725 PM EDT
AUGUST 31 2015........SUNRISE   609 AM EDT   SUNSET   723 PM EDT


-  INDICATES NEGATIVE NUMBERS.
R  INDICATES RECORD WAS SET OR TIED.
MM INDICATES DATA IS MISSING.
T  INDICATES TRACE AMOUNT.




$$
