000
CDUS41 KGYX 012042
CLICON


CLIMATE REPORT
NATIONAL WEATHER SERVICE GRAY ME
442 PM EDT SUN MAY 1 2016


...................................

...THE CONCORD NH CLIMATE SUMMARY FOR MAY 1 2016...
VALID TODAY AS OF 0400 PM LOCAL TIME.

CLIMATE NORMAL PERIOD 1981 TO 2010
CLIMATE RECORD PERIOD 1868 TO 2016


WEATHER ITEM   OBSERVED TIME   RECORD YEAR NORMAL DEPARTURE LAST
                VALUE   (LST)  VALUE       VALUE  FROM      YEAR
                                                  NORMAL
..................................................................
TEMPERATURE (F)
 TODAY
  MAXIMUM         51   1026 AM  88    1970  64    -13       59
  MINIMUM         39    444 AM  24    2008  38      1       39
  AVERAGE         45                        51     -6       49

PRECIPITATION (IN)
  TODAY            0.15          0.90 1953   0.11   0.04     0.00
  MONTH TO DATE    0.15                      0.11   0.04     0.00
  SINCE MAR 1      4.47                      6.79  -2.32     3.74
  SINCE JAN 1     10.22                     12.11  -1.89     9.80

SNOWFALL (IN)
  TODAY            0.0           1.0  1869   0.0    0.0      0.0
  MONTH TO DATE    0.0                       0.0    0.0      0.0
  SINCE MAR 1      5.0                      13.9   -8.9      7.9
  SINCE JUL 1     29.7                      61.4  -31.7     92.1
  SNOW DEPTH       0

DEGREE DAYS
 HEATING
  TODAY           20                        14      6       16
  MONTH TO DATE   20                        14      6       16
  SINCE MAR 1   1428                      1601   -173     1773
  SINCE JUL 1   5777                      6861  -1084     7227

 COOLING
  TODAY            0                         0      0        0
  MONTH TO DATE    0                         0      0        0
  SINCE MAR 1      0                         2     -2        0
  SINCE JAN 1      0                         2     -2        0
..................................................................


WIND (MPH)
  HIGHEST WIND SPEED     9   HIGHEST WIND DIRECTION     S (170)
  HIGHEST GUST SPEED    11   HIGHEST GUST DIRECTION     S (170)
  AVERAGE WIND SPEED     1.6


SKY COVER
  POSSIBLE SUNSHINE  MM
  AVERAGE SKY COVER 0.6


WEATHER CONDITIONS
 THE FOLLOWING WEATHER WAS RECORDED TODAY.
  LIGHT RAIN
  FOG


RELATIVE HUMIDITY (PERCENT)
 HIGHEST    86           200 PM
 LOWEST     60           800 AM
 AVERAGE    73

..........................................................


THE CONCORD NH CLIMATE NORMALS FOR TOMORROW
                         NORMAL    RECORD    YEAR
 MAXIMUM TEMPERATURE (F)   65        91      2001
 MINIMUM TEMPERATURE (F)   38        25      1969


SUNRISE AND SUNSET
MAY  1 2016...........SUNRISE   539 AM EDT   SUNSET   748 PM EDT
MAY  2 2016...........SUNRISE   537 AM EDT   SUNSET   749 PM EDT


-  INDICATES NEGATIVE NUMBERS.
R  INDICATES RECORD WAS SET OR TIED.
MM INDICATES DATA IS MISSING.
T  INDICATES TRACE AMOUNT.




$$
