284
CDUS41 KGYX 260811
CLICON


CLIMATE REPORT
NATIONAL WEATHER SERVICE GRAY ME
411 AM EDT SUN MAR 26 2017


...................................

...THE CONCORD NH CLIMATE SUMMARY FOR MARCH 25 2017...

CLIMATE NORMAL PERIOD 1981 TO 2010
CLIMATE RECORD PERIOD 1868 TO 2017


WEATHER ITEM   OBSERVED TIME   RECORD YEAR NORMAL DEPARTURE LAST
                VALUE   (LST)  VALUE       VALUE  FROM      YEAR
                                                  NORMAL
..................................................................
TEMPERATURE (F)
 YESTERDAY
  MAXIMUM         39    501 PM  73    1913  47     -8       40
                                      1910
  MINIMUM         23   1152 PM  -1    1906  26     -3       30
  AVERAGE         31                        36     -5       35

PRECIPITATION (IN)
  YESTERDAY        0.17          1.92 1930   0.11   0.06     0.22
  MONTH TO DATE    2.00                      2.61  -0.61     2.08
  SINCE MAR 1      2.00                      2.61  -0.61     2.08
  SINCE JAN 1      6.95                      7.93  -0.98     7.83

SNOWFALL (IN)
  YESTERDAY        T             6.0  1876   0.3   -0.3      0.0
  MONTH TO DATE   16.2                       9.6    6.6      2.3
  SINCE MAR 1     16.2                       9.6    6.6      2.3
  SINCE JUL 1     73.2                      57.1   16.1     27.0
  SNOW DEPTH       9

DEGREE DAYS
 HEATING
  YESTERDAY       34                        29      5       30
  MONTH TO DATE  931                       824    107      651
  SINCE MAR 1    931                       824    107      651
  SINCE JUL 1   5429                      6084   -655     5000

 COOLING
  YESTERDAY        0                         0      0        0
  MONTH TO DATE    0                         0      0        0
  SINCE MAR 1      0                         0      0        0
  SINCE JAN 1      0                         0      0        0
..................................................................


WIND (MPH)
  RESULTANT WIND SPEED   1   RESULTANT WIND DIRECTION   N (340)
  HIGHEST WIND SPEED    12   HIGHEST WIND DIRECTION    NW (320)
  HIGHEST GUST SPEED    17   HIGHEST GUST DIRECTION    NW (320)
  AVERAGE WIND SPEED     2.1


SKY COVER
  AVERAGE SKY COVER 0.7


WEATHER CONDITIONS
 THE FOLLOWING WEATHER WAS RECORDED YESTERDAY.
  LIGHT RAIN
  LIGHT SNOW
  FOG


RELATIVE HUMIDITY (PERCENT)
 HIGHEST    96           300 AM
 LOWEST     75           700 PM
 AVERAGE    86

..........................................................


THE CONCORD NH CLIMATE NORMALS FOR TODAY
                         NORMAL    RECORD    YEAR
 MAXIMUM TEMPERATURE (F)   48        74      1949
                                             1945
 MINIMUM TEMPERATURE (F)   26        -4      1960


SUNRISE AND SUNSET
MARCH 26 2017.........SUNRISE   638 AM EDT   SUNSET   706 PM EDT
MARCH 27 2017.........SUNRISE   636 AM EDT   SUNSET   707 PM EDT


-  INDICATES NEGATIVE NUMBERS.
R  INDICATES RECORD WAS SET OR TIED.
MM INDICATES DATA IS MISSING.
T  INDICATES TRACE AMOUNT.




$$
