876
CDUS41 KGYX 220803
CLICON


CLIMATE REPORT
NATIONAL WEATHER SERVICE GRAY ME
403 AM EDT FRI MAY 22 2015


...................................

...THE CONCORD NH CLIMATE SUMMARY FOR MAY 21 2015...

CLIMATE NORMAL PERIOD 1981 TO 2010
CLIMATE RECORD PERIOD 1868 TO 2015


WEATHER ITEM   OBSERVED TIME   RECORD YEAR NORMAL DEPARTURE LAST
                VALUE   (LST)  VALUE       VALUE  FROM      YEAR
                                                  NORMAL
..................................................................
TEMPERATURE (F)
 YESTERDAY
  MAXIMUM         72    247 PM  93    1871  70      2       78
  MINIMUM         36    507 AM  28    1974  44     -8       41
  AVERAGE         54                        57     -3       60

PRECIPITATION (IN)
  YESTERDAY        0.00          0.83 1954   0.12  -0.12     0.00
                                      1954
                                      2013
  MONTH TO DATE    0.04                      2.39  -2.35     1.80
  SINCE MAR 1      3.78                      9.07  -5.29     8.65
  SINCE JAN 1      9.84                     14.39  -4.55    15.97

SNOWFALL (IN)
  YESTERDAY        0.0           T    1892   0.0    0.0      0.0
                                      1989
  MONTH TO DATE    0.0                       0.2   -0.2      0.0
  SINCE MAR 1      7.9                      14.1   -6.2     10.6
  SINCE JUL 1     92.1                      61.6   30.5     80.4
  SNOW DEPTH       0

DEGREE DAYS
 HEATING
  YESTERDAY       11                         8      3        5
  MONTH TO DATE  133                       234   -101      185
  SINCE MAR 1   1890                      1821     69     2018
  SINCE JUL 1   7344                      7081    263     7487

 COOLING
  YESTERDAY        0                         1     -1        0
  MONTH TO DATE   18                         4     14        2
  SINCE MAR 1     18                         6     12        2
  SINCE JAN 1     18                         6     12        2
..................................................................


WIND (MPH)
  RESULTANT WIND SPEED   3   RESULTANT WIND DIRECTION   S (190)
  HIGHEST WIND SPEED    17   HIGHEST WIND DIRECTION     S (170)
  HIGHEST GUST SPEED    23   HIGHEST GUST DIRECTION     W (250)
  AVERAGE WIND SPEED     4.6


SKY COVER
  AVERAGE SKY COVER 0.0


WEATHER CONDITIONS
 THE FOLLOWING WEATHER WAS RECORDED YESTERDAY.
  NO SIGNIFICANT WEATHER WAS OBSERVED.


RELATIVE HUMIDITY (PERCENT)
 HIGHEST    92           500 AM
 LOWEST     15           400 PM
 AVERAGE    54

..........................................................


THE CONCORD NH CLIMATE NORMALS FOR TODAY
                         NORMAL    RECORD    YEAR
 MAXIMUM TEMPERATURE (F)   71        98      1911
 MINIMUM TEMPERATURE (F)   45        30      2002
                                             1969
                                             1967


SUNRISE AND SUNSET
MAY 22 2015...........SUNRISE   516 AM EDT   SUNSET   810 PM EDT
MAY 23 2015...........SUNRISE   515 AM EDT   SUNSET   811 PM EDT


-  INDICATES NEGATIVE NUMBERS.
R  INDICATES RECORD WAS SET OR TIED.
MM INDICATES DATA IS MISSING.
T  INDICATES TRACE AMOUNT.




$$
