000
CDUS41 KGYX 260801
CLICON


CLIMATE REPORT
NATIONAL WEATHER SERVICE GRAY ME
401 AM EDT TUE JUL 26 2016


...................................

...THE CONCORD NH CLIMATE SUMMARY FOR JULY 25 2016...

CLIMATE NORMAL PERIOD 1981 TO 2010
CLIMATE RECORD PERIOD 1868 TO 2016


WEATHER ITEM   OBSERVED TIME   RECORD YEAR NORMAL DEPARTURE LAST
                VALUE   (LST)  VALUE       VALUE  FROM      YEAR
                                                  NORMAL
..................................................................
TEMPERATURE (F)
 YESTERDAY
  MAXIMUM         92    320 PM  98    1963  83      9       75
  MINIMUM         56    436 AM  44    1976  58     -2       53
  AVERAGE         74                        70      4       64

PRECIPITATION (IN)
  YESTERDAY        0.00          1.44 1943   0.12  -0.12     0.00
  MONTH TO DATE    1.71                      2.99  -1.28     1.94
  SINCE JUN 1      3.12                      6.68  -3.56     7.24
  SINCE JAN 1     15.82                     22.34  -6.52    17.69

SNOWFALL (IN)
  YESTERDAY        0.0           0.0  2002   0.0    0.0      0.0
                                      2001
                                      2000
  MONTH TO DATE    0.0                       0.0    0.0      0.0
  SINCE JUN 1      0.0                       0.0    0.0      0.0
  SINCE JUL 1      0.0                       0.0    0.0      0.0
  SNOW DEPTH       0

DEGREE DAYS
 HEATING
  YESTERDAY        0                         0      0        1
  MONTH TO DATE   11                        13     -2        8
  SINCE JUN 1     53                        98    -45      103
  SINCE JUL 1     11                        13     -2        8

 COOLING
  YESTERDAY        9                         6      3        0
  MONTH TO DATE  186                       140     46      130
  SINCE JUN 1    268                       224     44      195
  SINCE JAN 1    308                       242     66      261
..................................................................


WIND (MPH)
  RESULTANT WIND SPEED   2   RESULTANT WIND DIRECTION  SE (130)
  HIGHEST WIND SPEED    13   HIGHEST WIND DIRECTION     S (180)
  HIGHEST GUST SPEED    18   HIGHEST GUST DIRECTION     S (190)
  AVERAGE WIND SPEED     2.9


SKY COVER
  AVERAGE SKY COVER 0.1


WEATHER CONDITIONS
 THE FOLLOWING WEATHER WAS RECORDED YESTERDAY.
  THUNDERSTORM
  FOG


RELATIVE HUMIDITY (PERCENT)
 HIGHEST    93          1000 PM
 LOWEST     37          1000 AM
 AVERAGE    65

..........................................................


THE CONCORD NH CLIMATE NORMALS FOR TODAY
                         NORMAL    RECORD    YEAR
 MAXIMUM TEMPERATURE (F)   83        99      1963
 MINIMUM TEMPERATURE (F)   58        39      1976


SUNRISE AND SUNSET
JULY 26 2016..........SUNRISE   531 AM EDT   SUNSET   814 PM EDT
JULY 27 2016..........SUNRISE   532 AM EDT   SUNSET   813 PM EDT


-  INDICATES NEGATIVE NUMBERS.
R  INDICATES RECORD WAS SET OR TIED.
MM INDICATES DATA IS MISSING.
T  INDICATES TRACE AMOUNT.




$$
