000
CDUS41 KGYX 222040
CLICON


CLIMATE REPORT
NATIONAL WEATHER SERVICE GRAY ME
440 PM EDT TUE JUL 22 2014


...................................

...THE CONCORD NH CLIMATE SUMMARY FOR JULY 22 2014...
VALID TODAY AS OF 0400 PM LOCAL TIME.

CLIMATE NORMAL PERIOD 1981 TO 2010
CLIMATE RECORD PERIOD 1868 TO 2014


WEATHER ITEM   OBSERVED TIME   RECORD YEAR NORMAL DEPARTURE LAST
                VALUE   (LST)  VALUE       VALUE  FROM      YEAR
                                                  NORMAL
..................................................................
TEMPERATURE (F)
 TODAY
  MAXIMUM         88    253 PM 100    2011  83      5       78
                                      1926
  MINIMUM         57    448 AM  42    1974  58     -1       63
  AVERAGE         73                        70      3       71

PRECIPITATION (IN)
  TODAY            0.00          1.27 1938   0.12  -0.12     0.03
  MONTH TO DATE    5.64                      2.62   3.02     3.87
  SINCE JUN 1      9.47                      6.31   3.16    10.65
  SINCE JAN 1     27.21                     21.97   5.24    23.41

SNOWFALL (IN)
  TODAY            0.0           0.0  2002   0.0    0.0      0.0
                                      2001
                                      2000
  MONTH TO DATE    0.0                       0.0    0.0      0.0
  SINCE JUN 1      0.0                       0.0    0.0      0.0
  SINCE JUL 1      0.0                       0.0    0.0      0.0
  SNOW DEPTH       0

DEGREE DAYS
 HEATING
  TODAY            0                         0      0        0
  MONTH TO DATE    0                        13    -13        0
  SINCE JUN 1     56                        98    -42       72
  SINCE JUL 1      0                        13    -13        0

 COOLING
  TODAY            8                         6      2        6
  MONTH TO DATE  142                       122     20      231
  SINCE JUN 1    215                       206      9      340
  SINCE JAN 1    217                       224     -7      361
..................................................................


WIND (MPH)
  HIGHEST WIND SPEED    12   HIGHEST WIND DIRECTION    SW (220)
  HIGHEST GUST SPEED    16   HIGHEST GUST DIRECTION     S (170)
  AVERAGE WIND SPEED     2.2


SKY COVER
  POSSIBLE SUNSHINE  MM
  AVERAGE SKY COVER 0.3


WEATHER CONDITIONS
 THE FOLLOWING WEATHER WAS RECORDED TODAY.
  NO SIGNIFICANT WEATHER WAS OBSERVED.


RELATIVE HUMIDITY (PERCENT)
 HIGHEST   100           500 AM
 LOWEST     46           300 PM
 AVERAGE    73

..........................................................


THE CONCORD NH CLIMATE NORMALS FOR TOMORROW
                         NORMAL    RECORD    YEAR
 MAXIMUM TEMPERATURE (F)   83       100      1978
 MINIMUM TEMPERATURE (F)   58        41      1871


SUNRISE AND SUNSET
JULY 22 2014..........SUNRISE   526 AM EDT   SUNSET   818 PM EDT
JULY 23 2014..........SUNRISE   527 AM EDT   SUNSET   817 PM EDT


-  INDICATES NEGATIVE NUMBERS.
R  INDICATES RECORD WAS SET OR TIED.
MM INDICATES DATA IS MISSING.
T  INDICATES TRACE AMOUNT.




$$
