000
CDUS45 KPUB 261127
CLICOS


CLIMATE REPORT
NATIONAL WEATHER SERVICE PUEBLO
427 AM MST MON JAN 26 2015


...................................

...THE COLORADO SPRINGS CO CLIMATE SUMMARY FOR JANUARY 25 2015...

CLIMATE NORMAL PERIOD 1981 TO 2010
CLIMATE RECORD PERIOD 1872 TO 2015


WEATHER ITEM   OBSERVED TIME   RECORD YEAR NORMAL DEPARTURE LAST
                VALUE   (LST)  VALUE       VALUE  FROM      YEAR
                                                  NORMAL
..................................................................
TEMPERATURE (F)
 YESTERDAY
  MAXIMUM         53    257 PM  65    1935  43     10       56
  MINIMUM         27    610 AM -12    1940  18      9       28
                                      1929
  AVERAGE         40                        30     10       42

PRECIPITATION (IN)
  YESTERDAY        0.00          0.15 1932   0.01  -0.01     0.00
  MONTH TO DATE    0.80                      0.25   0.55     0.27
  SINCE DEC 1      0.96                      0.59   0.37     0.34
  SINCE JAN 1      0.80                      0.25   0.55     0.27

SNOWFALL (IN)
  YESTERDAY        0.0           2.7  2004   0.2   -0.2      0.0
  MONTH TO DATE   14.4                       4.5    9.9      6.7
  SINCE DEC 1     18.1                      10.2    7.9      9.6
  SINCE JUL 1     25.2                      18.0    7.2     13.8
  SNOW DEPTH       0

DEGREE DAYS
 HEATING
  YESTERDAY       25                        34     -9       23
  MONTH TO DATE  857                       860     -3      839
  SINCE DEC 1   1887                      1951    -64     1942
  SINCE JUL 1   3212                      3432   -220     3303

 COOLING
  YESTERDAY        0                         0      0        0
  MONTH TO DATE    0                         0      0        0
  SINCE DEC 1      0                         0      0        0
  SINCE JAN 1      0                         0      0        0
..................................................................


WIND (MPH)
  HIGHEST WIND SPEED    23   HIGHEST WIND DIRECTION     N (20)
  HIGHEST GUST SPEED    27   HIGHEST GUST DIRECTION     N (20)
  AVERAGE WIND SPEED     5.6


SKY COVER
  POSSIBLE SUNSHINE  MM
  AVERAGE SKY COVER 0.2


WEATHER CONDITIONS
 THE FOLLOWING WEATHER WAS RECORDED YESTERDAY.
  NO SIGNIFICANT WEATHER WAS OBSERVED.


RELATIVE HUMIDITY (PERCENT)
 HIGHEST    85           500 AM
 LOWEST     35           200 PM
 AVERAGE    60

..........................................................


THE COLORADO SPRINGS CO CLIMATE NORMALS FOR TODAY
                         NORMAL    RECORD    YEAR
 MAXIMUM TEMPERATURE (F)   43        68      1982
 MINIMUM TEMPERATURE (F)   18       -16      1902


SUNRISE AND SUNSET
JANUARY 26 2015.......SUNRISE   710 AM MST   SUNSET   513 PM MST
JANUARY 27 2015.......SUNRISE   709 AM MST   SUNSET   514 PM MST


-  INDICATES NEGATIVE NUMBERS.
R  INDICATES RECORD WAS SET OR TIED.
MM INDICATES DATA IS MISSING.
T  INDICATES TRACE AMOUNT.




$$
