000
CDUS45 KPUB 060019
CLICOS


CLIMATE REPORT
NATIONAL WEATHER SERVICE PUEBLO
619 PM MDT THU MAY 5 2016


...................................

...THE COLORADO SPRINGS CO CLIMATE SUMMARY FOR MAY 5 2016...
VALID TODAY AS OF 0500 PM LOCAL TIME.

CLIMATE NORMAL PERIOD 1981 TO 2010
CLIMATE RECORD PERIOD 1872 TO 2016


WEATHER ITEM   OBSERVED TIME   RECORD YEAR NORMAL DEPARTURE LAST
                VALUE   (LST)  VALUE       VALUE  FROM      YEAR
                                                  NORMAL
..................................................................
TEMPERATURE (F)
 TODAY
  MAXIMUM         79    314 PM  90    1947  66     13       50
  MINIMUM         43    304 AM  23    1917  39      4       47
  AVERAGE         61                        53      8       49

PRECIPITATION (IN)
  TODAY            0.00          1.93 1978   0.06  -0.06     0.59
  MONTH TO DATE    0.01                      0.28  -0.27     1.90
  SINCE MAR 1      3.02                      2.70   0.32     3.68
  SINCE JAN 1      4.56                      3.36   1.20     6.00

SNOWFALL (IN)
  TODAY            0.0          14.9  1978   0.0    0.0      0.0
  MONTH TO DATE    T                         0.3   -0.3       T
  SINCE MAR 1     23.6                      13.3   10.3      5.6
  SINCE JUL 1     50.7                      37.3   13.4     46.5
  SNOW DEPTH       0

DEGREE DAYS
 HEATING
  TODAY            4                        12     -8       16
  MONTH TO DATE   78                        65     13       44
  SINCE MAR 1   1331                      1424    -93     1202
  SINCE JUL 1   5234                      5987   -753     5423

 COOLING
  TODAY            0                         0      0        0
  MONTH TO DATE    0                         0      0        0
  SINCE MAR 1      0                         1     -1        0
  SINCE JAN 1      0                         1     -1        0
..................................................................


WIND (MPH)
  HIGHEST WIND SPEED    21   HIGHEST WIND DIRECTION    SE (140)
  HIGHEST GUST SPEED    31   HIGHEST GUST DIRECTION    SE (150)
  AVERAGE WIND SPEED     7.8


SKY COVER
  POSSIBLE SUNSHINE  MM
  AVERAGE SKY COVER 0.4


WEATHER CONDITIONS
 THE FOLLOWING WEATHER WAS RECORDED TODAY.
  NO SIGNIFICANT WEATHER WAS OBSERVED.


RELATIVE HUMIDITY (PERCENT)
 HIGHEST    65           400 AM
 LOWEST     13          1000 AM
 AVERAGE    39

..........................................................


THE COLORADO SPRINGS CO CLIMATE NORMALS FOR TOMORROW
                         NORMAL    RECORD    YEAR
 MAXIMUM TEMPERATURE (F)   66        83      1955
                                             1934
                                             1916
 MINIMUM TEMPERATURE (F)   40        22      1978


SUNRISE AND SUNSET
MAY  5 2016...........SUNRISE   556 AM MDT   SUNSET   756 PM MDT
MAY  6 2016...........SUNRISE   555 AM MDT   SUNSET   757 PM MDT


-  INDICATES NEGATIVE NUMBERS.
R  INDICATES RECORD WAS SET OR TIED.
MM INDICATES DATA IS MISSING.
T  INDICATES TRACE AMOUNT.




$$
