000
CDUS45 KPUB 300037
CLICOS


CLIMATE REPORT
NATIONAL WEATHER SERVICE PUEBLO
637 PM MDT WED MAR 29 2017


...................................

...THE COLORADO SPRINGS CO CLIMATE SUMMARY FOR MARCH 29 2017...
VALID TODAY AS OF 0500 PM LOCAL TIME.

CLIMATE NORMAL PERIOD 1981 TO 2010
CLIMATE RECORD PERIOD 1872 TO 2017


WEATHER ITEM   OBSERVED TIME   RECORD YEAR NORMAL DEPARTURE LAST
                VALUE   (LST)  VALUE       VALUE  FROM      YEAR
                                                  NORMAL
..................................................................
TEMPERATURE (F)
 TODAY
  MAXIMUM         54    416 PM  75    1967  55     -1       69
  MINIMUM         35    407 AM   3    1975  29      6       39
  AVERAGE         45                        42      3       54

PRECIPITATION (IN)
  TODAY            T             0.69 1985   0.03  -0.03     0.00
  MONTH TO DATE    0.34                      0.93  -0.59     0.73
  SINCE MAR 1      0.34                      0.93  -0.59     0.73
  SINCE JAN 1      0.73                      1.59  -0.86     2.27

SNOWFALL (IN)
  TODAY            T             9.1  1985   0.3   -0.3      0.0
  MONTH TO DATE    1.7                       7.6   -5.9     10.4
  SINCE MAR 1      1.7                       7.6   -5.9     10.4
  SINCE JUL 1     15.1                      31.6  -16.5     37.5
  SNOW DEPTH       0

DEGREE DAYS
 HEATING
  TODAY           20                        23     -3       11
  MONTH TO DATE  514                       760   -246      652
  SINCE MAR 1    514                       760   -246      652
  SINCE JUL 1   4267                      5323  -1056     4555

 COOLING
  TODAY            0                         0      0        0
  MONTH TO DATE    0                         0      0        0
  SINCE MAR 1      0                         0      0        0
  SINCE JAN 1      0                         0      0        0
..................................................................


WIND (MPH)
  HIGHEST WIND SPEED    36   HIGHEST WIND DIRECTION     N (350)
  HIGHEST GUST SPEED    49   HIGHEST GUST DIRECTION     N (350)
  AVERAGE WIND SPEED    21.9


SKY COVER
  POSSIBLE SUNSHINE  MM
  AVERAGE SKY COVER 0.6


WEATHER CONDITIONS
 THE FOLLOWING WEATHER WAS RECORDED TODAY.
  LIGHT RAIN
  SNOW
  LIGHT SNOW


RELATIVE HUMIDITY (PERCENT)
 HIGHEST    82           600 AM
 LOWEST     38           400 PM
 AVERAGE    60

..........................................................


THE COLORADO SPRINGS CO CLIMATE NORMALS FOR TOMORROW
                         NORMAL    RECORD    YEAR
 MAXIMUM TEMPERATURE (F)   55        78      2010
 MINIMUM TEMPERATURE (F)   29        -2      1926


SUNRISE AND SUNSET
MARCH 29 2017.........SUNRISE   648 AM MDT   SUNSET   720 PM MDT
MARCH 30 2017.........SUNRISE   646 AM MDT   SUNSET   721 PM MDT


-  INDICATES NEGATIVE NUMBERS.
R  INDICATES RECORD WAS SET OR TIED.
MM INDICATES DATA IS MISSING.
T  INDICATES TRACE AMOUNT.




$$
