000
CDUS45 KPUB 221808
CLICOS


CLIMATE REPORT
NATIONAL WEATHER SERVICE PUEBLO
1106 AM MST MON JAN 22 2018


...................................

...THE COLORADO SPRINGS CO CLIMATE SUMMARY FOR JANUARY 21 2018...

CLIMATE NORMAL PERIOD 1981 TO 2010
CLIMATE RECORD PERIOD 1872 TO 2018


WEATHER ITEM   OBSERVED TIME   RECORD YEAR NORMAL DEPARTURE LAST
                VALUE   (LST)  VALUE       VALUE  FROM      YEAR
                                                  NORMAL
..................................................................
TEMPERATURE (F)
 YESTERDAY
  MAXIMUM         30    302 AM  70    2009  43    -13       41
  MINIMUM         21   1159 PM -20    1930  18      3       20
  AVERAGE         26                        31     -5       31

PRECIPITATION (IN)
  YESTERDAY        0.08          0.23 2015   0.01   0.07     0.00
  MONTH TO DATE    0.16                      0.21  -0.05     0.29
  SINCE DEC 1      0.17                      0.55  -0.38     0.97
  SINCE JAN 1      0.16                      0.21  -0.05     0.29

SNOWFALL (IN)
  YESTERDAY        1.6           4.6  2015   0.1    1.5      0.0
  MONTH TO DATE    1.7                       3.7   -2.0      4.9
  SINCE DEC 1      2.6                       9.4   -6.8     11.3
  SINCE JUL 1      4.2                      17.2  -13.0     11.3
  SNOW DEPTH       1

DEGREE DAYS
 HEATING
  YESTERDAY       39                        34      5       34
  MONTH TO DATE  632                       724    -92      737
  SINCE DEC 1   1602                      1815   -213     1837
  SINCE JUL 1   2770                      3296   -526     2740

 COOLING
  YESTERDAY        0                         0      0        0
  MONTH TO DATE    0                         0      0        0
  SINCE DEC 1      0                         0      0        0
  SINCE JAN 1      0                         0      0        0
..................................................................


WIND (MPH)
  HIGHEST WIND SPEED    31   HIGHEST WIND DIRECTION     N (340)
  HIGHEST GUST SPEED    40   HIGHEST GUST DIRECTION    NW (330)
  AVERAGE WIND SPEED    14.8


SKY COVER
  POSSIBLE SUNSHINE  MM
  AVERAGE SKY COVER 0.9


WEATHER CONDITIONS
 THE FOLLOWING WEATHER WAS RECORDED YESTERDAY.
  LIGHT SNOW
  FOG
  HAZE


RELATIVE HUMIDITY (PERCENT)
 HIGHEST    92           500 AM
 LOWEST     68           200 PM
 AVERAGE    80

..........................................................


THE COLORADO SPRINGS CO CLIMATE NORMALS FOR TODAY
                         NORMAL    RECORD    YEAR
 MAXIMUM TEMPERATURE (F)   43        70      1943
 MINIMUM TEMPERATURE (F)   18       -10      1917


SUNRISE AND SUNSET
JANUARY 22 2018.......SUNRISE   712 AM MST   SUNSET   509 PM MST
JANUARY 23 2018.......SUNRISE   712 AM MST   SUNSET   510 PM MST


-  INDICATES NEGATIVE NUMBERS.
R  INDICATES RECORD WAS SET OR TIED.
MM INDICATES DATA IS MISSING.
T  INDICATES TRACE AMOUNT.




$$
