000
CDUS45 KPUB 191156
CLICOS


CLIMATE REPORT
NATIONAL WEATHER SERVICE PUEBLO
454 AM MST SUN NOV 19 2017


...................................

...THE COLORADO SPRINGS CO CLIMATE SUMMARY FOR NOVEMBER 18 2017...

CLIMATE NORMAL PERIOD 1981 TO 2010
CLIMATE RECORD PERIOD 1872 TO 2017


WEATHER ITEM   OBSERVED TIME   RECORD YEAR NORMAL DEPARTURE LAST
                VALUE   (LST)  VALUE       VALUE  FROM      YEAR
                                                  NORMAL
..................................................................
TEMPERATURE (F)
 YESTERDAY
  MAXIMUM         44    225 PM  76    2008  50     -6       40
  MINIMUM         22    635 AM  -5    1903  24     -2       19
  AVERAGE         33                        37     -4       30

PRECIPITATION (IN)
  YESTERDAY        0.00          0.43 1921   0.01  -0.01     0.00
  MONTH TO DATE    0.15                      0.25  -0.10     0.01
  SINCE SEP 1      3.15                      2.26   0.89     0.17
  SINCE JAN 1     18.43                     16.05   2.38    13.61

SNOWFALL (IN)
  YESTERDAY        0.0           4.8  1964   0.1   -0.1      0.0
  MONTH TO DATE    0.7                       2.5   -1.8       T
  SINCE SEP 1      1.6                       5.6   -4.0       T
  SINCE JUL 1      1.6                       5.6   -4.0       T
  SNOW DEPTH       0

DEGREE DAYS
 HEATING
  YESTERDAY       32                        28      4       35
  MONTH TO DATE  372                       438    -66      283
  SINCE SEP 1    954                      1081   -127      566
  SINCE JUL 1    963                      1112   -149      587

 COOLING
  YESTERDAY        0                         0      0        0
  MONTH TO DATE    0                         0      0        0
  SINCE SEP 1     91                        37     54       84
  SINCE JAN 1    639                       455    184      710
..................................................................


WIND (MPH)
  HIGHEST WIND SPEED    29   HIGHEST WIND DIRECTION    NW (330)
  HIGHEST GUST SPEED    36   HIGHEST GUST DIRECTION    NW (320)
  AVERAGE WIND SPEED     9.0


SKY COVER
  POSSIBLE SUNSHINE  MM
  AVERAGE SKY COVER 0.1


WEATHER CONDITIONS
 THE FOLLOWING WEATHER WAS RECORDED YESTERDAY.
  NO SIGNIFICANT WEATHER WAS OBSERVED.


RELATIVE HUMIDITY (PERCENT)
 HIGHEST    81           600 AM
 LOWEST     27           200 PM
 AVERAGE    54

..........................................................


THE COLORADO SPRINGS CO CLIMATE NORMALS FOR TODAY
                         NORMAL    RECORD    YEAR
 MAXIMUM TEMPERATURE (F)   49        76      2007
 MINIMUM TEMPERATURE (F)   24        -1      1906


SUNRISE AND SUNSET
NOVEMBER 19 2017......SUNRISE   646 AM MST   SUNSET   442 PM MST
NOVEMBER 20 2017......SUNRISE   647 AM MST   SUNSET   442 PM MST


-  INDICATES NEGATIVE NUMBERS.
R  INDICATES RECORD WAS SET OR TIED.
MM INDICATES DATA IS MISSING.
T  INDICATES TRACE AMOUNT.




$$
