000
CDUS45 KPUB 191035
CLICOS


CLIMATE REPORT
NATIONAL WEATHER SERVICE PUEBLO
434 AM MDT SAT APR 19 2014


...................................

...THE COLORADO SPRINGS CO CLIMATE SUMMARY FOR APRIL 18 2014...

CLIMATE NORMAL PERIOD 1981 TO 2010
CLIMATE RECORD PERIOD 1872 TO 2014


WEATHER ITEM   OBSERVED TIME   RECORD YEAR NORMAL DEPARTURE LAST
                VALUE   (LST)  VALUE       VALUE  FROM      YEAR
                                                  NORMAL
..................................................................
TEMPERATURE (F)
 YESTERDAY
  MAXIMUM         76    346 PM  80    1987  60     16       33
  MINIMUM         32    330 AM  14    1922  34     -2       16
  AVERAGE         54                        47      7       25

PRECIPITATION (IN)
  YESTERDAY        0.00          1.96 1942   0.05  -0.05     0.01
  MONTH TO DATE    0.90                      0.73   0.17     0.24
  SINCE MAR 1      1.32                      1.73  -0.41     0.42
  SINCE JAN 1      2.21                      2.39  -0.18     1.50

SNOWFALL (IN)
  YESTERDAY        0.0           7.0  1912   0.1   -0.1      0.1
  MONTH TO DATE    7.5                       3.2    4.3      2.1
  SINCE MAR 1     10.3                      11.3   -1.0      6.3
  SINCE JUL 1     34.4                      35.3   -0.9     26.3
  SNOW DEPTH       0

DEGREE DAYS
 HEATING
  YESTERDAY       11                        18     -7       40
  MONTH TO DATE  361                       363     -2      449
  SINCE MAR 1   1142                      1168    -26     1261
  SINCE JUL 1   5629                      5731   -102     5605

 COOLING
  YESTERDAY        0                         0      0        0
  MONTH TO DATE    0                         0      0        0
  SINCE MAR 1      0                         0      0        0
  SINCE JAN 1      0                         0      0        0
..................................................................


WIND (MPH)
  HIGHEST WIND SPEED    28   HIGHEST WIND DIRECTION     S (160)
  HIGHEST GUST SPEED    35   HIGHEST GUST DIRECTION     S (160)
  AVERAGE WIND SPEED     9.9


SKY COVER
  POSSIBLE SUNSHINE  MM
  AVERAGE SKY COVER 0.6


WEATHER CONDITIONS
 THE FOLLOWING WEATHER WAS RECORDED YESTERDAY.
  NO SIGNIFICANT WEATHER WAS OBSERVED.


RELATIVE HUMIDITY (PERCENT)
 HIGHEST    89           100 AM
 LOWEST     15           400 PM
 AVERAGE    52

..........................................................


THE COLORADO SPRINGS CO CLIMATE NORMALS FOR TODAY
                         NORMAL    RECORD    YEAR
 MAXIMUM TEMPERATURE (F)   61        79      1962
 MINIMUM TEMPERATURE (F)   34        16      1966


SUNRISE AND SUNSET
APRIL 19 2014.........SUNRISE   617 AM MDT   SUNSET   740 PM MDT
APRIL 20 2014.........SUNRISE   615 AM MDT   SUNSET   741 PM MDT


-  INDICATES NEGATIVE NUMBERS.
R  INDICATES RECORD WAS SET OR TIED.
MM INDICATES DATA IS MISSING.
T  INDICATES TRACE AMOUNT.




$$
