000
CDUS45 KPUB 011155
CLICOS


CLIMATE REPORT
NATIONAL WEATHER SERVICE PUEBLO
455 AM MST SUN MAR 1 2015


...................................

...THE COLORADO SPRINGS CO CLIMATE SUMMARY FOR FEBRUARY 28 2015...

CLIMATE NORMAL PERIOD 1981 TO 2010
CLIMATE RECORD PERIOD 1872 TO 2015


WEATHER ITEM   OBSERVED TIME   RECORD YEAR NORMAL DEPARTURE LAST
                VALUE   (LST)  VALUE       VALUE  FROM      YEAR
                                                  NORMAL
..................................................................
TEMPERATURE (F)
 YESTERDAY
  MAXIMUM         20   1153 AM  74    2006  48    -28       60
  MINIMUM         -3    615 AM -16    1962  22    -25       25
  AVERAGE          9                        35    -26       43

PRECIPITATION (IN)
  YESTERDAY        T             0.55 1931   0.02  -0.02     0.00
  MONTH TO DATE    1.45                      0.34   1.11     0.22
  SINCE DEC 1      2.48                      1.00   1.48     0.96
  SINCE JAN 1      2.32                      0.66   1.66     0.89

SNOWFALL (IN)
  YESTERDAY        T             7.0  1931   0.2   -0.2      0.0
  MONTH TO DATE   16.6                       4.9   11.7      3.4
  SINCE DEC 1     33.8                      16.2   17.6     19.9
  SINCE JUL 1     40.9                      24.0   16.9     24.1
  SNOW DEPTH       7

DEGREE DAYS
 HEATING
  YESTERDAY       56                        30     26       22
  MONTH TO DATE  877                       918    -41      951
  SINCE DEC 1   2896                      3082   -186     3126
  SINCE JUL 1   4221                      4563   -342     4487

 COOLING
  YESTERDAY        0                         0      0        0
  MONTH TO DATE    0                         0      0        0
  SINCE DEC 1      0                         0      0        0
  SINCE JAN 1      0                         0      0        0
..................................................................


WIND (MPH)
  HIGHEST WIND SPEED    12   HIGHEST WIND DIRECTION    SE (150)
  HIGHEST GUST SPEED    14   HIGHEST GUST DIRECTION     S (160)
  AVERAGE WIND SPEED     4.4


SKY COVER
  POSSIBLE SUNSHINE  MM
  AVERAGE SKY COVER 0.7


WEATHER CONDITIONS
 THE FOLLOWING WEATHER WAS RECORDED YESTERDAY.
  LIGHT SNOW
  FOG
  HAZE


RELATIVE HUMIDITY (PERCENT)
 HIGHEST    88          1200 AM
 LOWEST     67          1200 PM
 AVERAGE    78

..........................................................


THE COLORADO SPRINGS CO CLIMATE NORMALS FOR TODAY
                         NORMAL    RECORD    YEAR
 MAXIMUM TEMPERATURE (F)   48        73      2008
 MINIMUM TEMPERATURE (F)   22        -9      1947


SUNRISE AND SUNSET
MARCH  1 2015.........SUNRISE   632 AM MST   SUNSET   551 PM MST
MARCH  2 2015.........SUNRISE   630 AM MST   SUNSET   553 PM MST


-  INDICATES NEGATIVE NUMBERS.
R  INDICATES RECORD WAS SET OR TIED.
MM INDICATES DATA IS MISSING.
T  INDICATES TRACE AMOUNT.




$$
