000
CDUS43 KLSX 020730
CLICOU


CLIMATE REPORT
NATIONAL WEATHER SERVICE ST LOUIS MO
229 AM CDT WED SEP 2 2015


...................................

...THE COLUMBIA ASOS CLIMATE SUMMARY FOR SEPTEMBER 1 2015...

CLIMATE NORMAL PERIOD 1981 TO 2010
CLIMATE RECORD PERIOD 1890 TO 2015


WEATHER ITEM   OBSERVED TIME   RECORD YEAR NORMAL DEPARTURE LAST
                VALUE   (LST)  VALUE       VALUE  FROM      YEAR
                                                  NORMAL
..................................................................
TEMPERATURE (F)
 YESTERDAY
  MAXIMUM         90    356 PM 102    1913  84      6       84
  MINIMUM         69    533 AM  45    1967  63      6       66
                                      1949
                                      1893
  AVERAGE         80                        73      7       75

PRECIPITATION (IN)
  YESTERDAY        0.00          4.50 2014   0.14  -0.14     4.50
  MONTH TO DATE    0.00                      0.14  -0.14     4.50
  SINCE SEP 1      0.00                      0.14  -0.14     4.50
  SINCE JAN 1     31.96                     29.89   2.07    28.79

SNOWFALL (IN)
  YESTERDAY        0.0           0.0  2013   0.0    0.0      0.0
  MONTH TO DATE    0.0                       0.0    0.0      0.0
  SINCE SEP 1      0.0                       0.0    0.0      0.0
  SINCE JUL 1      0.0                       0.0    0.0      0.0
  SNOW DEPTH       0

DEGREE DAYS
 HEATING
  YESTERDAY        0                         0      0        0
  MONTH TO DATE    0                         0      0        0
  SINCE SEP 1      0                         0      0        0
  SINCE JUL 1      2                         2      0        0

 COOLING
  YESTERDAY       15                         9      6       10
  MONTH TO DATE   15                         9      6       10
  SINCE SEP 1     15                         9      6       10
  SINCE JAN 1   1136                      1092     44     1120
..................................................................


WIND (MPH)
  HIGHEST WIND SPEED    16   HIGHEST WIND DIRECTION    SE (140)
  HIGHEST GUST SPEED    20   HIGHEST GUST DIRECTION    SE (140)
  AVERAGE WIND SPEED     7.0


SKY COVER
  AVERAGE SKY COVER 0.0


WEATHER CONDITIONS
 THE FOLLOWING WEATHER WAS RECORDED YESTERDAY.
  FOG


RELATIVE HUMIDITY (PERCENT)
 HIGHEST    97
 LOWEST     50
 AVERAGE    74

..........................................................


THE COLUMBIA ASOS CLIMATE NORMALS FOR TODAY
                         NORMAL    RECORD    YEAR
 MAXIMUM TEMPERATURE (F)   84       100      1913
                                             1897
 MINIMUM TEMPERATURE (F)   62        46      1893


SUNRISE AND SUNSET
SEPTEMBER  2 2015.....SUNRISE   639 AM CDT   SUNSET   738 PM CDT
SEPTEMBER  3 2015.....SUNRISE   639 AM CDT   SUNSET   736 PM CDT


-  INDICATES NEGATIVE NUMBERS.
R  INDICATES RECORD WAS SET OR TIED.
MM INDICATES DATA IS MISSING.
T  INDICATES TRACE AMOUNT.




$$
