000
CDUS43 KLSX 010728
CLICOU


CLIMATE REPORT
NATIONAL WEATHER SERVICE ST LOUIS MO
227 AM CDT WED OCT 1 2014


...................................

...THE COLUMBIA ASOS CLIMATE SUMMARY FOR SEPTEMBER 30 2014...

CLIMATE NORMAL PERIOD 1981 TO 2010
CLIMATE RECORD PERIOD 1890 TO 2014


WEATHER ITEM   OBSERVED TIME   RECORD YEAR NORMAL DEPARTURE LAST
                VALUE   (LST)  VALUE       VALUE  FROM      YEAR
                                                  NORMAL
..................................................................
TEMPERATURE (F)
 YESTERDAY
  MAXIMUM         85    257 PM  95    1897  73     12       75
  MINIMUM         59    635 AM  26    1895  50      9       50
  AVERAGE         72                        61     11       63

PRECIPITATION (IN)
  YESTERDAY        0.00          1.85 1926   0.12  -0.12     0.00
  MONTH TO DATE    6.15                      3.87   2.28     2.42
  SINCE SEP 1      6.15                      3.87   2.28     2.42
  SINCE JAN 1     30.44                     33.62  -3.18    35.51

SNOWFALL (IN)
  YESTERDAY        0.0           0.0  2013   0.0    0.0      0.0
  MONTH TO DATE    0.0                       0.0    0.0      0.0
  SINCE SEP 1      0.0                       0.0    0.0      0.0
  SINCE JUL 1      0.0                       0.0    0.0      0.0
  SNOW DEPTH       0

DEGREE DAYS
 HEATING
  YESTERDAY        0                         6     -6        2
  MONTH TO DATE   47                        65    -18       16
  SINCE SEP 1     47                        66    -19       16
  SINCE JUL 1     47                        68    -21       16

 COOLING
  YESTERDAY        7                         2      5        0
  MONTH TO DATE  138                       144     -6      207
  SINCE SEP 1    138                       144     -6      207
  SINCE JAN 1   1248                      1227     21     1274
..................................................................


WIND (MPH)
  HIGHEST WIND SPEED     9   HIGHEST WIND DIRECTION    SE (130)
  HIGHEST GUST SPEED    13   HIGHEST GUST DIRECTION     S (170)
  AVERAGE WIND SPEED     5.0


SKY COVER
  AVERAGE SKY COVER 0.1


WEATHER CONDITIONS
 THE FOLLOWING WEATHER WAS RECORDED YESTERDAY.
  NO SIGNIFICANT WEATHER WAS OBSERVED.


RELATIVE HUMIDITY (PERCENT)
 HIGHEST    84
 LOWEST     34
 AVERAGE    59

..........................................................


THE COLUMBIA ASOS CLIMATE NORMALS FOR TODAY
                         NORMAL    RECORD    YEAR
 MAXIMUM TEMPERATURE (F)   72        94      1897
 MINIMUM TEMPERATURE (F)   50        28      1895


SUNRISE AND SUNSET
OCTOBER  1 2014.......SUNRISE   705 AM CDT   SUNSET   652 PM CDT
OCTOBER  2 2014.......SUNRISE   706 AM CDT   SUNSET   650 PM CDT


-  INDICATES NEGATIVE NUMBERS.
R  INDICATES RECORD WAS SET OR TIED.
MM INDICATES DATA IS MISSING.
T  INDICATES TRACE AMOUNT.




$$
