000
CDUS43 KLSX 190729
CLICOU


CLIMATE REPORT
NATIONAL WEATHER SERVICE ST LOUIS MO
229 AM CDT SAT APR 19 2014


...................................

...THE COLUMBIA ASOS CLIMATE SUMMARY FOR APRIL 18 2014...

CLIMATE NORMAL PERIOD 1981 TO 2010
CLIMATE RECORD PERIOD 1890 TO 2014


WEATHER ITEM   OBSERVED TIME   RECORD YEAR NORMAL DEPARTURE LAST
                VALUE   (LST)  VALUE       VALUE  FROM      YEAR
                                                  NORMAL
..................................................................
TEMPERATURE (F)
 YESTERDAY
  MAXIMUM         70    452 PM  87    1948  67      3       75
                                      1925
  MINIMUM         38    436 AM  30    1953  45     -7       39
                                      1921
                                      1905
  AVERAGE         54                        56     -2       57

PRECIPITATION (IN)
  YESTERDAY        0.00          2.77 1970   0.15  -0.15     1.92
  MONTH TO DATE    6.90                      2.47   4.43     6.37
  SINCE MAR 1      8.13                      5.38   2.75     9.66
  SINCE JAN 1     10.39                      9.55   0.84    15.90

SNOWFALL (IN)
  YESTERDAY        0.0           T    1953   0.0    0.0      0.0
  MONTH TO DATE    T                         0.2   -0.2      0.0
  SINCE MAR 1      0.5                       1.9   -1.4     10.3
  SINCE JUL 1     17.8                      18.0   -0.2     35.0
  SNOW DEPTH       0

DEGREE DAYS
 HEATING
  YESTERDAY       11                        10      1        8
  MONTH TO DATE  240                       223     17      222
  SINCE MAR 1    970                       859    111     1036
  SINCE JUL 1   5399                      4805    594     4619

 COOLING
  YESTERDAY        0                         1     -1        0
  MONTH TO DATE    5                        11     -6       12
  SINCE MAR 1      5                        14     -9       12
  SINCE JAN 1      5                        14     -9       13
..................................................................


WIND (MPH)
  HIGHEST WIND SPEED    10   HIGHEST WIND DIRECTION    NE (50)
  HIGHEST GUST SPEED    12   HIGHEST GUST DIRECTION    NE (50)
  AVERAGE WIND SPEED     4.5


SKY COVER
  AVERAGE SKY COVER 0.1


WEATHER CONDITIONS
 THE FOLLOWING WEATHER WAS RECORDED YESTERDAY.
  FOG


RELATIVE HUMIDITY (PERCENT)
 HIGHEST    92
 LOWEST     33
 AVERAGE    63

..........................................................


THE COLUMBIA ASOS CLIMATE NORMALS FOR TODAY
                         NORMAL    RECORD    YEAR
 MAXIMUM TEMPERATURE (F)   67        87      1996
                                             1987
 MINIMUM TEMPERATURE (F)   45        28      1983
                                             1949


SUNRISE AND SUNSET
APRIL 19 2014.........SUNRISE   627 AM CDT   SUNSET   750 PM CDT
APRIL 20 2014.........SUNRISE   625 AM CDT   SUNSET   751 PM CDT


-  INDICATES NEGATIVE NUMBERS.
R  INDICATES RECORD WAS SET OR TIED.
MM INDICATES DATA IS MISSING.
T  INDICATES TRACE AMOUNT.




$$
