645
CDUS43 KLSX 130730
CLICOU


CLIMATE REPORT
NATIONAL WEATHER SERVICE ST LOUIS MO
129 AM CST SAT FEB 13 2016


...................................

...THE COLUMBIA ASOS CLIMATE SUMMARY FOR FEBRUARY 12 2016...

CLIMATE NORMAL PERIOD 1981 TO 2010
CLIMATE RECORD PERIOD 1890 TO 2016


WEATHER ITEM   OBSERVED TIME   RECORD YEAR NORMAL DEPARTURE LAST
                VALUE   (LST)  VALUE       VALUE  FROM      YEAR
                                                  NORMAL
..................................................................
TEMPERATURE (F)
 YESTERDAY
  MAXIMUM         35    233 PM  75    1990  43     -8       29
  MINIMUM         17   1159 PM -26    1899  24     -7       12
  AVERAGE         26                        33     -7       21

PRECIPITATION (IN)
  YESTERDAY        T             0.91 1931   0.09  -0.09      T
  MONTH TO DATE    0.13                      0.90  -0.77     0.50
  SINCE DEC 1      8.07                      5.26   2.81     3.62
  SINCE JAN 1      1.03                      2.82  -1.79     1.44

SNOWFALL (IN)
  YESTERDAY        T             8.0  1894   0.2   -0.2       T
  MONTH TO DATE    0.8                       2.2   -1.4      0.9
  SINCE DEC 1      7.7                      12.7   -5.0      2.0
  SINCE JUL 1      7.7                      13.6   -5.9      2.8
  SNOW DEPTH       T

DEGREE DAYS
 HEATING
  YESTERDAY       39                        32      7       44
  MONTH TO DATE  371                       396    -25      400
  SINCE DEC 1   2048                      2500   -452     2278
  SINCE JUL 1   2744                      3485   -741     3359

 COOLING
  YESTERDAY        0                         0      0        0
  MONTH TO DATE    0                         0      0        0
  SINCE DEC 1      0                         0      0        0
  SINCE JAN 1      0                         0      0        0
..................................................................


WIND (MPH)
  HIGHEST WIND SPEED    23   HIGHEST WIND DIRECTION    NW (330)
  HIGHEST GUST SPEED    28   HIGHEST GUST DIRECTION    NW (330)
  AVERAGE WIND SPEED    12.8


SKY COVER
  AVERAGE SKY COVER 0.5


WEATHER CONDITIONS
 THE FOLLOWING WEATHER WAS RECORDED YESTERDAY.
  FOG


RELATIVE HUMIDITY (PERCENT)
 HIGHEST    88
 LOWEST     43
 AVERAGE    66

..........................................................


THE COLUMBIA ASOS CLIMATE NORMALS FOR TODAY
                         NORMAL    RECORD    YEAR
 MAXIMUM TEMPERATURE (F)   43        75      1962
 MINIMUM TEMPERATURE (F)   24       -25      1905


SUNRISE AND SUNSET
FEBRUARY 13 2016......SUNRISE   703 AM CST   SUNSET   544 PM CST
FEBRUARY 14 2016......SUNRISE   702 AM CST   SUNSET   545 PM CST


-  INDICATES NEGATIVE NUMBERS.
R  INDICATES RECORD WAS SET OR TIED.
MM INDICATES DATA IS MISSING.
T  INDICATES TRACE AMOUNT.




$$
