000
CDUS43 KLSX 290731
CLICOU


CLIMATE REPORT
NATIONAL WEATHER SERVICE ST LOUIS MO
130 AM CST THU JAN 29 2015


...................................

...THE COLUMBIA ASOS CLIMATE SUMMARY FOR JANUARY 28 2015...

CLIMATE NORMAL PERIOD 1981 TO 2010
CLIMATE RECORD PERIOD 1890 TO 2015


WEATHER ITEM   OBSERVED TIME   RECORD YEAR NORMAL DEPARTURE LAST
                VALUE   (LST)  VALUE       VALUE  FROM      YEAR
                                                  NORMAL
..................................................................
TEMPERATURE (F)
 YESTERDAY
  MAXIMUM         60    412 PM  77    2013  39     21       19
  MINIMUM         31    705 AM -13    1915  21     10        0
  AVERAGE         46                        30     16       10

PRECIPITATION (IN)
  YESTERDAY        0.00          1.16 1909   0.07  -0.07     0.00
  MONTH TO DATE    0.67                      1.73  -1.06     0.90
  SINCE DEC 1      2.85                      4.17  -1.32     2.61
  SINCE JAN 1      0.67                      1.73  -1.06     0.90

SNOWFALL (IN)
  YESTERDAY        0.0           3.1  1973   0.2   -0.2      0.0
  MONTH TO DATE    0.1                       5.5   -5.4      7.5
  SINCE DEC 1      1.1                       9.9   -8.8      9.9
  SINCE JUL 1      1.9                      10.8   -8.9      9.9
  SNOW DEPTH       0

DEGREE DAYS
 HEATING
  YESTERDAY       19                        35    -16       55
  MONTH TO DATE  921                       993    -72     1123
  SINCE DEC 1   1791                      2003   -212     2203
  SINCE JUL 1   2872                      2988   -116     3210

 COOLING
  YESTERDAY        0                         0      0        0
  MONTH TO DATE    0                         0      0        0
  SINCE DEC 1      0                         0      0        0
  SINCE JAN 1      0                         0      0        0
..................................................................


WIND (MPH)
  HIGHEST WIND SPEED    24   HIGHEST WIND DIRECTION     S (170)
  HIGHEST GUST SPEED    31   HIGHEST GUST DIRECTION     S (160)
  AVERAGE WIND SPEED    16.6


SKY COVER
  AVERAGE SKY COVER 0.0


WEATHER CONDITIONS
 THE FOLLOWING WEATHER WAS RECORDED YESTERDAY.
  FOG


RELATIVE HUMIDITY (PERCENT)
 HIGHEST    92
 LOWEST     42
 AVERAGE    67

..........................................................


THE COLUMBIA ASOS CLIMATE NORMALS FOR TODAY
                         NORMAL    RECORD    YEAR
 MAXIMUM TEMPERATURE (F)   40        70      2013
 MINIMUM TEMPERATURE (F)   21       -14      1904
                                             1899


SUNRISE AND SUNSET
JANUARY 29 2015.......SUNRISE   718 AM CST   SUNSET   527 PM CST
JANUARY 30 2015.......SUNRISE   717 AM CST   SUNSET   528 PM CST


-  INDICATES NEGATIVE NUMBERS.
R  INDICATES RECORD WAS SET OR TIED.
MM INDICATES DATA IS MISSING.
T  INDICATES TRACE AMOUNT.




$$
