000
CDUS45 KRIW 090731
CLICPR


CLIMATE REPORT
NATIONAL WEATHER SERVICE RIVERTON WY
130 AM MDT WED JUL 9 2014


...................................

...THE CASPER WY CLIMATE SUMMARY FOR JULY 8 2014...

CLIMATE NORMAL PERIOD 1981 TO 2010
CLIMATE RECORD PERIOD 1939 TO 2014


WEATHER ITEM   OBSERVED TIME   RECORD YEAR NORMAL DEPARTURE LAST
                VALUE   (LST)  VALUE       VALUE  FROM      YEAR
                                                  NORMAL
..................................................................
TEMPERATURE (F)
 YESTERDAY
  MAXIMUM         86    444 PM 102    1989  87     -1       87
  MINIMUM         47    302 AM  38    2010  52     -5       55
  AVERAGE         67                        70     -3       71

PRECIPITATION (IN)
  YESTERDAY        0.00          0.36 1978   0.04  -0.04     0.02
  MONTH TO DATE    0.00                      0.33  -0.33     1.26
  SINCE JUN 1      1.35                      1.94  -0.59     2.13
  SINCE JAN 1      6.11                      7.15  -1.04     8.10

SNOWFALL (IN)
  YESTERDAY        0.0                       0.0    0.0      0.0
  MONTH TO DATE    0.0                       0.0    0.0      0.0
  SINCE JUN 1      0.0                       0.1   -0.1      0.0
  SINCE JUL 1      0.0                       0.0    0.0      0.0
  SNOW DEPTH       0

DEGREE DAYS
 HEATING
  YESTERDAY        0                         1     -1        0
  MONTH TO DATE   11                         8      3        0
  SINCE JUN 1    169                       144     25       72
  SINCE JUL 1     11                         8      3        0

 COOLING
  YESTERDAY        2                         5     -3        6
  MONTH TO DATE   47                        37     10       57
  SINCE JUN 1     64                        90    -26      140
  SINCE JAN 1     70                        94    -24      150
..................................................................


WIND (MPH)
  HIGHEST WIND SPEED    15   HIGHEST WIND DIRECTION     E (70)
  HIGHEST GUST SPEED    18   HIGHEST GUST DIRECTION     E (90)
  AVERAGE WIND SPEED     4.5


SKY COVER
  POSSIBLE SUNSHINE  MM
  AVERAGE SKY COVER 0.1


WEATHER CONDITIONS
 THE FOLLOWING WEATHER WAS RECORDED YESTERDAY.
  NO SIGNIFICANT WEATHER WAS OBSERVED.


RELATIVE HUMIDITY (PERCENT)
 HIGHEST    82           300 AM
 LOWEST     20           300 PM
 AVERAGE    51

..........................................................


THE CASPER WY CLIMATE NORMALS FOR TODAY
                         NORMAL    RECORD    YEAR
 MAXIMUM TEMPERATURE (F)   88        99      2005
                                             1976
                                             1954
 MINIMUM TEMPERATURE (F)   52        40      2004
                                             1959


SUNRISE AND SUNSET
JULY  9 2014..........SUNRISE   536 AM MDT   SUNSET   846 PM MDT
JULY 10 2014..........SUNRISE   537 AM MDT   SUNSET   845 PM MDT


-  INDICATES NEGATIVE NUMBERS.
R  INDICATES RECORD WAS SET OR TIED.
MM INDICATES DATA IS MISSING.
T  INDICATES TRACE AMOUNT.




$$
