000
CDUS45 KRIW 280730
CLICPR


CLIMATE REPORT
NATIONAL WEATHER SERVICE RIVERTON WY
130 AM MDT THU AUG 28 2014


...................................

...THE CASPER WY CLIMATE SUMMARY FOR AUGUST 27 2014...

CLIMATE NORMAL PERIOD 1981 TO 2010
CLIMATE RECORD PERIOD 1939 TO 2014


WEATHER ITEM   OBSERVED TIME   RECORD YEAR NORMAL DEPARTURE LAST
                VALUE   (LST)  VALUE       VALUE  FROM      YEAR
                                                  NORMAL
..................................................................
TEMPERATURE (F)
 YESTERDAY
  MAXIMUM         67    349 PM  96    2012  84    -17       89
                                      2011
                                      1995
  MINIMUM         54   1145 PM  37    1976  49      5       61
  AVERAGE         61                        66     -5       75

PRECIPITATION (IN)
  YESTERDAY        0.13          0.24 1978   0.03   0.10     0.00
  MONTH TO DATE    0.97                      0.76   0.21     0.70
  SINCE JUN 1      3.49                      3.78  -0.29     3.23
  SINCE JAN 1      8.25                      8.99  -0.74     9.20

SNOWFALL (IN)
  YESTERDAY        0.0                       0.0    0.0      0.0
  MONTH TO DATE    0.0                       0.0    0.0      0.0
  SINCE JUN 1      T                         0.1   -0.1      0.0
  SINCE JUL 1      T                         0.0    0.0      0.0
  SNOW DEPTH       0

DEGREE DAYS
 HEATING
  YESTERDAY        4                         2      2        0
  MONTH TO DATE   25                        20      5        0
  SINCE JUN 1    199                       172     27       72
  SINCE JUL 1     41                        36      5        0

 COOLING
  YESTERDAY        0                         3     -3       10
  MONTH TO DATE  111                       141    -30      178
  SINCE JUN 1    316                       382    -66      491
  SINCE JAN 1    322                       386    -64      501
..................................................................


WIND (MPH)
  HIGHEST WIND SPEED    10   HIGHEST WIND DIRECTION     W (260)
  HIGHEST GUST SPEED    13   HIGHEST GUST DIRECTION     W (260)
  AVERAGE WIND SPEED     4.1


SKY COVER
  POSSIBLE SUNSHINE  MM
  AVERAGE SKY COVER 0.9


WEATHER CONDITIONS
 THE FOLLOWING WEATHER WAS RECORDED YESTERDAY.
  THUNDERSTORM
  RAIN
  LIGHT RAIN
  FOG
  HAZE


RELATIVE HUMIDITY (PERCENT)
 HIGHEST    93           400 AM
 LOWEST     58           400 PM
 AVERAGE    76

..........................................................


THE CASPER WY CLIMATE NORMALS FOR TODAY
                         NORMAL    RECORD    YEAR
 MAXIMUM TEMPERATURE (F)   83        95      2012
                                             1995
 MINIMUM TEMPERATURE (F)   49        34      2004


SUNRISE AND SUNSET
AUGUST 28 2014........SUNRISE   626 AM MDT   SUNSET   747 PM MDT
AUGUST 29 2014........SUNRISE   627 AM MDT   SUNSET   745 PM MDT


-  INDICATES NEGATIVE NUMBERS.
R  INDICATES RECORD WAS SET OR TIED.
MM INDICATES DATA IS MISSING.
T  INDICATES TRACE AMOUNT.




$$
