000
CDUS45 KRIW 230729
CLICPR


CLIMATE REPORT
NATIONAL WEATHER SERVICE RIVERTON WY
128 AM MDT SUN APR 23 2017


...................................

...THE CASPER WY CLIMATE SUMMARY FOR APRIL 22 2017...

CLIMATE NORMAL PERIOD 1981 TO 2010
CLIMATE RECORD PERIOD 1939 TO 2017


WEATHER ITEM   OBSERVED TIME   RECORD YEAR NORMAL DEPARTURE LAST
                VALUE   (LST)  VALUE       VALUE  FROM      YEAR
                                                  NORMAL
..................................................................
TEMPERATURE (F)
 YESTERDAY
  MAXIMUM         57    519 PM  81    1994  59     -2       78
  MINIMUM         36    549 AM  12    1967  30      6       33
  AVERAGE         47                        44      3       56

PRECIPITATION (IN)
  YESTERDAY        0.02          0.37 1988   0.05  -0.03     0.00
  MONTH TO DATE    1.36                      0.87   0.49     0.26
  SINCE MAR 1      3.15                      1.69   1.46     1.62
  SINCE JAN 1      4.50                      2.77   1.73     3.08

SNOWFALL (IN)
  YESTERDAY        0.0                       0.4   -0.4      0.0
  MONTH TO DATE    2.1                       9.1   -7.0      2.7
  SINCE MAR 1      9.9                      20.0  -10.1     16.1
  SINCE JUL 1     63.4                      69.4   -6.0     74.8
  SNOW DEPTH       0

DEGREE DAYS
 HEATING
  YESTERDAY       18                        21     -3        9
  MONTH TO DATE  455                       516    -61      439
  SINCE MAR 1   1167                      1441   -274     1293
  SINCE JUL 1   6357                      6889   -532     6228

 COOLING
  YESTERDAY        0                         0      0        0
  MONTH TO DATE    0                         0      0        0
  SINCE MAR 1      0                         0      0        0
  SINCE JAN 1      0                         0      0        0
..................................................................


WIND (MPH)
  HIGHEST WIND SPEED    22   HIGHEST WIND DIRECTION     S (180)
  HIGHEST GUST SPEED    27   HIGHEST GUST DIRECTION     S (200)
  AVERAGE WIND SPEED     9.3


SKY COVER
  POSSIBLE SUNSHINE  MM
  AVERAGE SKY COVER 0.6


WEATHER CONDITIONS
 THE FOLLOWING WEATHER WAS RECORDED YESTERDAY.
  LIGHT RAIN
  FOG


RELATIVE HUMIDITY (PERCENT)
 HIGHEST   100           100 AM
 LOWEST     33           500 PM
 AVERAGE    67

..........................................................


THE CASPER WY CLIMATE NORMALS FOR TODAY
                         NORMAL    RECORD    YEAR
 MAXIMUM TEMPERATURE (F)   59        82      2012
                                             1989
 MINIMUM TEMPERATURE (F)   30         9      2013


SUNRISE AND SUNSET
APRIL 23 2017.........SUNRISE   611 AM MDT   SUNSET   758 PM MDT
APRIL 24 2017.........SUNRISE   610 AM MDT   SUNSET   759 PM MDT


-  INDICATES NEGATIVE NUMBERS.
R  INDICATES RECORD WAS SET OR TIED.
MM INDICATES DATA IS MISSING.
T  INDICATES TRACE AMOUNT.




$$
