000
CDUS45 KRIW 240744
CLICPR


CLIMATE REPORT
NATIONAL WEATHER SERVICE RIVERTON WY
1242 AM MST FRI FEB 24 2017


...................................

...THE CASPER WY CLIMATE SUMMARY FOR FEBRUARY 23 2017...

CLIMATE NORMAL PERIOD 1981 TO 2010
CLIMATE RECORD PERIOD 1939 TO 2017


WEATHER ITEM   OBSERVED TIME   RECORD YEAR NORMAL DEPARTURE LAST
                VALUE   (LST)  VALUE       VALUE  FROM      YEAR
                                                  NORMAL
..................................................................
TEMPERATURE (F)
 YESTERDAY
  MAXIMUM         30   1213 AM  62    1958  40    -10       41
  MINIMUM         15   1159 PM -21    2003  17     -2       11
  AVERAGE         23                        29     -6       26

PRECIPITATION (IN)
  YESTERDAY        0.40R         0.23 1947   0.02   0.38     0.00
  MONTH TO DATE    0.81                      0.46   0.35     0.41
  SINCE DEC 1      2.66                      1.46   1.20     2.46
  SINCE JAN 1      1.35                      0.97   0.38     1.40

SNOWFALL (IN)
  YESTERDAY        9.0                       0.4    8.6      0.0
  MONTH TO DATE   14.2                       8.1    6.1     15.2
  SINCE DEC 1     50.2                      28.2   22.0     45.4
  SINCE JUL 1     53.4                      47.7    5.7     58.7
  SNOW DEPTH       7

DEGREE DAYS
 HEATING
  YESTERDAY       42                        36      6       39
  MONTH TO DATE  708                       893   -185      799
  SINCE DEC 1   3532                      3416    116     3249
  SINCE JUL 1   4958                      5270   -312     4771

 COOLING
  YESTERDAY        0                         0      0        0
  MONTH TO DATE    0                         0      0        0
  SINCE DEC 1      0                         0      0        0
  SINCE JAN 1      0                         0      0        0
..................................................................


WIND (MPH)
  HIGHEST WIND SPEED    30   HIGHEST WIND DIRECTION     E (70)
  HIGHEST GUST SPEED    35   HIGHEST GUST DIRECTION    NE (60)
  AVERAGE WIND SPEED    18.8


SKY COVER
  POSSIBLE SUNSHINE  MM
  AVERAGE SKY COVER 1.0


WEATHER CONDITIONS
 THE FOLLOWING WEATHER WAS RECORDED YESTERDAY.
  SNOW
  LIGHT SNOW
  FOG
  FOG W/VISIBILITY <= 1/4 MILE


RELATIVE HUMIDITY (PERCENT)
 HIGHEST   100           500 AM
 LOWEST     84           500 PM
 AVERAGE    92

..........................................................


THE CASPER WY CLIMATE NORMALS FOR TODAY
                         NORMAL    RECORD    YEAR
 MAXIMUM TEMPERATURE (F)   41        63      1981
 MINIMUM TEMPERATURE (F)   17       -30      2003


SUNRISE AND SUNSET
FEBRUARY 24 2017......SUNRISE   649 AM MST   SUNSET   549 PM MST
FEBRUARY 25 2017......SUNRISE   648 AM MST   SUNSET   551 PM MST


-  INDICATES NEGATIVE NUMBERS.
R  INDICATES RECORD WAS SET OR TIED.
MM INDICATES DATA IS MISSING.
T  INDICATES TRACE AMOUNT.




$$
