000
CDUS45 KRIW 030737
CLICPR


CLIMATE REPORT
NATIONAL WEATHER SERVICE RIVERTON WY
135 AM MDT FRI JUL 3 2015


...................................

...THE CASPER WY CLIMATE SUMMARY FOR JULY 2 2015...

CLIMATE NORMAL PERIOD 1981 TO 2010
CLIMATE RECORD PERIOD 1939 TO 2015


WEATHER ITEM   OBSERVED TIME   RECORD YEAR NORMAL DEPARTURE LAST
                VALUE   (LST)  VALUE       VALUE  FROM      YEAR
                                                  NORMAL
..................................................................
TEMPERATURE (F)
 YESTERDAY
  MAXIMUM         86    358 PM 101    1990  86      0       82
  MINIMUM         55    537 AM  34    1997  51      4       38
  AVERAGE         71                        68      3       60

PRECIPITATION (IN)
  YESTERDAY        T             0.68 1976   0.04  -0.04     0.00
  MONTH TO DATE    0.06                      0.09  -0.03     0.00
  SINCE JUN 1      1.56                      1.70  -0.14     1.35
  SINCE JAN 1      9.06                      6.91   2.15     6.11

SNOWFALL (IN)
  YESTERDAY        0.0                       0.0    0.0      0.0
  MONTH TO DATE    0.0                       0.0    0.0      0.0
  SINCE JUN 1      0.0                       0.1   -0.1      0.0
  SINCE JUL 1      0.0                       0.0    0.0      0.0
  SNOW DEPTH       0

DEGREE DAYS
 HEATING
  YESTERDAY        0                         1     -1        5
  MONTH TO DATE    0                         2     -2       11
  SINCE JUN 1     26                       138   -112      169
  SINCE JUL 1      0                         2     -2       11

 COOLING
  YESTERDAY        6                         4      2        0
  MONTH TO DATE   16                         8      8        0
  SINCE JUN 1     92                        61     31       17
  SINCE JAN 1     92                        65     27       23
..................................................................


WIND (MPH)
  HIGHEST WIND SPEED    23   HIGHEST WIND DIRECTION     E (70)
  HIGHEST GUST SPEED    29   HIGHEST GUST DIRECTION    NE (60)
  AVERAGE WIND SPEED     8.2


SKY COVER
  POSSIBLE SUNSHINE  MM
  AVERAGE SKY COVER 0.4


WEATHER CONDITIONS
 THE FOLLOWING WEATHER WAS RECORDED YESTERDAY.
  FOG


RELATIVE HUMIDITY (PERCENT)
 HIGHEST    93           300 AM
 LOWEST     25           400 PM
 AVERAGE    59

..........................................................


THE CASPER WY CLIMATE NORMALS FOR TODAY
                         NORMAL    RECORD    YEAR
 MAXIMUM TEMPERATURE (F)   86        99      2012
 MINIMUM TEMPERATURE (F)   51        33      1972


SUNRISE AND SUNSET
JULY  3 2015..........SUNRISE   532 AM MDT   SUNSET   848 PM MDT
JULY  4 2015..........SUNRISE   532 AM MDT   SUNSET   848 PM MDT


-  INDICATES NEGATIVE NUMBERS.
R  INDICATES RECORD WAS SET OR TIED.
MM INDICATES DATA IS MISSING.
T  INDICATES TRACE AMOUNT.




$$
