000
CDUS45 KRIW 210030
CLICPR


CLIMATE REPORT
NATIONAL WEATHER SERVICE RIVERTON WY
630 PM MDT SAT SEP 20 2014


...................................

...THE CASPER WY CLIMATE SUMMARY FOR SEPTEMBER 20 2014...
VALID TODAY AS OF 0500 PM LOCAL TIME.

CLIMATE NORMAL PERIOD 1981 TO 2010
CLIMATE RECORD PERIOD 1939 TO 2014


WEATHER ITEM   OBSERVED TIME   RECORD YEAR NORMAL DEPARTURE LAST
                VALUE   (LST)  VALUE       VALUE  FROM      YEAR
                                                  NORMAL
..................................................................
TEMPERATURE (F)
 TODAY
  MAXIMUM         79        MM  89    1956  72      7       75
  MINIMUM         44        MM  16    1983  40      4       27
  AVERAGE         62                        56      6       51

PRECIPITATION (IN)
  TODAY            0.00          2.01 1989   0.04  -0.04     0.00
  MONTH TO DATE    0.21                      0.67  -0.46     0.45
  SINCE SEP 1      0.21                      0.67  -0.46     0.45
  SINCE JAN 1      8.59                      9.75  -1.16     9.65

SNOWFALL (IN)
  TODAY            0.0                       0.1   -0.1      0.0
  MONTH TO DATE    1.0                       0.7    0.3      0.0
  SINCE SEP 1      1.0                       0.7    0.3      0.0
  SINCE JUL 1      1.0                       0.7    0.3      0.0
  SNOW DEPTH       0

DEGREE DAYS
 HEATING
  TODAY            3                        10     -7       14
  MONTH TO DATE  136                       119     17       66
  SINCE SEP 1    136                       119     17       66
  SINCE JUL 1    183                       165     18       66

 COOLING
  TODAY            0                         0      0        0
  MONTH TO DATE   20                        24     -4       79
  SINCE SEP 1     20                        24     -4       79
  SINCE JAN 1    348                       421    -73      617
..................................................................


WIND (MPH)
  HIGHEST WIND SPEED    13   HIGHEST WIND DIRECTION    NE (40)
  HIGHEST GUST SPEED    16   HIGHEST GUST DIRECTION     N (20)
  AVERAGE WIND SPEED     7.9


SKY COVER
  POSSIBLE SUNSHINE  MM
  AVERAGE SKY COVER 0.0


WEATHER CONDITIONS
 THE FOLLOWING WEATHER WAS RECORDED TODAY.
  NO SIGNIFICANT WEATHER WAS OBSERVED.


RELATIVE HUMIDITY (PERCENT)
 HIGHEST    83           400 AM
 LOWEST     23           200 PM
 AVERAGE    53

..........................................................


THE CASPER WY CLIMATE NORMALS FOR TOMORROW
                         NORMAL    RECORD    YEAR
 MAXIMUM TEMPERATURE (F)   71        85      1966
 MINIMUM TEMPERATURE (F)   39        21      1983


SUNRISE AND SUNSET
SEPTEMBER 20 2014.....SUNRISE   651 AM MDT   SUNSET   707 PM MDT
SEPTEMBER 21 2014.....SUNRISE   652 AM MDT   SUNSET   705 PM MDT


-  INDICATES NEGATIVE NUMBERS.
R  INDICATES RECORD WAS SET OR TIED.
MM INDICATES DATA IS MISSING.
T  INDICATES TRACE AMOUNT.




$$
