172
CDUS46 KLOX 210900
CLICQT


CLIMATE REPORT
NATIONAL WEATHER SERVICE LOS ANGELES/OXNARD CA
159 AM PDT FRI JUL 21 2017


...................................

...THE DOWNTOWN LOS ANGELES (USC) CA CLIMATE SUMMARY FOR JULY 20 2017...

CLIMATE NORMAL PERIOD 1981 TO 2010
CLIMATE RECORD PERIOD 1877 TO 2017


WEATHER ITEM   OBSERVED TIME   RECORD YEAR NORMAL DEPARTURE LAST
                VALUE   (LST)  VALUE       VALUE  FROM      YEAR
                                                  NORMAL
..................................................................
TEMPERATURE (F)
 YESTERDAY
  MAXIMUM         89   1129 AM 100    1960  84      5       89
  MINIMUM         68   1159 PM  52    1892  64      4       66
  AVERAGE         79                        74      5       78

PRECIPITATION (IN)
  YESTERDAY        0.00          T    2015   0.00   0.00     0.00
                                      2005
                                      1927
  MONTH TO DATE    0.00                      0.01  -0.01     0.00
  SINCE OCT 1     19.00                     14.65   4.35     6.88
  SINCE JAN 1     13.05                     10.62   2.43     5.85

SNOWFALL (IN)
  YESTERDAY        0.0
  MONTH TO DATE    0.0
  SINCE JUN 1      0.0
  SINCE JUL 1      0.0

DEGREE DAYS
 HEATING
  YESTERDAY        0                         0      0        0
  MONTH TO DATE    0                         0      0        0
  SINCE JUN 1      0                         8     -8        0
  SINCE JUL 1      0                         0      0        0

 COOLING
  YESTERDAY       14                         9      5       13
  MONTH TO DATE  241                       162     79      158
  SINCE JUN 1    442                       296    146      353
  SINCE JAN 1    718                       450    268      560
..................................................................


WIND (MPH)
  HIGHEST WIND SPEED     8   HIGHEST WIND DIRECTION     W (260)
  HIGHEST GUST SPEED    14   HIGHEST GUST DIRECTION     W (280)
  AVERAGE WIND SPEED     1.8


SKY COVER
  POSSIBLE SUNSHINE  MM
  AVERAGE SKY COVER 0.1


WEATHER CONDITIONS
 THE FOLLOWING WEATHER WAS RECORDED YESTERDAY.
  HAZE


RELATIVE HUMIDITY (PERCENT)
 HIGHEST    84          1200 AM
 LOWEST     43          1200 PM
 AVERAGE    64

..........................................................


THE DOWNTOWN LOS ANGELES (USC) CA CLIMATE NORMALS FOR TODAY
                         NORMAL    RECORD    YEAR
 MAXIMUM TEMPERATURE (F)   84        96      1960
                                             1887
 MINIMUM TEMPERATURE (F)   64        53      1903


SUNRISE AND SUNSET
JULY 21 2017..........SUNRISE   557 AM PDT   SUNSET   802 PM PDT
JULY 22 2017..........SUNRISE   558 AM PDT   SUNSET   801 PM PDT


-  INDICATES NEGATIVE NUMBERS.
R  INDICATES RECORD WAS SET OR TIED.
MM INDICATES DATA IS MISSING.
T  INDICATES TRACE AMOUNT.




$$
