000
CDUS46 KLOX 230900
CLICQT


CLIMATE REPORT
NATIONAL WEATHER SERVICE LOS ANGELES/OXNARD CA
200 AM PDT SUN APR 23 2017


...................................

...THE DOWNTOWN LOS ANGELES (USC) CA CLIMATE SUMMARY FOR APRIL 22 2017...

CLIMATE NORMAL PERIOD 1981 TO 2010
CLIMATE RECORD PERIOD 1877 TO 2017


WEATHER ITEM   OBSERVED TIME   RECORD YEAR NORMAL DEPARTURE LAST
                VALUE   (LST)  VALUE       VALUE  FROM      YEAR
                                                  NORMAL
..................................................................
TEMPERATURE (F)
 YESTERDAY
  MAXIMUM         90   1150 AM  99    1910  73     17       73
  MINIMUM         63    540 AM  44    1882  54      9       60
                                      1879
  AVERAGE         77                        64     13       67

PRECIPITATION (IN)
  YESTERDAY        0.00          0.96 1880   0.02  -0.02     0.00
  MONTH TO DATE    0.08                      0.73  -0.65     0.24
  SINCE OCT 1     18.67                     14.11   4.56     6.83
  SINCE JAN 1     12.72                     10.08   2.64     5.80

SNOWFALL (IN)
  YESTERDAY        0.0
  MONTH TO DATE    0.0
  SINCE MAR 1      0.0
  SINCE JUL 1      0.0

DEGREE DAYS
 HEATING
  YESTERDAY        0                         3     -3        0
  MONTH TO DATE   12                        78    -66       12
  SINCE MAR 1     54                       235   -181       84
  SINCE JUL 1    706                      1010   -304      724

 COOLING
  YESTERDAY       12                         2     10        2
  MONTH TO DATE   55                        27     28       77
  SINCE MAR 1    120                        47     73      100
  SINCE JAN 1    128                        70     58      175
..................................................................


WIND (MPH)
  HIGHEST WIND SPEED    12   HIGHEST WIND DIRECTION     W (280)
  HIGHEST GUST SPEED    16   HIGHEST GUST DIRECTION     W (290)
  AVERAGE WIND SPEED     2.0


SKY COVER
  POSSIBLE SUNSHINE  MM
  AVERAGE SKY COVER 0.0


WEATHER CONDITIONS
 THE FOLLOWING WEATHER WAS RECORDED YESTERDAY.
  NO SIGNIFICANT WEATHER WAS OBSERVED.


RELATIVE HUMIDITY (PERCENT)
 HIGHEST    78           500 AM
 LOWEST     18          1100 AM
 AVERAGE    48

..........................................................


THE DOWNTOWN LOS ANGELES (USC) CA CLIMATE NORMALS FOR TODAY
                         NORMAL    RECORD    YEAR
 MAXIMUM TEMPERATURE (F)   74       100      1910
 MINIMUM TEMPERATURE (F)   55        42      1896


SUNRISE AND SUNSET
APRIL 23 2017.........SUNRISE   612 AM PDT   SUNSET   731 PM PDT
APRIL 24 2017.........SUNRISE   611 AM PDT   SUNSET   732 PM PDT


-  INDICATES NEGATIVE NUMBERS.
R  INDICATES RECORD WAS SET OR TIED.
MM INDICATES DATA IS MISSING.
T  INDICATES TRACE AMOUNT.




$$
