000
CDUS46 KLOX 010903
CLICQT


CLIMATE REPORT
NATIONAL WEATHER SERVICE LOS ANGELES/OXNARD CA
203 AM PDT WED OCT 1 2014


...................................

...THE DOWNTOWN LOS ANGELES (USC) CA CLIMATE SUMMARY FOR SEPTEMBER 30 2014...

CLIMATE NORMAL PERIOD 1981 TO 2010
CLIMATE RECORD PERIOD 1877 TO 2014


WEATHER ITEM   OBSERVED TIME   RECORD YEAR NORMAL DEPARTURE LAST
                VALUE   (LST)  VALUE       VALUE  FROM      YEAR
                                                  NORMAL
..................................................................
TEMPERATURE (F)
 YESTERDAY
  MAXIMUM         85   1203 PM 105    1906  81      4       83
  MINIMUM         64    620 AM  48    1886  62      2       59
  AVERAGE         75                        71      4       71

PRECIPITATION (IN)
  YESTERDAY        0.00          1.58 1983   0.02  -0.02     0.00
  MONTH TO DATE    0.01                      0.24  -0.23     0.00
  SINCE JUL 1      0.05                      0.29  -0.24     0.09
  SINCE JAN 1      5.16                     10.90  -5.74     2.72

SNOWFALL (IN)
  YESTERDAY        0.0
  MONTH TO DATE    0.0
  SINCE SEP 1      0.0
  SINCE JUL 1      0.0

DEGREE DAYS
 HEATING
  YESTERDAY        0                         0      0        0
  MONTH TO DATE    0                         0      0        0
  SINCE SEP 1      0                         2     -2        0
  SINCE JUL 1      0                         2     -2        0

 COOLING
  YESTERDAY       10                         6      4        6
  MONTH TO DATE  353                       244    109      262
  SINCE SEP 1    353                       244    109      262
  SINCE JAN 1   1430                      1078    352     1067
..................................................................


WIND (MPH)
  HIGHEST WIND SPEED     9   HIGHEST WIND DIRECTION     W (280)
  HIGHEST GUST SPEED    14   HIGHEST GUST DIRECTION     W (270)
  AVERAGE WIND SPEED     1.5


SKY COVER
  POSSIBLE SUNSHINE  MM
  AVERAGE SKY COVER 0.0


WEATHER CONDITIONS
 THE FOLLOWING WEATHER WAS RECORDED YESTERDAY.
  NO SIGNIFICANT WEATHER WAS OBSERVED.


RELATIVE HUMIDITY (PERCENT)
 HIGHEST    84           100 AM
 LOWEST     37          1200 PM
 AVERAGE    61

..........................................................


THE DOWNTOWN LOS ANGELES (USC) CA CLIMATE NORMALS FOR TODAY
                         NORMAL    RECORD    YEAR
 MAXIMUM TEMPERATURE (F)   81       100      2008
                                             1991
 MINIMUM TEMPERATURE (F)   61        49      1901


SUNRISE AND SUNSET
OCTOBER  1 2014.......SUNRISE   648 AM PDT   SUNSET   637 PM PDT
OCTOBER  2 2014.......SUNRISE   648 AM PDT   SUNSET   636 PM PDT


-  INDICATES NEGATIVE NUMBERS.
R  INDICATES RECORD WAS SET OR TIED.
MM INDICATES DATA IS MISSING.
T  INDICATES TRACE AMOUNT.




$$
