000
CDUS46 KLOX 250909
CLICQT


CLIMATE REPORT
NATIONAL WEATHER SERVICE LOS ANGELES/OXNARD CA
208 AM PDT MON MAY 25 2015


...................................

...THE DOWNTOWN LOS ANGELES (USC) CA CLIMATE SUMMARY FOR MAY 24 2015...

CLIMATE NORMAL PERIOD 1981 TO 2010
CLIMATE RECORD PERIOD 1877 TO 2015


WEATHER ITEM   OBSERVED TIME   RECORD YEAR NORMAL DEPARTURE LAST
                VALUE   (LST)  VALUE       VALUE  FROM      YEAR
                                                  NORMAL
..................................................................
TEMPERATURE (F)
 YESTERDAY
  MAXIMUM         70    449 PM  95    1896  75     -5       69
  MINIMUM         58   1159 PM  45    1888  58      0       61
  AVERAGE         64                        66     -2       65

PRECIPITATION (IN)
  YESTERDAY        0.00          0.48 1931   0.00   0.00     0.00
  MONTH TO DATE    0.93                      0.22   0.71     0.00
  SINCE OCT 1      8.46                     14.51  -6.05     5.99
  SINCE JAN 1      3.85                     10.48  -6.63     5.11

SNOWFALL (IN)
  YESTERDAY        0.0
  MONTH TO DATE    0.0
  SINCE MAR 1      0.0
  SINCE JUL 1      0.0

DEGREE DAYS
 HEATING
  YESTERDAY        1                         1      0        0
  MONTH TO DATE   39                        37      2        9
  SINCE MAR 1    105                       295   -190      124
  SINCE JUL 1    468                      1070   -602      601

 COOLING
  YESTERDAY        0                         2     -2        0
  MONTH TO DATE   15                        48    -33      147
  SINCE MAR 1    223                       112    111      233
  SINCE JAN 1    280                       135    145      256
..................................................................


WIND (MPH)
  HIGHEST WIND SPEED    10   HIGHEST WIND DIRECTION     W (270)
  HIGHEST GUST SPEED    18   HIGHEST GUST DIRECTION     W (280)
  AVERAGE WIND SPEED     1.6


SKY COVER
  POSSIBLE SUNSHINE  MM
  AVERAGE SKY COVER 0.5


WEATHER CONDITIONS
 THE FOLLOWING WEATHER WAS RECORDED YESTERDAY.
  NO SIGNIFICANT WEATHER WAS OBSERVED.


RELATIVE HUMIDITY (PERCENT)
 HIGHEST    75          1100 PM
 LOWEST     53          1200 PM
 AVERAGE    64

..........................................................


THE DOWNTOWN LOS ANGELES (USC) CA CLIMATE NORMALS FOR TODAY
                         NORMAL    RECORD    YEAR
 MAXIMUM TEMPERATURE (F)   75       103      1896
 MINIMUM TEMPERATURE (F)   58        47      1916
                                             1879


SUNRISE AND SUNSET
MAY 25 2015...........SUNRISE   546 AM PDT   SUNSET   755 PM PDT
MAY 26 2015...........SUNRISE   545 AM PDT   SUNSET   755 PM PDT


-  INDICATES NEGATIVE NUMBERS.
R  INDICATES RECORD WAS SET OR TIED.
MM INDICATES DATA IS MISSING.
T  INDICATES TRACE AMOUNT.




$$
