000
CDUS46 KLOX 220902
CLICQT


CLIMATE REPORT
NATIONAL WEATHER SERVICE LOS ANGELES/OXNARD CA
202 AM PDT WED OCT 22 2014


...................................

...THE DOWNTOWN LOS ANGELES (USC) CA CLIMATE SUMMARY FOR OCTOBER 21 2014...

CLIMATE NORMAL PERIOD 1981 TO 2010
CLIMATE RECORD PERIOD 1877 TO 2014


WEATHER ITEM   OBSERVED TIME   RECORD YEAR NORMAL DEPARTURE LAST
                VALUE   (LST)  VALUE       VALUE  FROM      YEAR
                                                  NORMAL
..................................................................
TEMPERATURE (F)
 YESTERDAY
  MAXIMUM         78   1240 PM 100    1929  78      0       75
  MINIMUM         64   1159 PM  45    1882  58      6       56
  AVERAGE         71                        68      3       66

PRECIPITATION (IN)
  YESTERDAY        0.00          0.53 1889   0.02  -0.02     0.00
  MONTH TO DATE    0.00                      0.39  -0.39     0.04
  SINCE JUL 1      0.05                      0.68  -0.63     0.13
  SINCE JAN 1      5.16                     11.29  -6.13     2.76

SNOWFALL (IN)
  YESTERDAY        0.0
  MONTH TO DATE    0.0
  SINCE SEP 1      0.0
  SINCE JUL 1      0.0

DEGREE DAYS
 HEATING
  YESTERDAY        0                         1     -1        0
  MONTH TO DATE    0                         4     -4        9
  SINCE SEP 1      0                         6     -6        9
  SINCE JUL 1      0                         6     -6        9

 COOLING
  YESTERDAY        6                         4      2        1
  MONTH TO DATE  194                       101     93       93
  SINCE SEP 1    547                       345    202      355
  SINCE JAN 1   1624                      1179    445     1160
..................................................................


WIND (MPH)
  HIGHEST WIND SPEED     9   HIGHEST WIND DIRECTION     W (280)
  HIGHEST GUST SPEED    15   HIGHEST GUST DIRECTION     W (270)
  AVERAGE WIND SPEED     1.6


SKY COVER
  POSSIBLE SUNSHINE  MM
  AVERAGE SKY COVER 0.3


WEATHER CONDITIONS
 THE FOLLOWING WEATHER WAS RECORDED YESTERDAY.
  HAZE


RELATIVE HUMIDITY (PERCENT)
 HIGHEST    87          1200 AM
 LOWEST     47          1100 AM
 AVERAGE    67

..........................................................


THE DOWNTOWN LOS ANGELES (USC) CA CLIMATE NORMALS FOR TODAY
                         NORMAL    RECORD    YEAR
 MAXIMUM TEMPERATURE (F)   78       100      1965
 MINIMUM TEMPERATURE (F)   58        40      1892


SUNRISE AND SUNSET
OCTOBER 22 2014.......SUNRISE   704 AM PDT   SUNSET   611 PM PDT
OCTOBER 23 2014.......SUNRISE   705 AM PDT   SUNSET   610 PM PDT


-  INDICATES NEGATIVE NUMBERS.
R  INDICATES RECORD WAS SET OR TIED.
MM INDICATES DATA IS MISSING.
T  INDICATES TRACE AMOUNT.




$$
