000
CDUS46 KLOX 280114
CLICQT


CLIMATE REPORT
NATIONAL WEATHER SERVICE LOS ANGELES/OXNARD CA
614 PM PDT SUN JUL 27 2014


...................................

...THE DOWNTOWN LOS ANGELES (USC) CA CLIMATE SUMMARY FOR JULY 27 2014...
VALID TODAY AS OF 0600 PM LOCAL TIME.

CLIMATE NORMAL PERIOD 1981 TO 2010
CLIMATE RECORD PERIOD 1877 TO 2014


WEATHER ITEM   OBSERVED TIME   RECORD YEAR NORMAL DEPARTURE LAST
                VALUE   (LST)  VALUE       VALUE  FROM      YEAR
                                                  NORMAL
..................................................................
TEMPERATURE (F)
 TODAY
  MAXIMUM         84    311 PM 102    1972  84      0       79
  MINIMUM         67    440 AM  52    1903  64      3       62
  AVERAGE         76                        74      2       71

PRECIPITATION (IN)
  TODAY            T   R         T    1955   0.00   0.00     0.00
  MONTH TO DATE    T                         0.01  -0.01     0.09
  SINCE JUL 1      T                         0.01  -0.01     0.09
  SINCE JAN 1      5.11                     10.62  -5.51     2.72

SNOWFALL (IN)
  TODAY            0.0
  MONTH TO DATE    0.0
  SINCE JUN 1      0.0
  SINCE JUL 1      0.0

DEGREE DAYS
 HEATING
  TODAY            0                         0      0        0
  MONTH TO DATE    0                         0      0        0
  SINCE JUN 1      0                         8     -8        0
  SINCE JUL 1      0                         0      0        0

 COOLING
  TODAY           11                         9      2        6
  MONTH TO DATE  254                       225     29      222
  SINCE JUN 1    382                       359     23      389
  SINCE JAN 1    676                       513    163      547
..................................................................


WIND (MPH)
  HIGHEST WIND SPEED     9   HIGHEST WIND DIRECTION     W (270)
  HIGHEST GUST SPEED    14   HIGHEST GUST DIRECTION     W (270)
  AVERAGE WIND SPEED     2.7


SKY COVER
  POSSIBLE SUNSHINE  MM
  AVERAGE SKY COVER 0.0


WEATHER CONDITIONS
 THE FOLLOWING WEATHER WAS RECORDED TODAY.
  NO SIGNIFICANT WEATHER WAS OBSERVED.


RELATIVE HUMIDITY (PERCENT)
 HIGHEST    87           400 AM
 LOWEST     51           300 PM
 AVERAGE    69

..........................................................


THE DOWNTOWN LOS ANGELES (USC) CA CLIMATE NORMALS FOR TOMORROW
                         NORMAL    RECORD    YEAR
 MAXIMUM TEMPERATURE (F)   84       101      1995
 MINIMUM TEMPERATURE (F)   64        52      1883


SUNRISE AND SUNSET
JULY 27 2014..........SUNRISE   601 AM PDT   SUNSET   758 PM PDT
JULY 28 2014..........SUNRISE   602 AM PDT   SUNSET   757 PM PDT


-  INDICATES NEGATIVE NUMBERS.
R  INDICATES RECORD WAS SET OR TIED.
MM INDICATES DATA IS MISSING.
T  INDICATES TRACE AMOUNT.




$$
