000
CDUS42 KILM 182143
CLICRE


CLIMATE REPORT
NATIONAL WEATHER SERVICE WILMINGTON NC
442 PM EST THU JAN 18 2018


...................................

...THE N.MYRTLE BEACH SOUTH CAROLINA CLIMATE SUMMARY FOR JANUARY 18 2018...
VALID TODAY AS OF 0400 PM LOCAL TIME.

CLIMATE NORMAL PERIOD 1981 TO 2010
CLIMATE RECORD PERIOD 1949 TO 2018


WEATHER ITEM   OBSERVED TIME   RECORD YEAR NORMAL DEPARTURE LAST
                VALUE   (LST)  VALUE       VALUE  FROM      YEAR
                                                  NORMAL
..................................................................
TEMPERATURE (F)
 TODAY
  MAXIMUM         42    354 PM  78    2017  55    -13       78
  MINIMUM         23    830 AM  18    2005  36    -13       48
                                      1997
  AVERAGE         33                        45    -12       63

PRECIPITATION (IN)
  TODAY            0.00          0.51 2009   0.10  -0.10     0.00
  MONTH TO DATE    1.92                      1.99  -0.07     0.69
  SINCE DEC 1      5.36                      5.45  -0.09     3.31
  SINCE JAN 1      1.92                      1.99  -0.07     0.69

SNOWFALL (IN)
  TODAY           MM
  MONTH TO DATE   MM
  SINCE DEC 1     MM
  SINCE JUL 1     MM
  SNOW DEPTH      MM

DEGREE DAYS
 HEATING
  TODAY           32                        20     12        2
  MONTH TO DATE  470                       350    120      233
  SINCE DEC 1    951                       857     94      669
  SINCE JUL 1   1292                      1218     74      972

 COOLING
  TODAY            0                         0      0        0
  MONTH TO DATE    0                         0      0        0
  SINCE DEC 1      0                         3     -3        0
  SINCE JAN 1      0                         0      0        0
..................................................................


WIND (MPH)
  HIGHEST WIND SPEED    20   HIGHEST WIND DIRECTION     N (340)
  HIGHEST GUST SPEED    26   HIGHEST GUST DIRECTION     N (340)
  AVERAGE WIND SPEED    10.2


SKY COVER
  POSSIBLE SUNSHINE  MM
  AVERAGE SKY COVER 0.3


WEATHER CONDITIONS
 THE FOLLOWING WEATHER WAS RECORDED TODAY.
  NO SIGNIFICANT WEATHER WAS OBSERVED.


RELATIVE HUMIDITY (PERCENT)
 HIGHEST    81           600 AM
 LOWEST     29           400 PM
 AVERAGE    55

..........................................................


THE N.MYRTLE BEACH SOUTH CAROLINA CLIMATE NORMALS FOR TOMORROW
                         NORMAL    RECORD    YEAR
 MAXIMUM TEMPERATURE (F)   55        78      1950
 MINIMUM TEMPERATURE (F)   36        10      1994


SUNRISE AND SUNSET
JANUARY 18 2018.......SUNRISE   719 AM EST   SUNSET   532 PM EST
JANUARY 19 2018.......SUNRISE   718 AM EST   SUNSET   533 PM EST


-  INDICATES NEGATIVE NUMBERS.
R  INDICATES RECORD WAS SET OR TIED.
MM INDICATES DATA IS MISSING.
T  INDICATES TRACE AMOUNT.




$$
