000
CDUS42 KILM 280840
CLICRE


CLIMATE REPORT
NATIONAL WEATHER SERVICE WILMINGTON NC
440 AM EDT SUN AUG 28 2016


...................................

...THE NORTH MYRTLE BEACH SC CLIMATE SUMMARY FOR AUGUST 27 2016...

CLIMATE NORMAL PERIOD 1981 TO 2010
CLIMATE RECORD PERIOD 1949 TO 2016


WEATHER ITEM   OBSERVED TIME   RECORD YEAR NORMAL DEPARTURE LAST
                VALUE   (LST)  VALUE       VALUE  FROM      YEAR
                                                  NORMAL
..................................................................
TEMPERATURE (F)
 YESTERDAY
  MAXIMUM         89    148 PM  92    2003  86      3       83
  MINIMUM         71    602 AM  66    2014  71      0       72
                                      2013
                                      1952
  AVERAGE         80                        78      2       78

PRECIPITATION (IN)
  YESTERDAY        0.00                      0.27  -0.27     1.51
  MONTH TO DATE    2.75                      6.44  -3.69     5.00
  SINCE JUN 1      8.65                     16.98  -8.33    11.91
  SINCE JAN 1     24.39                     34.38  -9.99    31.97

DEGREE DAYS
 HEATING
  YESTERDAY        0                         0      0        0
  MONTH TO DATE    0                         0      0        0
  SINCE JUN 1      0                         0      0        0
  SINCE JUL 1      0                         0      0        0

 COOLING
  YESTERDAY       15                        13      2       13
  MONTH TO DATE  480                       380    100      399
  SINCE JUN 1   1499                      1213    286     1399
  SINCE JAN 1   1795                      1425    370     1658
..................................................................


WIND (MPH)
  HIGHEST WIND SPEED    15   HIGHEST WIND DIRECTION    SE (130)
  HIGHEST GUST SPEED    20   HIGHEST GUST DIRECTION    SE (120)
  AVERAGE WIND SPEED     5.7


SKY COVER
  POSSIBLE SUNSHINE  MM
  AVERAGE SKY COVER 0.0


WEATHER CONDITIONS
 THE FOLLOWING WEATHER WAS RECORDED YESTERDAY.
  NO SIGNIFICANT WEATHER WAS OBSERVED.


RELATIVE HUMIDITY (PERCENT)
 HIGHEST   100           300 AM
 LOWEST     59          1100 AM
 AVERAGE    80

..........................................................


THE NORTH MYRTLE BEACH SC CLIMATE NORMALS FOR TODAY
                         NORMAL    RECORD    YEAR
 MAXIMUM TEMPERATURE (F)   86        96      1990
 MINIMUM TEMPERATURE (F)   71        65      2014


SUNRISE AND SUNSET
AUGUST 28 2016........SUNRISE   646 AM EDT   SUNSET   745 PM EDT
AUGUST 29 2016........SUNRISE   647 AM EDT   SUNSET   744 PM EDT


-  INDICATES NEGATIVE NUMBERS.
R  INDICATES RECORD WAS SET OR TIED.
MM INDICATES DATA IS MISSING.
T  INDICATES TRACE AMOUNT.




$$
