000
CDUS44 KCRP 240937
CLICRP

CLIMATE REPORT
NATIONAL WEATHER SERVICE CORPUS CHRISTI TX
436 AM CDT SUN MAY 24 2015

...................................

...THE CORPUS CHRISTI CLIMATE SUMMARY FOR MAY 23 2015...

CLIMATE NORMAL PERIOD 1981 TO 2010
CLIMATE RECORD PERIOD 1887 TO 2015


WEATHER ITEM   OBSERVED TIME   RECORD YEAR NORMAL DEPARTURE LAST
                VALUE   (LST)  VALUE       VALUE  FROM      YEAR
                                                  NORMAL
..................................................................
TEMPERATURE (F)
 YESTERDAY
  MAXIMUM         86   1151 AM  96    1988  88     -2       86
  MINIMUM         78    623 AM  56    1967  71      7       74
  AVERAGE         82                        80      2       80

PRECIPITATION (IN)
  YESTERDAY        T             3.42 1993   0.11  -0.11     0.00
  MONTH TO DATE   12.68                      2.19  10.49     3.81
  SINCE MAR 1     25.17                      5.92  19.25     5.96
  SINCE JAN 1     28.62                      9.39  19.23     6.87

SNOWFALL (IN)
  YESTERDAY        0.0
  MONTH TO DATE    0.0
  SINCE MAR 1      0.0
  SINCE JUL 1      0.0
  SNOW DEPTH       0

DEGREE DAYS
 HEATING
  YESTERDAY        0                         0      0        0
  MONTH TO DATE    0                         0      0        0
  SINCE MAR 1    116                        98     18      146
  SINCE JUL 1   1053                       898    155     1145

 COOLING
  YESTERDAY       17                        15      2       15
  MONTH TO DATE  320                       291     29      225
  SINCE MAR 1    676                       643     33      594
  SINCE JAN 1    704                       719    -15      671
..................................................................


WIND (MPH)
  HIGHEST WIND SPEED    30   HIGHEST WIND DIRECTION    SE (140)
  HIGHEST GUST SPEED    37   HIGHEST GUST DIRECTION    SE (140)
  AVERAGE WIND SPEED    16.7


SKY COVER
  POSSIBLE SUNSHINE  MM
  AVERAGE SKY COVER 0.9


WEATHER CONDITIONS
 THE FOLLOWING WEATHER WAS RECORDED YESTERDAY.
  THUNDERSTORM
  HEAVY RAIN
  RAIN
  LIGHT RAIN
  FOG


RELATIVE HUMIDITY (PERCENT)
 HIGHEST    91          1200 AM
 LOWEST     70          1000 AM
 AVERAGE    81

..........................................................


THE CORPUS CHRISTI CLIMATE NORMALS FOR TODAY
                         NORMAL    RECORD    YEAR
 MAXIMUM TEMPERATURE (F)   88        94      1974
 MINIMUM TEMPERATURE (F)   72        58      1967


SUNRISE AND SUNSET
MAY 24 2015...........SUNRISE   637 AM CDT   SUNSET   817 PM CDT
MAY 25 2015...........SUNRISE   636 AM CDT   SUNSET   818 PM CDT


-  INDICATES NEGATIVE NUMBERS.
R  INDICATES RECORD WAS SET OR TIED.
MM INDICATES DATA IS MISSING.
T  INDICATES TRACE AMOUNT.


$$

87
