000
CDUS44 KCRP 240035
CLICRP

CLIMATE REPORT
NATIONAL WEATHER SERVICE CORPUS CHRISTI TX
633 PM CST FRI FEB 23 2018


...................................

...THE CORPUS CHRISTI CLIMATE SUMMARY FOR FEBRUARY 23 2018...
VALID TODAY AS OF 600 PM LOCAL TIME.

CLIMATE NORMAL PERIOD 1981 TO 2010
CLIMATE RECORD PERIOD 1887 TO 2018


WEATHER ITEM   OBSERVED TIME   RECORD YEAR NORMAL DEPARTURE LAST
                VALUE   (LST)  VALUE       VALUE  FROM      YEAR
                                                  NORMAL
..................................................................
TEMPERATURE (F)
 TODAY
  MAXIMUM         80    322 PM  88    1917  72      8       87
  MINIMUM         53    730 AM  27    1976  52      1       58
  AVERAGE         67                        62      5       73

PRECIPITATION (IN)
  TODAY            T             3.09 1941   0.07  -0.07     0.00
  MONTH TO DATE    0.41                      1.54  -1.13     2.57
  SINCE DEC 1      6.06                      4.91   1.15     5.04
  SINCE JAN 1      1.68                      3.08  -1.40     2.84

SNOWFALL (IN)
  TODAY            0.0
  MONTH TO DATE    0.0
  SINCE DEC 1      1.0
  SINCE JUL 1      1.0
  SNOW DEPTH       0

DEGREE DAYS
 HEATING
  TODAY            0                         5     -5        0
  MONTH TO DATE  107                       150    -43       26
  SINCE DEC 1    763                       676     87      330
  SINCE JUL 1    827                       777     50      348

 COOLING
  TODAY            2                         2      0        8
  MONTH TO DATE   75                        39     36      136
  SINCE DEC 1    120                       118      2      316
  SINCE JAN 1     82                        69     13      228
..................................................................


WIND (MPH)
  HIGHEST WIND SPEED    29   HIGHEST WIND DIRECTION    SE (140)
  HIGHEST GUST SPEED    35   HIGHEST GUST DIRECTION    SE (130)


SKY COVER
  POSSIBLE SUNSHINE  MM
  AVERAGE SKY COVER 0.9


WEATHER CONDITIONS
 THE FOLLOWING WEATHER WAS RECORDED TODAY.
  LIGHT RAIN
  FOG


RELATIVE HUMIDITY (PERCENT)
 HIGHEST   100          1200 AM
 LOWEST     67           400 PM
 AVERAGE    84

..........................................................


THE CORPUS CHRISTI CLIMATE NORMALS FOR TOMORROW
                         NORMAL    RECORD    YEAR
 MAXIMUM TEMPERATURE (F)   72        90      2007
 MINIMUM TEMPERATURE (F)   52        29      1968


SUNRISE AND SUNSET
FEBRUARY 23 2018......SUNRISE   700 AM CST   SUNSET   627 PM CST
FEBRUARY 24 2018......SUNRISE   659 AM CST   SUNSET   627 PM CST


-  INDICATES NEGATIVE NUMBERS.
R  INDICATES RECORD WAS SET OR TIED.
MM INDICATES DATA IS MISSING.
T  INDICATES TRACE AMOUNT.




$$
