000
CDUS44 KCRP 290036
CLICRP

CLIMATE REPORT
NATIONAL WEATHER SERVICE CORPUS CHRISTI TX
733 PM CDT TUE MAR 28 2017


...................................

...THE CORPUS CHRISTI CLIMATE SUMMARY FOR MARCH 28 2017...
VALID TODAY AS OF 700 PM LOCAL TIME.

CLIMATE NORMAL PERIOD 1981 TO 2010
CLIMATE RECORD PERIOD 1887 TO 2017


WEATHER ITEM   OBSERVED TIME   RECORD YEAR NORMAL DEPARTURE LAST
                VALUE   (LST)  VALUE       VALUE  FROM      YEAR
                                                  NORMAL
..................................................................
TEMPERATURE (F)
 TODAY
  MAXIMUM         85    128 PM  98    2014  78      7       73
  MINIMUM         73    727 AM  41    1931  59     14       62
                                      1930
  AVERAGE         79                        68     11       68

PRECIPITATION (IN)
  TODAY            0.00          2.10 1999   0.05  -0.05     0.00
  MONTH TO DATE    4.89                      1.74   3.15     6.54
  SINCE MAR 1      4.89                      1.74   3.15     6.54
  SINCE JAN 1      7.73                      5.21   2.52     8.83

SNOWFALL (IN)
  TODAY            0.0
  MONTH TO DATE    0.0
  SINCE MAR 1      0.0
  SINCE JUL 1      0.0
  SNOW DEPTH       0

DEGREE DAYS
 HEATING
  TODAY            0                         1     -1        0
  MONTH TO DATE   16                        78    -62       21
  SINCE MAR 1     16                        78    -62       21
  SINCE JUL 1    368                       878   -510      640

 COOLING
  TODAY           14                         5      9        3
  MONTH TO DATE  178                       100     78      166
  SINCE MAR 1    178                       100     78      166
  SINCE JAN 1    447                       176    271      243
..................................................................


WIND (MPH)
  HIGHEST WIND SPEED    33   HIGHEST WIND DIRECTION    SE (150)
  HIGHEST GUST SPEED    41   HIGHEST GUST DIRECTION    SE (150)


SKY COVER
  POSSIBLE SUNSHINE  MM
  AVERAGE SKY COVER 0.8


WEATHER CONDITIONS
 THE FOLLOWING WEATHER WAS RECORDED TODAY.
  NO SIGNIFICANT WEATHER WAS OBSERVED.


RELATIVE HUMIDITY (PERCENT)
 HIGHEST   100          1200 AM
 LOWEST     55           100 PM
 AVERAGE    78

..........................................................


THE CORPUS CHRISTI CLIMATE NORMALS FOR TOMORROW
                         NORMAL    RECORD    YEAR
 MAXIMUM TEMPERATURE (F)   79        92      2000
                                             1974
 MINIMUM TEMPERATURE (F)   59        40      1894


SUNRISE AND SUNSET
MARCH 28 2017.........SUNRISE   725 AM CDT   SUNSET   746 PM CDT
MARCH 29 2017.........SUNRISE   723 AM CDT   SUNSET   746 PM CDT


-  INDICATES NEGATIVE NUMBERS.
R  INDICATES RECORD WAS SET OR TIED.
MM INDICATES DATA IS MISSING.
T  INDICATES TRACE AMOUNT.




$$
