000
CDUS44 KCRP 280050
CLICRP

CLIMATE REPORT
NATIONAL WEATHER SERVICE CORPUS CHRISTI TX
647 PM CST SAT DEC 27 2014


...................................

...THE CORPUS CHRISTI CLIMATE SUMMARY FOR DECEMBER 27 2014...
VALID TODAY AS OF 600 PM LOCAL TIME.

CLIMATE NORMAL PERIOD 1981 TO 2010
CLIMATE RECORD PERIOD 1887 TO 2014


WEATHER ITEM   OBSERVED TIME   RECORD YEAR NORMAL DEPARTURE LAST
                VALUE   (LST)  VALUE       VALUE  FROM      YEAR
                                                  NORMAL
..................................................................
TEMPERATURE (F)
 TODAY
  MAXIMUM         79   1245 PM  90    2008  67     12       58
  MINIMUM         53    634 PM  27    1892  47      6       51
  AVERAGE         66                        57      9       55

PRECIPITATION (IN)
  TODAY            T             0.44 1908   0.07  -0.07     0.09
  MONTH TO DATE    0.43                      1.57  -1.14     0.24
  SINCE DEC 1      0.43                      1.57  -1.14     0.24
  SINCE JAN 1     28.75                     31.50  -2.75    23.40

SNOWFALL (IN)
  TODAY            0.0
  MONTH TO DATE    0.0
  SINCE DEC 1      0.0
  SINCE JUL 1      0.0
  SNOW DEPTH       0

DEGREE DAYS
 HEATING
  TODAY            0                         9     -9       10
  MONTH TO DATE   89                       213   -124      245
  SINCE DEC 1     89                       213   -124      245
  SINCE JUL 1    250                       314    -64      402

 COOLING
  TODAY            1                         1      0        0
  MONTH TO DATE   60                        45     15       36
  SINCE DEC 1     60                        45     15       36
  SINCE JAN 1   3701                      3520    181     4148
..................................................................


WIND (MPH)
  HIGHEST WIND SPEED    26   HIGHEST WIND DIRECTION     N (10)
  HIGHEST GUST SPEED    31   HIGHEST GUST DIRECTION     N (10)


SKY COVER
  POSSIBLE SUNSHINE  MM
  AVERAGE SKY COVER 0.8


WEATHER CONDITIONS
 THE FOLLOWING WEATHER WAS RECORDED TODAY.
  LIGHT RAIN
  FOG
  HAZE


RELATIVE HUMIDITY (PERCENT)
 HIGHEST    97           800 AM
 LOWEST     67           400 PM
 AVERAGE    82

..........................................................


THE CORPUS CHRISTI CLIMATE NORMALS FOR TOMORROW
                         NORMAL    RECORD    YEAR
 MAXIMUM TEMPERATURE (F)   67        84      1970
 MINIMUM TEMPERATURE (F)   47        24      1925


SUNRISE AND SUNSET
DECEMBER 27 2014......SUNRISE   719 AM CST   SUNSET   543 PM CST
DECEMBER 28 2014......SUNRISE   720 AM CST   SUNSET   544 PM CST


-  INDICATES NEGATIVE NUMBERS.
R  INDICATES RECORD WAS SET OR TIED.
MM INDICATES DATA IS MISSING.
T  INDICATES TRACE AMOUNT.




$$
