000
CDUS44 KCRP 250036
CLICRP

CLIMATE REPORT
NATIONAL WEATHER SERVICE CORPUS CHRISTI TX
735 PM CDT TUE MAY 24 2016


...................................

...THE CORPUS CHRISTI CLIMATE SUMMARY FOR MAY 24 2016...
VALID TODAY AS OF 700 PM LOCAL TIME.

CLIMATE NORMAL PERIOD 1981 TO 2010
CLIMATE RECORD PERIOD 1887 TO 2016


WEATHER ITEM   OBSERVED TIME   RECORD YEAR NORMAL DEPARTURE LAST
                VALUE   (LST)  VALUE       VALUE  FROM      YEAR
                                                  NORMAL
..................................................................
TEMPERATURE (F)
 TODAY
  MAXIMUM         88    139 PM  94    1974  88      0       85
  MINIMUM         78    331 AM  58    1967  72      6       70
  AVERAGE         83                        80      3       78

PRECIPITATION (IN)
  TODAY            0.00          2.67 1971   0.11  -0.11     0.73
  MONTH TO DATE    5.81                      2.30   3.51    13.41
  SINCE MAR 1     15.75                      6.03   9.72    25.90
  SINCE JAN 1     18.04                      9.50   8.54    29.35

SNOWFALL (IN)
  TODAY            0.0
  MONTH TO DATE    0.0
  SINCE MAR 1      0.0
  SINCE JUL 1      0.0
  SNOW DEPTH       0

DEGREE DAYS
 HEATING
  TODAY            0                         0      0        0
  MONTH TO DATE    0                         0      0        0
  SINCE MAR 1     21                        98    -77      116
  SINCE JUL 1    640                       898   -258     1053

 COOLING
  TODAY           18                        15      3       13
  MONTH TO DATE  336                       306     30      333
  SINCE MAR 1    834                       658    176      689
  SINCE JAN 1    911                       734    177      717
..................................................................


WIND (MPH)
  HIGHEST WIND SPEED    22   HIGHEST WIND DIRECTION    SE (140)
  HIGHEST GUST SPEED    30   HIGHEST GUST DIRECTION    SE (150)


SKY COVER
  POSSIBLE SUNSHINE  MM
  AVERAGE SKY COVER 0.8


WEATHER CONDITIONS
 THE FOLLOWING WEATHER WAS RECORDED TODAY.
  NO SIGNIFICANT WEATHER WAS OBSERVED.


RELATIVE HUMIDITY (PERCENT)
 HIGHEST    91           100 AM
 LOWEST     68           200 PM
 AVERAGE    80

..........................................................


THE CORPUS CHRISTI CLIMATE NORMALS FOR TOMORROW
                         NORMAL    RECORD    YEAR
 MAXIMUM TEMPERATURE (F)   88        97      2009
 MINIMUM TEMPERATURE (F)   72        60      1940


SUNRISE AND SUNSET
MAY 24 2016...........SUNRISE   636 AM CDT   SUNSET   818 PM CDT
MAY 25 2016...........SUNRISE   636 AM CDT   SUNSET   818 PM CDT


-  INDICATES NEGATIVE NUMBERS.
R  INDICATES RECORD WAS SET OR TIED.
MM INDICATES DATA IS MISSING.
T  INDICATES TRACE AMOUNT.




$$
