617
CDUS41 KRLX 292118
CLICRW


CLIMATE REPORT
NATIONAL WEATHER SERVICE CHARLESTON WV
518 PM EDT FRI APR 29 2016


...................................

...THE CHARLESTON WV CLIMATE SUMMARY FOR APRIL 29 2016...
VALID TODAY AS OF 0500 PM LOCAL TIME.

CLIMATE NORMAL PERIOD 1981 TO 2010
CLIMATE RECORD PERIOD 1901 TO 2016


WEATHER ITEM   OBSERVED TIME   RECORD YEAR NORMAL DEPARTURE LAST
                VALUE   (LST)  VALUE       VALUE  FROM      YEAR
                                                  NORMAL
..................................................................
TEMPERATURE (F)
 TODAY
  MAXIMUM         77    342 PM  90    1996  72      5       72
  MINIMUM         58    138 AM  29    1976  48     10       37
  AVERAGE         68                        60      8       55

PRECIPITATION (IN)
  TODAY            0.00          0.88 1975   0.12  -0.12     0.00
  MONTH TO DATE    2.69                      3.13  -0.44     6.27
  SINCE MAR 1      5.34                      7.04  -1.70    12.04
  SINCE JAN 1     11.51                     13.23  -1.72    17.24

DEGREE DAYS
 HEATING
  TODAY            0                         6     -6       10
  MONTH TO DATE  253                       288    -35      251
  SINCE MAR 1    638                       888   -250      864
  SINCE JUL 1   3573                      4342   -769     4769

 COOLING
  TODAY            3                         1      2        0
  MONTH TO DATE   43                        28     15       15
  SINCE MAR 1     47                        33     14       15
  SINCE JAN 1     47                        33     14       15
..................................................................


WIND (MPH)
  HIGHEST WIND SPEED    16   HIGHEST WIND DIRECTION     W (280)
  HIGHEST GUST SPEED    27   HIGHEST GUST DIRECTION     W (270)
  AVERAGE WIND SPEED     5.6


SKY COVER
  POSSIBLE SUNSHINE  MM
  AVERAGE SKY COVER 0.4


WEATHER CONDITIONS
 THE FOLLOWING WEATHER WAS RECORDED TODAY.
  FOG


RELATIVE HUMIDITY (PERCENT)
 HIGHEST    93           200 AM
 LOWEST     38           300 PM
 AVERAGE    66

..........................................................


THE CHARLESTON WV CLIMATE NORMALS FOR TOMORROW
                         NORMAL    RECORD    YEAR
 MAXIMUM TEMPERATURE (F)   72        94      1942
 MINIMUM TEMPERATURE (F)   48        31      1977


SUNRISE AND SUNSET
APRIL 29 2016.........SUNRISE   631 AM EDT   SUNSET   817 PM EDT
APRIL 30 2016.........SUNRISE   630 AM EDT   SUNSET   817 PM EDT


-  INDICATES NEGATIVE NUMBERS.
R  INDICATES RECORD WAS SET OR TIED.
MM INDICATES DATA IS MISSING.
T  INDICATES TRACE AMOUNT.




$$
