000
CDUS41 KRLX 280816
CLICRW


CLIMATE REPORT
NATIONAL WEATHER SERVICE CHARLESTON WV
316 AM EST TUE FEB 28 2017


...................................

...THE CHARLESTON WV CLIMATE SUMMARY FOR FEBRUARY 27 2017...

CLIMATE NORMAL PERIOD 1981 TO 2010
CLIMATE RECORD PERIOD 1901 TO 2017


WEATHER ITEM   OBSERVED TIME   RECORD YEAR NORMAL DEPARTURE LAST
                VALUE   (LST)  VALUE       VALUE  FROM      YEAR
                                                  NORMAL
..................................................................
TEMPERATURE (F)
 YESTERDAY
  MAXIMUM         50    500 PM  77    1932  50      0       49
  MINIMUM         31   1228 AM   1    1963  31      0       31
  AVERAGE         41                        40      1       40

PRECIPITATION (IN)
  YESTERDAY        0.02          1.95 1962   0.13  -0.11     0.00
  MONTH TO DATE    1.70                      3.07  -1.37     3.59
  SINCE JAN 1      6.47                      6.07   0.40     6.13

SNOWFALL (IN)
  YESTERDAY       MM
  MONTH TO DATE    T
  SINCE SEP 1      7.5
  SNOW DEPTH       0

DEGREE DAYS
 HEATING
  YESTERDAY       24                        25     -1       25
  MONTH TO DATE  515                       742   -227      731
  SINCE DEC 1   2036                      2546   -510     2252
  SINCE JUL 1   2690                      3430   -740     2904

 COOLING
  YESTERDAY        0                         0      0        0
  MONTH TO DATE    0                         0      0        0
  SINCE DEC 1      0                         1     -1        0
  SINCE JAN 1      0                         0      0        0
..................................................................


WIND (MPH)
  HIGHEST WIND SPEED    13   HIGHEST WIND DIRECTION    SW (240)
  HIGHEST GUST SPEED    16   HIGHEST GUST DIRECTION    SW (230)
  AVERAGE WIND SPEED     2.3


SKY COVER
  POSSIBLE SUNSHINE  MM
  AVERAGE SKY COVER 1.0


WEATHER CONDITIONS
 THE FOLLOWING WEATHER WAS RECORDED YESTERDAY.
  LIGHT RAIN


RELATIVE HUMIDITY (PERCENT)
 HIGHEST    85           800 AM
 LOWEST     61           200 PM
 AVERAGE    73

..........................................................


THE CHARLESTON WV CLIMATE NORMALS FOR TODAY
                         NORMAL    RECORD    YEAR
 MAXIMUM TEMPERATURE (F)   50        79      1918
 MINIMUM TEMPERATURE (F)   31        -3      1934


SUNRISE AND SUNSET
FEBRUARY 28 2017......SUNRISE   659 AM EST   SUNSET   619 PM EST
MARCH  1 2017.........SUNRISE   658 AM EST   SUNSET   620 PM EST


-  INDICATES NEGATIVE NUMBERS.
R  INDICATES RECORD WAS SET OR TIED.
MM INDICATES DATA IS MISSING.
T  INDICATES TRACE AMOUNT.




$$
