000
CDUS41 KRLX 300737
CLICRW


CLIMATE REPORT
NATIONAL WEATHER SERVICE CHARLESTON WV
334 AM EDT THU OCT 30 2014


...................................

...THE CHARLESTON WV CLIMATE SUMMARY FOR OCTOBER 29 2014...

CLIMATE NORMAL PERIOD 1981 TO 2010
CLIMATE RECORD PERIOD 1901 TO 2014


WEATHER ITEM   OBSERVED TIME   RECORD YEAR NORMAL DEPARTURE LAST
                VALUE   (LST)  VALUE       VALUE  FROM      YEAR
                                                  NORMAL
..................................................................
TEMPERATURE (F)
 YESTERDAY
  MAXIMUM         62    435 PM  84    1927  64     -2       65
  MINIMUM         45   1159 PM  21    1976  41      4       47
                                      1965
  AVERAGE         54                        53      1       56

PRECIPITATION (IN)
  YESTERDAY        0.36          1.82 1970   0.09   0.27     0.00
  MONTH TO DATE    4.26                      2.47   1.79     0.96
  SINCE JAN 1     40.90                     36.83   4.07    37.49

SNOWFALL (IN)
  YESTERDAY        0.0
  MONTH TO DATE    0.0
  SINCE SEP 1      0.0
  SNOW DEPTH       0

DEGREE DAYS
 HEATING
  YESTERDAY       11                        13     -2        9
  MONTH TO DATE  248                       256     -8      256
  SINCE SEP 1    293                       312    -19      295
  SINCE JUL 1    293                       314    -21      298

 COOLING
  YESTERDAY        0                         0      0        0
  MONTH TO DATE   15                        16     -1       39
  SINCE SEP 1    142                       143     -1      154
  SINCE JAN 1   1049                      1089    -40     1120
..................................................................


WIND (MPH)
  HIGHEST WIND SPEED    15   HIGHEST WIND DIRECTION    SW (240)
  HIGHEST GUST SPEED    20   HIGHEST GUST DIRECTION     W (260)
  AVERAGE WIND SPEED     5.8


SKY COVER
  POSSIBLE SUNSHINE  MM
  AVERAGE SKY COVER 0.7


WEATHER CONDITIONS
 THE FOLLOWING WEATHER WAS RECORDED YESTERDAY.
  RAIN
  LIGHT RAIN
  FOG


RELATIVE HUMIDITY (PERCENT)
 HIGHEST    96           100 AM
 LOWEST     36           400 PM
 AVERAGE    66

..........................................................


THE CHARLESTON WV CLIMATE NORMALS FOR TODAY
                         NORMAL    RECORD    YEAR
 MAXIMUM TEMPERATURE (F)   64        86      1927
 MINIMUM TEMPERATURE (F)   41        22      1965


SUNRISE AND SUNSET
OCTOBER 30 2014.......SUNRISE   751 AM EDT   SUNSET   629 PM EDT
OCTOBER 31 2014.......SUNRISE   752 AM EDT   SUNSET   628 PM EDT


-  INDICATES NEGATIVE NUMBERS.
R  INDICATES RECORD WAS SET OR TIED.
MM INDICATES DATA IS MISSING.
T  INDICATES TRACE AMOUNT.




$$
