000
CDUS41 KRLX 152124
CLICRW


CLIMATE REPORT
NATIONAL WEATHER SERVICE CHARLESTON WV
522 PM EDT TUE APR 15 2014


...................................

...THE CHARLESTON WV CLIMATE SUMMARY FOR APRIL 15 2014...
VALID TODAY AS OF 0500 PM LOCAL TIME.

CLIMATE NORMAL PERIOD 1981 TO 2010
CLIMATE RECORD PERIOD 1901 TO 2014


WEATHER ITEM   OBSERVED TIME   RECORD YEAR NORMAL DEPARTURE LAST
                VALUE   (LST)  VALUE       VALUE  FROM      YEAR
                                                  NORMAL
..................................................................
TEMPERATURE (F)
 TODAY
  MAXIMUM         69   1250 AM  89    1994  68      1       70
  MINIMUM         33   1204 PM  25    1957  45    -12       54
  AVERAGE         51                        56     -5       62

PRECIPITATION (IN)
  TODAY            0.23          2.10 1922   0.10   0.13     0.05
  MONTH TO DATE    1.47                      1.56  -0.09     0.57
  SINCE MAR 1      5.17                      5.47  -0.30     3.74
  SINCE JAN 1     12.23                     11.66   0.57     9.77

DEGREE DAYS
 HEATING
  TODAY           14                        10      4        3
  MONTH TO DATE  110                       177    -67      154
  SINCE MAR 1    828                       777     51      931
  SINCE JUL 1   4595                      4231    364     4314

 COOLING
  TODAY            0                         1     -1        0
  MONTH TO DATE   15                        14      1       21
  SINCE MAR 1     15                        19     -4       21
  SINCE JAN 1     15                        19     -4       21
..................................................................


WIND (MPH)
  HIGHEST WIND SPEED    24   HIGHEST WIND DIRECTION    SW (240)
  HIGHEST GUST SPEED    34   HIGHEST GUST DIRECTION    NW (310)
  AVERAGE WIND SPEED    12.1


SKY COVER
  POSSIBLE SUNSHINE  MM
  AVERAGE SKY COVER 1.0


WEATHER CONDITIONS
 THE FOLLOWING WEATHER WAS RECORDED TODAY.
  RAIN
  LIGHT RAIN
  HAIL
  SNOW
  LIGHT SNOW
  FOG


RELATIVE HUMIDITY (PERCENT)
 HIGHEST   100          1200 PM
 LOWEST     63          1200 AM
 AVERAGE    82

..........................................................


THE CHARLESTON WV CLIMATE NORMALS FOR TOMORROW
                         NORMAL    RECORD    YEAR
 MAXIMUM TEMPERATURE (F)   68        89      2002
                                             1922
 MINIMUM TEMPERATURE (F)   45        25      1950


SUNRISE AND SUNSET
APRIL 15 2014.........SUNRISE   651 AM EDT   SUNSET   803 PM EDT
APRIL 16 2014.........SUNRISE   649 AM EDT   SUNSET   804 PM EDT


-  INDICATES NEGATIVE NUMBERS.
R  INDICATES RECORD WAS SET OR TIED.
MM INDICATES DATA IS MISSING.
T  INDICATES TRACE AMOUNT.




$$
