000
CDUS41 KRLX 100907
CLICRW


CLIMATE REPORT
NATIONAL WEATHER SERVICE CHARLESTON WV
406 AM EST WED FEB 10 2016


...................................

...THE CHARLESTON WV CLIMATE SUMMARY FOR FEBRUARY 9 2016...

CLIMATE NORMAL PERIOD 1981 TO 2010
CLIMATE RECORD PERIOD 1901 TO 2016


WEATHER ITEM   OBSERVED TIME   RECORD YEAR NORMAL DEPARTURE LAST
                VALUE   (LST)  VALUE       VALUE  FROM      YEAR
                                                  NORMAL
..................................................................
TEMPERATURE (F)
 YESTERDAY
  MAXIMUM         34   1257 AM  77    1925  45    -11       53
  MINIMUM         23   1102 PM   0    1985  28     -5       29
  AVERAGE         29                        36     -7       41

PRECIPITATION (IN)
  YESTERDAY        0.13          1.55 1994   0.11   0.02     0.03
  MONTH TO DATE    0.97                      0.97   0.00     0.70
  SINCE JAN 1      3.51                      3.97  -0.46     2.93

SNOWFALL (IN)
  YESTERDAY        1.9
  MONTH TO DATE    1.9
  SINCE SEP 1     23.6
  SNOW DEPTH       T

DEGREE DAYS
 HEATING
  YESTERDAY       36                        29      7       24
  MONTH TO DATE  212                       263    -51      258
  SINCE DEC 1   1733                      2067   -334     2025
  SINCE JUL 1   2385                      2951   -566     3068

 COOLING
  YESTERDAY        0                         0      0        0
  MONTH TO DATE    0                         0      0        0
  SINCE DEC 1      0                         1     -1        0
  SINCE JAN 1      0                         0      0        0
..................................................................


WIND (MPH)
  HIGHEST WIND SPEED    20   HIGHEST WIND DIRECTION    SW (240)
  HIGHEST GUST SPEED    29   HIGHEST GUST DIRECTION    SW (240)
  AVERAGE WIND SPEED     9.7


SKY COVER
  POSSIBLE SUNSHINE  MM
  AVERAGE SKY COVER 1.0


WEATHER CONDITIONS
 THE FOLLOWING WEATHER WAS RECORDED YESTERDAY.
  HEAVY SNOW
  SNOW
  LIGHT SNOW
  FOG
  FOG W/VISIBILITY <= 1/4 MILE


RELATIVE HUMIDITY (PERCENT)
 HIGHEST    92           300 AM
 LOWEST     60          1100 AM
 AVERAGE    76

..........................................................


THE CHARLESTON WV CLIMATE NORMALS FOR TODAY
                         NORMAL    RECORD    YEAR
 MAXIMUM TEMPERATURE (F)   45        73      1976
                                             1959
 MINIMUM TEMPERATURE (F)   28         2      1979
                                             1975


SUNRISE AND SUNSET
FEBRUARY 10 2016......SUNRISE   723 AM EST   SUNSET   559 PM EST
FEBRUARY 11 2016......SUNRISE   722 AM EST   SUNSET   600 PM EST


-  INDICATES NEGATIVE NUMBERS.
R  INDICATES RECORD WAS SET OR TIED.
MM INDICATES DATA IS MISSING.
T  INDICATES TRACE AMOUNT.




$$
