000
CDUS41 KRLX 170837
CLICRW


CLIMATE REPORT
NATIONAL WEATHER SERVICE CHARLESTON WV
337 AM EST SAT FEB 17 2018


...................................

...THE CHARLESTON WV CLIMATE SUMMARY FOR FEBRUARY 16 2018...

CLIMATE NORMAL PERIOD 1981 TO 2010
CLIMATE RECORD PERIOD 1901 TO 2018


WEATHER ITEM   OBSERVED TIME   RECORD YEAR NORMAL DEPARTURE LAST
                VALUE   (LST)  VALUE       VALUE  FROM      YEAR
                                                  NORMAL
..................................................................
TEMPERATURE (F)
 YESTERDAY
  MAXIMUM         70    118 AM  78    1921  47     23       44
  MINIMUM         38   1159 PM  -4    1963  29      9       29
  AVERAGE         54                        38     16       37

PRECIPITATION (IN)
  YESTERDAY        1.36          2.68 2003   0.12   1.24     0.00
  MONTH TO DATE    5.28                      1.76   3.52     0.76
  SINCE JAN 1      8.65                      4.76   3.89     5.53

SNOWFALL (IN)
  YESTERDAY        0.0           7.1  2015   0.4   -0.4      0.0
  MONTH TO DATE    0.7                       5.9   -5.2       T
  SINCE SEP 1     10.3                      25.3  -15.0      7.5
  SNOW DEPTH       0

DEGREE DAYS
 HEATING
  YESTERDAY       11                        27    -16       28
  MONTH TO DATE  411                       457    -46      365
  SINCE DEC 1   2344                      2261     83     1886
  SINCE JUL 1   3130                      3145    -15     2540

 COOLING
  YESTERDAY        0                         0      0        0
  MONTH TO DATE    2                         0      2        0
  SINCE DEC 1      2                         1      1        0
  SINCE JAN 1      2                         0      2        0
..................................................................


WIND (MPH)
  HIGHEST WIND SPEED    28   HIGHEST WIND DIRECTION    NW (320)
  HIGHEST GUST SPEED    39   HIGHEST GUST DIRECTION    SW (220)
  AVERAGE WIND SPEED     8.7


SKY COVER
  POSSIBLE SUNSHINE  MM
  AVERAGE SKY COVER 1.0


WEATHER CONDITIONS
 THE FOLLOWING WEATHER WAS RECORDED YESTERDAY.
  RAIN
  LIGHT RAIN
  FOG
  HAZE


RELATIVE HUMIDITY (PERCENT)
 HIGHEST   100           700 AM
 LOWEST     66          1200 AM
 AVERAGE    83

..........................................................


THE CHARLESTON WV CLIMATE NORMALS FOR TODAY
                         NORMAL    RECORD    YEAR
 MAXIMUM TEMPERATURE (F)   47        73      1927
 MINIMUM TEMPERATURE (F)   29        -1      1958


SUNRISE AND SUNSET
FEBRUARY 17 2018......SUNRISE   714 AM EST   SUNSET   607 PM EST
FEBRUARY 18 2018......SUNRISE   713 AM EST   SUNSET   608 PM EST


-  INDICATES NEGATIVE NUMBERS.
R  INDICATES RECORD WAS SET OR TIED.
MM INDICATES DATA IS MISSING.
T  INDICATES TRACE AMOUNT.




$$
