000
CDUS42 KFFC 220819
CLICSG


CLIMATE REPORT
NATIONAL WEATHER SERVICE PEACHTREE CITY GA
419 AM EDT SUN OCT 22 2017


...................................

...THE COLUMBUS CLIMATE SUMMARY FOR OCTOBER 21 2017...

CLIMATE NORMAL PERIOD 1981 TO 2010
CLIMATE RECORD PERIOD 1948 TO 2017


WEATHER ITEM   OBSERVED TIME   RECORD YEAR NORMAL DEPARTURE LAST
                VALUE   (LST)  VALUE       VALUE  FROM      YEAR
                                                  NORMAL
..................................................................
TEMPERATURE (F)
 YESTERDAY
  MAXIMUM         82    409 PM  89    1984  76      6       73
                                      1963
                                      1910
  MINIMUM         58    443 AM  32    1989  54      4       56
  AVERAGE         70                        65      5       65

PRECIPITATION (IN)
  YESTERDAY        0.00          1.20 1962   0.08  -0.08     0.00
  MONTH TO DATE    2.26                      1.77   0.49     0.92
  SINCE SEP 1      5.45                      4.83   0.62     1.67
  SINCE JAN 1     44.46                     37.57   6.89    28.59

DEGREE DAYS
 HEATING
  YESTERDAY        0                         3     -3        0
  MONTH TO DATE    3                        34    -31        0
  SINCE SEP 1      6                        37    -31        0
  SINCE JUL 1      6                        37    -31        0

 COOLING
  YESTERDAY        5                         3      2        0
  MONTH TO DATE  200                        96    104      164
  SINCE SEP 1    573                       446    127      631
  SINCE JAN 1   2667                      2318    349     2688
..................................................................


WIND (MPH)
  HIGHEST WIND SPEED    14   HIGHEST WIND DIRECTION     E (90)
  HIGHEST GUST SPEED    17   HIGHEST GUST DIRECTION    SE (120)
  AVERAGE WIND SPEED     7.2


SKY COVER
  AVERAGE SKY COVER 0.0


WEATHER CONDITIONS
 THE FOLLOWING WEATHER WAS RECORDED YESTERDAY.
  NO SIGNIFICANT WEATHER WAS OBSERVED.


RELATIVE HUMIDITY (PERCENT)
 HIGHEST    78           700 AM
 LOWEST     47           400 PM
 AVERAGE    63

..........................................................


THE COLUMBUS CLIMATE NORMALS FOR TODAY
                         NORMAL    RECORD    YEAR
 MAXIMUM TEMPERATURE (F)   76        91      1941
 MINIMUM TEMPERATURE (F)   53        34      1987
                                             1913


SUNRISE AND SUNSET
OCTOBER 22 2017.......SUNRISE   749 AM EDT   SUNSET   659 PM EDT
OCTOBER 23 2017.......SUNRISE   750 AM EDT   SUNSET   658 PM EDT


-  INDICATES NEGATIVE NUMBERS.
R  INDICATES RECORD WAS SET OR TIED.
MM INDICATES DATA IS MISSING.
T  INDICATES TRACE AMOUNT.




$$
