000
CDUS42 KFFC 070820
CLICSG


CLIMATE REPORT
NATIONAL WEATHER SERVICE PEACHTREE CITY GA
419 AM EDT TUE JUL 7 2015


...................................

...THE COLUMBUS CLIMATE SUMMARY FOR JULY 6 2015...

CLIMATE NORMAL PERIOD 1981 TO 2010
CLIMATE RECORD PERIOD 1948 TO 2015


WEATHER ITEM   OBSERVED TIME   RECORD YEAR NORMAL DEPARTURE LAST
                VALUE   (LST)  VALUE       VALUE  FROM      YEAR
                                                  NORMAL
..................................................................
TEMPERATURE (F)
 YESTERDAY
  MAXIMUM         86    451 PM 101    1977  92     -6       93
  MINIMUM         71    737 AM  61    1970  73     -2       72
  AVERAGE         79                        82     -3       83

PRECIPITATION (IN)
  YESTERDAY        0.00          1.02 1989   0.15  -0.15     0.00
                                      1987
  MONTH TO DATE    1.17                      0.93   0.24     0.00
  SINCE JUN 1      5.24                      4.65   0.59     4.21
  SINCE JAN 1     24.72                     25.14  -0.42    30.00

DEGREE DAYS
 HEATING
  YESTERDAY        0                         0      0        0
  MONTH TO DATE    0                         0      0        0
  SINCE JUN 1      0                         0      0        0
  SINCE JUL 1      0                         0      0        0

 COOLING
  YESTERDAY       14                        17     -3       18
  MONTH TO DATE   78                       102    -24      102
  SINCE JUN 1    550                       548      2      561
  SINCE JAN 1    996                       906     90      897
..................................................................


WIND (MPH)
  HIGHEST WIND SPEED    12   HIGHEST WIND DIRECTION     W (280)
  HIGHEST GUST SPEED    17   HIGHEST GUST DIRECTION     W (290)
  AVERAGE WIND SPEED     4.6


SKY COVER
  AVERAGE SKY COVER 0.6


WEATHER CONDITIONS
 THE FOLLOWING WEATHER WAS RECORDED YESTERDAY.
  NO SIGNIFICANT WEATHER WAS OBSERVED.


RELATIVE HUMIDITY (PERCENT)
 HIGHEST    93           200 AM
 LOWEST     51           500 PM
 AVERAGE    72

..........................................................


THE COLUMBUS CLIMATE NORMALS FOR TODAY
                         NORMAL    RECORD    YEAR
 MAXIMUM TEMPERATURE (F)   92       104      1977
 MINIMUM TEMPERATURE (F)   73        63      1988
                                             1964


SUNRISE AND SUNSET
JULY  7 2015..........SUNRISE   639 AM EDT   SUNSET   850 PM EDT
JULY  8 2015..........SUNRISE   639 AM EDT   SUNSET   850 PM EDT


-  INDICATES NEGATIVE NUMBERS.
R  INDICATES RECORD WAS SET OR TIED.
MM INDICATES DATA IS MISSING.
T  INDICATES TRACE AMOUNT.




$$
