000
CDUS42 KFFC 112051
CLICSG


CLIMATE REPORT
NATIONAL WEATHER SERVICE PEACHTREE CITY GA
451 PM EDT FRI JUL 11 2014


...................................

...THE COLUMBUS CLIMATE SUMMARY FOR JULY 11 2014...
VALID AS OF 0400 PM LOCAL TIME.

CLIMATE NORMAL PERIOD 1981 TO 2010
CLIMATE RECORD PERIOD 1948 TO 2014


WEATHER ITEM   OBSERVED TIME   RECORD YEAR NORMAL DEPARTURE LAST
                VALUE   (LST)  VALUE       VALUE  FROM      YEAR
                                                  NORMAL
..................................................................
TEMPERATURE (F)
 TODAY
  MAXIMUM         90    100 PM 102    1980  92     -2       84
  MINIMUM         72    700 AM  61    1963  73     -1       72
  AVERAGE         81                        83     -2       78

PRECIPITATION (IN)
  TODAY            0.20          1.65 1961   0.16   0.04      T
  MONTH TO DATE    0.33                      1.75  -1.42     4.49
  SINCE JUN 1      4.54                      5.47  -0.93    11.81
  SINCE JAN 1     30.33                     25.96   4.37    37.42

DEGREE DAYS
 COOLING
  TODAY           16                        18     -2       13
  MONTH TO DATE  186                       190     -4      151
  SINCE JUN 1    645                       636      9      613
  SINCE JAN 1    981                       994    -13      976
..................................................................


WIND (MPH)
  HIGHEST WIND SPEED    20   HIGHEST WIND DIRECTION     E (90)
  HIGHEST GUST SPEED    29   HIGHEST GUST DIRECTION     E (90)
  AVERAGE WIND SPEED     2.2


SKY COVER
  AVERAGE SKY COVER 0.5


WEATHER CONDITIONS
 THE FOLLOWING WEATHER WAS RECORDED TODAY.
  FOG
  HAZE


RELATIVE HUMIDITY (PERCENT)
 HIGHEST   100           400 AM
 LOWEST     50           200 PM

..........................................................


THE COLUMBUS CLIMATE NORMALS FOR TOMORROW
                         NORMAL    RECORD
 MAXIMUM TEMPERATURE (F)   92       101
 MINIMUM TEMPERATURE (F)   73        61


SUNRISE AND SUNSET
JULY 11 2014..........SUNRISE   641 AM EDT   SUNSET   849 PM EDT
JULY 12 2014..........SUNRISE   641 AM EDT   SUNSET   849 PM EDT


-  INDICATES NEGATIVE NUMBERS.
R  INDICATES RECORD WAS SET OR TIED.
MM INDICATES DATA IS MISSING.
T  INDICATES TRACE AMOUNT.




$$
