000
CDUS42 KFFC 112143
CLICSG


CLIMATE REPORT
NATIONAL WEATHER SERVICE PEACHTREE CITY GA
443 PM EST MON DEC 11 2017


...................................

...THE COLUMBUS CLIMATE SUMMARY FOR DECEMBER 11 2017...
VALID TODAY AS OF 0400 PM LOCAL TIME.

CLIMATE NORMAL PERIOD 1981 TO 2010
CLIMATE RECORD PERIOD 1948 TO 2017


WEATHER ITEM   OBSERVED TIME   RECORD YEAR NORMAL DEPARTURE LAST
                VALUE   (LST)  VALUE       VALUE  FROM      YEAR
                                                  NORMAL
..................................................................
TEMPERATURE (F)
 TODAY
  MAXIMUM         65    418 PM  81    1918  60      5       60
  MINIMUM         30    757 AM  21    1957  40    -10       32
  AVERAGE         48                        50     -2       46

PRECIPITATION (IN)
  TODAY            0.00          3.14 1894   0.15  -0.15     0.00
  MONTH TO DATE    1.92                      1.65   0.27     1.97
  SINCE DEC 1      1.92                      1.65   0.27     1.97
  SINCE JAN 1     50.36                     44.13   6.23    32.74

SNOWFALL (IN)
  TODAY            0.0           0.0  2001   0.0    0.0      0.0
  MONTH TO DATE    T                         0.0    0.0      0.0
  SINCE DEC 1      T                         0.0    0.0      0.0
  SINCE JUL 1      T                         0.0    0.0      0.0
  SNOW DEPTH       0

DEGREE DAYS
 HEATING
  TODAY           17                        15      2       19
  MONTH TO DATE  132                       155    -23      171
  SINCE DEC 1    132                       155    -23      171
  SINCE JUL 1    396                       487    -91      358

 COOLING
  TODAY            0                         0      0        0
  MONTH TO DATE    4                         0      4        0
  SINCE DEC 1      4                         0      4        0
  SINCE JAN 1   2718                      2364    354     2755
..................................................................


WIND (MPH)
  RESULTANT WIND SPEED   3   RESULTANT WIND DIRECTION  SW (240)
  HIGHEST WIND SPEED    14   HIGHEST WIND DIRECTION     W (260)
  HIGHEST GUST SPEED    20   HIGHEST GUST DIRECTION     W (250)
  AVERAGE WIND SPEED     2.8


SKY COVER
  AVERAGE SKY COVER 0.0


WEATHER CONDITIONS
 THE FOLLOWING WEATHER WAS RECORDED TODAY.
  FOG


RELATIVE HUMIDITY (PERCENT)
 HIGHEST    92           400 AM
 LOWEST     30           400 PM
 AVERAGE    61

..........................................................


THE COLUMBUS CLIMATE NORMALS FOR TOMORROW
                         NORMAL    RECORD    YEAR
 MAXIMUM TEMPERATURE (F)   60        80      1971
 MINIMUM TEMPERATURE (F)   39         9      1962


SUNRISE AND SUNSET
DECEMBER 11 2017......SUNRISE   731 AM EST   SUNSET   535 PM EST
DECEMBER 12 2017......SUNRISE   732 AM EST   SUNSET   535 PM EST


-  INDICATES NEGATIVE NUMBERS.
R  INDICATES RECORD WAS SET OR TIED.
MM INDICATES DATA IS MISSING.
T  INDICATES TRACE AMOUNT.




$$
