000
CDUS42 KFFC 260835
CLICSG


CLIMATE REPORT
NATIONAL WEATHER SERVICE PEACHTREE CITY GA
435 AM EDT TUE JUL 26 2016


...................................

...THE COLUMBUS CLIMATE SUMMARY FOR JULY 25 2016...

CLIMATE NORMAL PERIOD 1981 TO 2010
CLIMATE RECORD PERIOD 1948 TO 2016


WEATHER ITEM   OBSERVED TIME   RECORD YEAR NORMAL DEPARTURE LAST
                VALUE   (LST)  VALUE       VALUE  FROM      YEAR
                                                  NORMAL
..................................................................
TEMPERATURE (F)
 YESTERDAY
  MAXIMUM         97    221 PM 103    1952  92      5       92
  MINIMUM         75    601 AM  65    1904  73      2       72
  AVERAGE         86                        83      3       82

PRECIPITATION (IN)
  YESTERDAY        T             3.99 1955   0.14  -0.14      T
  MONTH TO DATE    0.86                      3.90  -3.04     1.86
  SINCE JUN 1      3.01                      7.62  -4.61     5.93
  SINCE JAN 1     22.45                     28.11  -5.66    25.41

DEGREE DAYS
 HEATING
  YESTERDAY        0                         0      0        0
  MONTH TO DATE    0                         0      0        0
  SINCE JUN 1      0                         0      0        0
  SINCE JUL 1      0                         0      0        0

 COOLING
  YESTERDAY       21                        18      3       17
  MONTH TO DATE  488                       442     46      464
  SINCE JUN 1    984                       888     96      936
  SINCE JAN 1   1370                      1246    124     1382
..................................................................


WIND (MPH)
  HIGHEST WIND SPEED    18   HIGHEST WIND DIRECTION     S (170)
  HIGHEST GUST SPEED    23   HIGHEST GUST DIRECTION     S (170)
  AVERAGE WIND SPEED     3.7


SKY COVER
  AVERAGE SKY COVER 0.1


WEATHER CONDITIONS
 THE FOLLOWING WEATHER WAS RECORDED YESTERDAY.
  NO SIGNIFICANT WEATHER WAS OBSERVED.


RELATIVE HUMIDITY (PERCENT)
 HIGHEST    87           600 AM
 LOWEST     39           200 PM
 AVERAGE    63

..........................................................


THE COLUMBUS CLIMATE NORMALS FOR TODAY
                         NORMAL    RECORD    YEAR
 MAXIMUM TEMPERATURE (F)   92       102      1914
 MINIMUM TEMPERATURE (F)   73        62      1911


SUNRISE AND SUNSET
JULY 26 2016..........SUNRISE   650 AM EDT   SUNSET   842 PM EDT
JULY 27 2016..........SUNRISE   651 AM EDT   SUNSET   841 PM EDT


-  INDICATES NEGATIVE NUMBERS.
R  INDICATES RECORD WAS SET OR TIED.
MM INDICATES DATA IS MISSING.
T  INDICATES TRACE AMOUNT.




$$
