000
CDUS42 KFFC 010826
CLICSG


CLIMATE REPORT
NATIONAL WEATHER SERVICE PEACHTREE CITY GA
425 AM EDT MON SEP 1 2014


...................................

...THE COLUMBUS CLIMATE SUMMARY FOR AUGUST 31 2014...

CLIMATE NORMAL PERIOD 1981 TO 2010
CLIMATE RECORD PERIOD 1948 TO 2014


WEATHER ITEM   OBSERVED TIME   RECORD YEAR NORMAL DEPARTURE LAST
                VALUE   (LST)  VALUE       VALUE  FROM      YEAR
                                                  NORMAL
..................................................................
TEMPERATURE (F)
 YESTERDAY
  MAXIMUM         95    421 PM  97    1998  90      5       93
  MINIMUM         73    706 AM  59    1986  71      2       75
  AVERAGE         84                        80      4       84

PRECIPITATION (IN)
  YESTERDAY        0.00          2.00 1986   0.11  -0.11     0.00
  MONTH TO DATE    1.69                      3.77  -2.08     8.63
  SINCE JUN 1     10.39                     12.25  -1.86    24.76
  SINCE JAN 1     36.18                     32.74   3.44    50.37

DEGREE DAYS
 HEATING
  YESTERDAY        0                         0      0        0
  MONTH TO DATE    0                         0      0        0
  SINCE JUN 1      0                         0      0        0
  SINCE JUL 1      0                         0      0        0

 COOLING
  YESTERDAY       19                        16      3       19
  MONTH TO DATE  518                       524     -6      485
  SINCE JUN 1   1459                      1514    -55     1421
  SINCE JAN 1   1795                      1872    -77     1784
..................................................................


WIND (MPH)
  HIGHEST WIND SPEED    10   HIGHEST WIND DIRECTION    SW (240)
  HIGHEST GUST SPEED    13   HIGHEST GUST DIRECTION     N (350)
  AVERAGE WIND SPEED     2.3


SKY COVER
  AVERAGE SKY COVER 0.2


WEATHER CONDITIONS
 THE FOLLOWING WEATHER WAS RECORDED YESTERDAY.
  NO SIGNIFICANT WEATHER WAS OBSERVED.


RELATIVE HUMIDITY (PERCENT)
 HIGHEST    94          1200 AM
 LOWEST     41           400 PM
 AVERAGE    68

..........................................................


THE COLUMBUS CLIMATE NORMALS FOR TODAY
                         NORMAL    RECORD    YEAR
 MAXIMUM TEMPERATURE (F)   90        99      1957
 MINIMUM TEMPERATURE (F)   71        63      1968
                                             1954


SUNRISE AND SUNSET
SEPTEMBER  1 2014.....SUNRISE   715 AM EDT   SUNSET   804 PM EDT
SEPTEMBER  2 2014.....SUNRISE   715 AM EDT   SUNSET   803 PM EDT


-  INDICATES NEGATIVE NUMBERS.
R  INDICATES RECORD WAS SET OR TIED.
MM INDICATES DATA IS MISSING.
T  INDICATES TRACE AMOUNT.




$$
