000
CDUS42 KFFC 310830
CLICSG


CLIMATE REPORT
NATIONAL WEATHER SERVICE PEACHTREE CITY GA
420 AM EDT THU JUL 31 2014


...................................

...THE COLUMBUS CLIMATE SUMMARY FOR JULY 30 2014...

CLIMATE NORMAL PERIOD 1981 TO 2010
CLIMATE RECORD PERIOD 1948 TO 2014


WEATHER ITEM   OBSERVED TIME   RECORD YEAR NORMAL DEPARTURE LAST
                VALUE   (LST)  VALUE       VALUE  FROM      YEAR
                                                  NORMAL
..................................................................
TEMPERATURE (F)
 YESTERDAY
  MAXIMUM         86    545 PM 102    2010  92     -6       93
                                      1986
  MINIMUM         63R   624 AM  65    1957  73    -10       71
  AVERAGE         75                        83     -8       82

PRECIPITATION (IN)
  YESTERDAY        0.00          1.62 2002   0.14  -0.14     0.00
  MONTH TO DATE    4.49                      4.61  -0.12     8.41
  SINCE JUN 1      8.70                      8.33   0.37    15.73
  SINCE JAN 1     34.49                     28.82   5.67    41.34

DEGREE DAYS
 HEATING
  YESTERDAY        0                         0      0        0
  MONTH TO DATE    0                         0      0        0
  SINCE JUN 1      0                         0      0        0
  SINCE JUL 1      0                         0      0        0

 COOLING
  YESTERDAY       10                        18     -8       17
  MONTH TO DATE  469                       532    -63      461
  SINCE JUN 1    928                       978    -50      923
  SINCE JAN 1   1264                      1336    -72     1286
..................................................................


WIND (MPH)
  HIGHEST WIND SPEED    10   HIGHEST WIND DIRECTION    NE (50)
  HIGHEST GUST SPEED    16   HIGHEST GUST DIRECTION    NE (40)
  AVERAGE WIND SPEED     2.7


SKY COVER
  AVERAGE SKY COVER 0.0


WEATHER CONDITIONS
 THE FOLLOWING WEATHER WAS RECORDED YESTERDAY.
  NO SIGNIFICANT WEATHER WAS OBSERVED.


RELATIVE HUMIDITY (PERCENT)
 HIGHEST    73           700 AM
 LOWEST     34           300 PM
 AVERAGE    54

..........................................................


THE COLUMBUS CLIMATE NORMALS FOR TODAY
                         NORMAL    RECORD    YEAR
 MAXIMUM TEMPERATURE (F)   92       104      1986
 MINIMUM TEMPERATURE (F)   73        66      1997


SUNRISE AND SUNSET
JULY 31 2014..........SUNRISE   653 AM EDT   SUNSET   838 PM EDT
AUGUST  1 2014........SUNRISE   654 AM EDT   SUNSET   838 PM EDT


-  INDICATES NEGATIVE NUMBERS.
R  INDICATES RECORD WAS SET OR TIED.
MM INDICATES DATA IS MISSING.
T  INDICATES TRACE AMOUNT.




$$
