000
CDUS42 KFFC 260917
CLICSG


CLIMATE REPORT
NATIONAL WEATHER SERVICE PEACHTREE CITY GA
416 AM EST WED NOV 26 2014


...................................

...THE COLUMBUS CLIMATE SUMMARY FOR NOVEMBER 25 2014...

CLIMATE NORMAL PERIOD 1981 TO 2010
CLIMATE RECORD PERIOD 1948 TO 2014


WEATHER ITEM   OBSERVED TIME   RECORD YEAR NORMAL DEPARTURE LAST
                VALUE   (LST)  VALUE       VALUE  FROM      YEAR
                                                  NORMAL
..................................................................
TEMPERATURE (F)
 YESTERDAY
  MAXIMUM         59   1210 AM  80    1973  65     -6       53
  MINIMUM         48   1027 PM  10    1950  43      5       33
  AVERAGE         54                        54      0       43

PRECIPITATION (IN)
  YESTERDAY        0.02          4.15 1992   0.15  -0.13     0.00
  MONTH TO DATE    2.91                      3.30  -0.39     0.58
  SINCE SEP 1     11.28                      8.94   2.34     2.20
  SINCE JAN 1     47.46                     41.68   5.78    52.57

SNOWFALL (IN)
  YESTERDAY        0.0           0.0  2001   0.0    0.0      0.0
  MONTH TO DATE    0.0                       0.0    0.0      0.0
  SINCE SEP 1      0.0                       0.0    0.0      0.0
  SINCE JUL 1      0.0                       0.0    0.0      0.0
  SNOW DEPTH       0

DEGREE DAYS
 HEATING
  YESTERDAY       11                        11      0       22
  MONTH TO DATE  337                       196    141      193
  SINCE SEP 1    381                       272    109      240
  SINCE JUL 1    381                       272    109      240

 COOLING
  YESTERDAY        0                         0      0        0
  MONTH TO DATE    4                        23    -19       11
  SINCE SEP 1    518                       491     27      563
  SINCE JAN 1   2313                      2363    -50     2347
..................................................................


WIND (MPH)
  HIGHEST WIND SPEED    12   HIGHEST WIND DIRECTION     N (10)
  HIGHEST GUST SPEED    16   HIGHEST GUST DIRECTION    NE (30)
  AVERAGE WIND SPEED     3.6


SKY COVER
  AVERAGE SKY COVER 0.7


WEATHER CONDITIONS
 THE FOLLOWING WEATHER WAS RECORDED YESTERDAY.
  LIGHT RAIN


RELATIVE HUMIDITY (PERCENT)
 HIGHEST    93          1000 PM
 LOWEST     38          1200 PM
 AVERAGE    66

..........................................................


THE COLUMBUS CLIMATE NORMALS FOR TODAY
                         NORMAL    RECORD    YEAR
 MAXIMUM TEMPERATURE (F)   65        81      2001
 MINIMUM TEMPERATURE (F)   43        21      1950


SUNRISE AND SUNSET
NOVEMBER 26 2014......SUNRISE   719 AM EST   SUNSET   535 PM EST
NOVEMBER 27 2014......SUNRISE   720 AM EST   SUNSET   534 PM EST


-  INDICATES NEGATIVE NUMBERS.
R  INDICATES RECORD WAS SET OR TIED.
MM INDICATES DATA IS MISSING.
T  INDICATES TRACE AMOUNT.




$$
