000
CDUS42 KFFC 260822
CLICSG


CLIMATE REPORT
NATIONAL WEATHER SERVICE PEACHTREE CITY GA
422 AM EDT THU MAY 26 2016


...................................

...THE COLUMBUS CLIMATE SUMMARY FOR MAY 25 2016...

CLIMATE NORMAL PERIOD 1981 TO 2010
CLIMATE RECORD PERIOD 1948 TO 2016


WEATHER ITEM   OBSERVED TIME   RECORD YEAR NORMAL DEPARTURE LAST
                VALUE   (LST)  VALUE       VALUE  FROM      YEAR
                                                  NORMAL
..................................................................
TEMPERATURE (F)
 YESTERDAY
  MAXIMUM         88    431 PM  98    1912  86      2       81
  MINIMUM         60    554 AM  51    1979  65     -5       67
                                      1931
  AVERAGE         74                        75     -1       74

PRECIPITATION (IN)
  YESTERDAY        0.00          0.98 2009   0.10  -0.10     0.22
  MONTH TO DATE    2.51                      2.55  -0.04     0.94
  SINCE MAR 1     12.01                     11.56   0.45     9.87
  SINCE JAN 1     19.44                     19.85  -0.41    17.24

DEGREE DAYS
 HEATING
  YESTERDAY        0                         0      0        0
  MONTH TO DATE    7                         6      1        2
  SINCE MAR 1    221                       341   -120      202
  SINCE JUL 1   1611                      2118   -507     2212

 COOLING
  YESTERDAY        9                        10     -1        9
  MONTH TO DATE  163                       185    -22      223
  SINCE MAR 1    301                       285     16      372
  SINCE JAN 1    303                       289     14      372
..................................................................


WIND (MPH)
  HIGHEST WIND SPEED    13   HIGHEST WIND DIRECTION    SW (210)
  HIGHEST GUST SPEED    20   HIGHEST GUST DIRECTION     W (250)
  AVERAGE WIND SPEED     3.2


SKY COVER
  AVERAGE SKY COVER 0.1


WEATHER CONDITIONS
 THE FOLLOWING WEATHER WAS RECORDED YESTERDAY.
  NO SIGNIFICANT WEATHER WAS OBSERVED.


RELATIVE HUMIDITY (PERCENT)
 HIGHEST    90           500 AM
 LOWEST     34           200 PM
 AVERAGE    62

..........................................................


THE COLUMBUS CLIMATE NORMALS FOR TODAY
                         NORMAL    RECORD    YEAR
 MAXIMUM TEMPERATURE (F)   86        98      1933
 MINIMUM TEMPERATURE (F)   65        47      1979


SUNRISE AND SUNSET
MAY 26 2016...........SUNRISE   635 AM EDT   SUNSET   839 PM EDT
MAY 27 2016...........SUNRISE   635 AM EDT   SUNSET   840 PM EDT


-  INDICATES NEGATIVE NUMBERS.
R  INDICATES RECORD WAS SET OR TIED.
MM INDICATES DATA IS MISSING.
T  INDICATES TRACE AMOUNT.




$$
