000
CDUS45 KTFX 240914
CLICTB


CLIMATE REPORT
NATIONAL WEATHER SERVICE GREAT FALLS MT
312 AM MDT FRI MAR 24 2017


...................................

...THE CUT BANK MT CLIMATE SUMMARY FOR MARCH 23 2017...

CLIMATE NORMAL PERIOD 1981 TO 2010
CLIMATE RECORD PERIOD 1903 TO 2017


WEATHER ITEM   OBSERVED TIME   RECORD YEAR NORMAL DEPARTURE LAST
                VALUE   (LST)  VALUE       VALUE  FROM      YEAR
                                                  NORMAL
..................................................................
TEMPERATURE (F)
 YESTERDAY
  MAXIMUM         52    243 PM  72    1939  45      7       52
  MINIMUM         29   1159 PM -20    1904  23      6       18
  AVERAGE         41                        34      7       35

PRECIPITATION (IN)
  YESTERDAY        0.00          0.38 1961   0.02  -0.02      T
  MONTH TO DATE    0.06                      0.35  -0.29     0.01
  SINCE OCT 1      2.91                      1.78   1.13     2.41
  SINCE JAN 1      1.48                      0.76   0.72     0.49

SNOWFALL (IN)
  YESTERDAY       MM
  SNOW DEPTH       0

DEGREE DAYS
 HEATING
  YESTERDAY       24                        31     -7       30
  MONTH TO DATE  841                       803     38      620
  SINCE MAR 1    841                       803     38      620
  SINCE JUL 1   7192                      6863    329     6085

 COOLING
  YESTERDAY        0                         0      0        0
  MONTH TO DATE    0                         0      0        0
  SINCE MAR 1      0                         0      0        0
  SINCE JAN 1      0                         0      0        0
..................................................................


WIND (MPH)
  HIGHEST WIND SPEED    31   HIGHEST WIND DIRECTION     W (250)
  HIGHEST GUST SPEED    42   HIGHEST GUST DIRECTION     W (250)
  AVERAGE WIND SPEED    18.5


SKY COVER
  AVERAGE SKY COVER 0.0


WEATHER CONDITIONS
 THE FOLLOWING WEATHER WAS RECORDED YESTERDAY.
  NO SIGNIFICANT WEATHER WAS OBSERVED.


RELATIVE HUMIDITY (PERCENT)
 HIGHEST    82           700 AM
 LOWEST     30           200 PM
 AVERAGE    56

..........................................................


THE CUT BANK MT CLIMATE NORMALS FOR TODAY
                         NORMAL    RECORD    YEAR
 MAXIMUM TEMPERATURE (F)   46        68      1999
 MINIMUM TEMPERATURE (F)   23       -25      1965


SUNRISE AND SUNSET
MARCH 24 2017.........SUNRISE   723 AM MDT   SUNSET   749 PM MDT
MARCH 25 2017.........SUNRISE   721 AM MDT   SUNSET   750 PM MDT


-  INDICATES NEGATIVE NUMBERS.
R  INDICATES RECORD WAS SET OR TIED.
MM INDICATES DATA IS MISSING.
T  INDICATES TRACE AMOUNT.




$$
