920
CDUS45 KTFX 080752
CLICTB


CLIMATE REPORT
NATIONAL WEATHER SERVICE GREAT FALLS MT
1251 AM MST MON FEB 8 2016


...................................

...THE CUT BANK MT CLIMATE SUMMARY FOR FEBRUARY 7 2016...

CLIMATE NORMAL PERIOD 1981 TO 2010
CLIMATE RECORD PERIOD 1903 TO 2016


WEATHER ITEM   OBSERVED TIME   RECORD YEAR NORMAL DEPARTURE LAST
                VALUE   (LST)  VALUE       VALUE  FROM      YEAR
                                                  NORMAL
..................................................................
TEMPERATURE (F)
 YESTERDAY
  MAXIMUM         42    223 PM  65    1954  34      8       53
  MINIMUM         21    747 AM -39    1936  12      9       37
  AVERAGE         32                        23      9       45

PRECIPITATION (IN)
  YESTERDAY        0.00          0.15 1994   0.00   0.00     0.00
  MONTH TO DATE    0.01                      0.04  -0.03      T
  SINCE OCT 1      2.37                      1.26   1.11     3.24
  SINCE JAN 1      0.45                      0.24   0.21     0.71

SNOWFALL (IN)
  YESTERDAY       MM
  SNOW DEPTH       0

DEGREE DAYS
 HEATING
  YESTERDAY       33                        42     -9       20
  MONTH TO DATE  240                       294    -54      272
  SINCE DEC 1   2853                      2949    -96     2785
  SINCE JUL 1   4891                      5212   -321     4883

 COOLING
  YESTERDAY        0                         0      0        0
  MONTH TO DATE    0                         0      0        0
  SINCE DEC 1      0                         0      0        0
  SINCE JAN 1      0                         0      0        0
..................................................................


WIND (MPH)
  HIGHEST WIND SPEED    24   HIGHEST WIND DIRECTION     W (270)
  HIGHEST GUST SPEED    30   HIGHEST GUST DIRECTION     W (270)
  AVERAGE WIND SPEED    13.5


SKY COVER
  AVERAGE SKY COVER 0.1


WEATHER CONDITIONS
 THE FOLLOWING WEATHER WAS RECORDED YESTERDAY.
  NO SIGNIFICANT WEATHER WAS OBSERVED.


RELATIVE HUMIDITY (PERCENT)
 HIGHEST    68           200 AM
 LOWEST     25          1200 PM
 AVERAGE    47

..........................................................


THE CUT BANK MT CLIMATE NORMALS FOR TODAY
                         NORMAL    RECORD    YEAR
 MAXIMUM TEMPERATURE (F)   34        60      1954
 MINIMUM TEMPERATURE (F)   12       -44      1994


SUNRISE AND SUNSET
FEBRUARY  8 2016......SUNRISE   749 AM MST   SUNSET   539 PM MST
FEBRUARY  9 2016......SUNRISE   748 AM MST   SUNSET   540 PM MST


-  INDICATES NEGATIVE NUMBERS.
R  INDICATES RECORD WAS SET OR TIED.
MM INDICATES DATA IS MISSING.
T  INDICATES TRACE AMOUNT.




$$
