000
CDUS45 KTFX 270817
CLICTB


CLIMATE REPORT
NATIONAL WEATHER SERVICE GREAT FALLS MT
216 AM MDT FRI MAR 27 2015


...................................

...THE CUT BANK MT CLIMATE SUMMARY FOR MARCH 26 2015...

CLIMATE NORMAL PERIOD 1981 TO 2010
CLIMATE RECORD PERIOD 1903 TO 2015


WEATHER ITEM   OBSERVED TIME   RECORD YEAR NORMAL DEPARTURE LAST
                VALUE   (LST)  VALUE       VALUE  FROM      YEAR
                                                  NORMAL
..................................................................
TEMPERATURE (F)
 YESTERDAY
  MAXIMUM         64    221 PM  66    1960  46     18       29
  MINIMUM         36    632 AM -30    1904  24     12       19
  AVERAGE         50                        35     15       24

PRECIPITATION (IN)
  YESTERDAY        0.00          0.30 1958   0.01  -0.01     0.00
  MONTH TO DATE    0.25                      0.40  -0.15     0.56
  SINCE OCT 1      3.67                      1.83   1.84     3.09
  SINCE JAN 1      1.14                      0.81   0.33     1.89

SNOWFALL (IN)
  YESTERDAY       MM
  SNOW DEPTH       0

DEGREE DAYS
 HEATING
  YESTERDAY       15                        30    -15       41
  MONTH TO DATE  702                       895   -193     1040
  SINCE MAR 1    702                       895   -193     1040
  SINCE JUL 1   6364                      6955   -591     7246

 COOLING
  YESTERDAY        0                         0      0        0
  MONTH TO DATE    0                         0      0        0
  SINCE MAR 1      0                         0      0        0
  SINCE JAN 1      0                         0      0        0
..................................................................


WIND (MPH)
  HIGHEST WIND SPEED    35   HIGHEST WIND DIRECTION     W (270)
  HIGHEST GUST SPEED    41   HIGHEST GUST DIRECTION     W (270)
  AVERAGE WIND SPEED    20.6


SKY COVER
  AVERAGE SKY COVER 0.1


WEATHER CONDITIONS
 THE FOLLOWING WEATHER WAS RECORDED YESTERDAY.
  NO SIGNIFICANT WEATHER WAS OBSERVED.


RELATIVE HUMIDITY (PERCENT)
 HIGHEST    76           500 AM
 LOWEST     34           300 PM
 AVERAGE    55

..........................................................


THE CUT BANK MT CLIMATE NORMALS FOR TODAY
                         NORMAL    RECORD    YEAR
 MAXIMUM TEMPERATURE (F)   47        72      1986
 MINIMUM TEMPERATURE (F)   24       -11      1965


SUNRISE AND SUNSET
MARCH 27 2015.........SUNRISE   718 AM MDT   SUNSET   753 PM MDT
MARCH 28 2015.........SUNRISE   716 AM MDT   SUNSET   754 PM MDT


-  INDICATES NEGATIVE NUMBERS.
R  INDICATES RECORD WAS SET OR TIED.
MM INDICATES DATA IS MISSING.
T  INDICATES TRACE AMOUNT.




$$
