000
CDUS45 KTFX 052232
CLICTB


CLIMATE REPORT
NATIONAL WEATHER SERVICE GREAT FALLS MT
431 PM MDT SUN JUL 5 2015


...................................

...THE CUT BANK MT CLIMATE SUMMARY FOR JULY 5 2015...
VALID TODAY AS OF 0400 PM LOCAL TIME.

CLIMATE NORMAL PERIOD 1981 TO 2010
CLIMATE RECORD PERIOD 1903 TO 2015


WEATHER ITEM   OBSERVED TIME   RECORD YEAR NORMAL DEPARTURE LAST
                VALUE   (LST)  VALUE       VALUE  FROM      YEAR
                                                  NORMAL
..................................................................
TEMPERATURE (F)
 TODAY
  MAXIMUM         55    258 PM  97    2007  77    -22       82
  MINIMUM         48    711 AM  37    2012  48      0       59
                                      1911
  AVERAGE         52                        62    -10       71

PRECIPITATION (IN)
  TODAY            0.59          0.68 1978   0.05   0.54     0.00
  MONTH TO DATE    0.68                      0.28   0.40     0.00
  SINCE OCT 1      7.41                      7.49  -0.08    11.93
  SINCE JAN 1      4.88                      6.47  -1.59    10.73

SNOWFALL (IN)
  TODAY           MM
  SNOW DEPTH       0

DEGREE DAYS
 HEATING
  TODAY           13                         4      9        0
  MONTH TO DATE   13                        22     -9        3
  SINCE JUN 1    143                       255   -112      276
  SINCE JUL 1     13                        22     -9        3

 COOLING
  TODAY            0                         1     -1        6
  MONTH TO DATE   16                         5     11       20
  SINCE JUN 1     76                        20     56       21
  SINCE JAN 1     76                        22     54       21
..................................................................


WIND (MPH)
  HIGHEST WIND SPEED    23   HIGHEST WIND DIRECTION     N (350)
  HIGHEST GUST SPEED    26   HIGHEST GUST DIRECTION     N (350)
  AVERAGE WIND SPEED    11.7


SKY COVER
  AVERAGE SKY COVER 1.0


WEATHER CONDITIONS
 THE FOLLOWING WEATHER WAS RECORDED TODAY.
  RAIN
  LIGHT RAIN
  FOG


RELATIVE HUMIDITY (PERCENT)
 HIGHEST   100           900 AM
 LOWEST     77           100 PM
 AVERAGE    89

..........................................................


THE CUT BANK MT CLIMATE NORMALS FOR TOMORROW
                         NORMAL    RECORD    YEAR
 MAXIMUM TEMPERATURE (F)   77       106      2007
 MINIMUM TEMPERATURE (F)   49        34      1952


SUNRISE AND SUNSET
JULY  5 2015..........SUNRISE   534 AM MDT   SUNSET   934 PM MDT
JULY  6 2015..........SUNRISE   535 AM MDT   SUNSET   933 PM MDT


-  INDICATES NEGATIVE NUMBERS.
R  INDICATES RECORD WAS SET OR TIED.
MM INDICATES DATA IS MISSING.
T  INDICATES TRACE AMOUNT.




$$
