123
CDUS45 KTFX 250754
CLICTB


CLIMATE REPORT
NATIONAL WEATHER SERVICE GREAT FALLS MT
154 AM MDT WED MAY 25 2016


...................................

...THE CUT BANK MT CLIMATE SUMMARY FOR MAY 24 2016...

CLIMATE NORMAL PERIOD 1981 TO 2010
CLIMATE RECORD PERIOD 1903 TO 2016


WEATHER ITEM   OBSERVED TIME   RECORD YEAR NORMAL DEPARTURE LAST
                VALUE   (LST)  VALUE       VALUE  FROM      YEAR
                                                  NORMAL
..................................................................
TEMPERATURE (F)
 YESTERDAY
  MAXIMUM         59    446 PM  87    2001  65     -6       67
  MINIMUM         38    552 AM  15    1904  40     -2       38
  AVERAGE         49                        52     -3       53

PRECIPITATION (IN)
  YESTERDAY        0.01          0.61 2008   0.08  -0.07     0.00
  MONTH TO DATE    1.96                      1.34   0.62     1.21
  SINCE OCT 1      6.54                      4.05   2.49     5.09
  SINCE JAN 1      4.62                      3.03   1.59     2.56

SNOWFALL (IN)
  YESTERDAY       MM
  SNOW DEPTH       0

DEGREE DAYS
 HEATING
  YESTERDAY       16                        13      3       12
  MONTH TO DATE  388                       387      1      436
  SINCE MAR 1   1803                      2147   -344     1912
  SINCE JUL 1   7268                      8207   -939     7574

 COOLING
  YESTERDAY        0                         0      0        0
  MONTH TO DATE    0                         0      0        0
  SINCE MAR 1      0                         0      0        0
  SINCE JAN 1      0                         0      0        0
..................................................................


WIND (MPH)
  HIGHEST WIND SPEED    20   HIGHEST WIND DIRECTION     N (360)
  HIGHEST GUST SPEED    23   HIGHEST GUST DIRECTION     N (360)
  AVERAGE WIND SPEED     4.9


SKY COVER
  AVERAGE SKY COVER 0.7


WEATHER CONDITIONS
 THE FOLLOWING WEATHER WAS RECORDED YESTERDAY.
  LIGHT RAIN
  HAZE


RELATIVE HUMIDITY (PERCENT)
 HIGHEST    92          1200 AM
 LOWEST     51           300 PM
 AVERAGE    72

..........................................................


THE CUT BANK MT CLIMATE NORMALS FOR TODAY
                         NORMAL    RECORD    YEAR
 MAXIMUM TEMPERATURE (F)   65        90      1928
 MINIMUM TEMPERATURE (F)   40        25      1904


SUNRISE AND SUNSET
MAY 25 2016...........SUNRISE   537 AM MDT   SUNSET   917 PM MDT
MAY 26 2016...........SUNRISE   536 AM MDT   SUNSET   918 PM MDT


-  INDICATES NEGATIVE NUMBERS.
R  INDICATES RECORD WAS SET OR TIED.
MM INDICATES DATA IS MISSING.
T  INDICATES TRACE AMOUNT.




$$
