000
CDUS45 KTFX 182330
CLICTB


CLIMATE REPORT
NATIONAL WEATHER SERVICE GREAT FALLS MT
430 PM MST SUN FEB 18 2018


...................................

...THE CUT BANK MT CLIMATE SUMMARY FOR FEBRUARY 18 2018...
VALID TODAY AS OF 0400 PM LOCAL TIME.

CLIMATE NORMAL PERIOD 1981 TO 2010
CLIMATE RECORD PERIOD 1903 TO 2018


WEATHER ITEM   OBSERVED TIME   RECORD YEAR NORMAL DEPARTURE LAST
                VALUE   (LST)  VALUE       VALUE  FROM      YEAR
                                                  NORMAL
..................................................................
TEMPERATURE (F)
 TODAY
  MAXIMUM          4   1258 AM  62    1930  36    -32       41
  MINIMUM          0    359 PM -38    1936  13    -13       24
  AVERAGE          2                        24    -22       33

PRECIPITATION (IN)
  TODAY            T             0.23 1940   0.01  -0.01     0.00
  MONTH TO DATE    T                         0.12  -0.12     0.61
  SINCE OCT 1      2.21                      1.34   0.87     2.64
  SINCE JAN 1      0.10                      0.32  -0.22     1.21

DEGREE DAYS
 HEATING
  TODAY           63                        41     22       32
  MONTH TO DATE 1015                       748    267      834
  SINCE DEC 1   3738                      3403    335     3963
  SINCE JUL 1   5962                      5666    296     5941

 COOLING
  TODAY            0                         0      0        0
  MONTH TO DATE    0                         0      0        0
  SINCE DEC 1      0                         0      0        0
  SINCE JAN 1      0                         0      0        0
..................................................................


WIND (MPH)
  HIGHEST WIND SPEED    26   HIGHEST WIND DIRECTION     N (10)
  HIGHEST GUST SPEED    29   HIGHEST GUST DIRECTION     N (20)
  AVERAGE WIND SPEED    17.6


SKY COVER
  AVERAGE SKY COVER 1.0


WEATHER CONDITIONS
 THE FOLLOWING WEATHER WAS RECORDED TODAY.
  LIGHT SNOW
  FOG
  HAZE


RELATIVE HUMIDITY (PERCENT)
 HIGHEST    91          1200 AM
 LOWEST     72           400 PM
 AVERAGE    82

..........................................................


THE CUT BANK MT CLIMATE NORMALS FOR TOMORROW
                         NORMAL    RECORD    YEAR
 MAXIMUM TEMPERATURE (F)   36        62      1981
 MINIMUM TEMPERATURE (F)   13       -30      1986


SUNRISE AND SUNSET
FEBRUARY 18 2018......SUNRISE   732 AM MST   SUNSET   556 PM MST
FEBRUARY 19 2018......SUNRISE   730 AM MST   SUNSET   558 PM MST


-  INDICATES NEGATIVE NUMBERS.
R  INDICATES RECORD WAS SET OR TIED.
MM INDICATES DATA IS MISSING.
T  INDICATES TRACE AMOUNT.




$$
