000
CDUS42 KTAE 260631
CLICTY


CLIMATE REPORT
NATIONAL WEATHER SERVICE TALLAHASSEE FL
231 AM EDT WED APR 26 2017


...................................

...THE CROSS CITY  CLIMATE SUMMARY FOR APRIL 25 2017...

CLIMATE NORMAL PERIOD 1981 TO 2010
CLIMATE RECORD PERIOD 1948 TO 2017


WEATHER ITEM   OBSERVED TIME   NORMAL DEPARTURE LAST
                VALUE   (LST)  VALUE  FROM      YEAR
                                      NORMAL
......................................................
TEMPERATURE (F)
 YESTERDAY
  MAXIMUM         79    115 PM  82     -3       85
  MINIMUM         48    235 AM  55     -7       61
  AVERAGE         64            69     -5

PRECIPITATION (IN)
  YESTERDAY        0.00          0.07  -0.07     0.09
  MONTH TO DATE    2.11          2.70  -0.59     4.08
  SINCE MAR 1      2.97          6.91  -3.94     7.55
  SINCE JAN 1      5.52         14.22  -8.70    14.31

DEGREE DAYS
 HEATING
  YESTERDAY        1             1      0
  MONTH TO DATE   24            46    -22
  SINCE MAR 1    159           181    -22
  SINCE JUL 1    758          1301   -543

 COOLING
  YESTERDAY        0             4     -4
  MONTH TO DATE  110            82     28
  SINCE MAR 1    177           129     48
  SINCE JAN 1    239           156     83
......................................................


WIND (MPH)
  RESULTANT WIND SPEED   6   RESULTANT WIND DIRECTION   W (280)
  HIGHEST WIND SPEED    14   HIGHEST WIND DIRECTION     W (270)
  HIGHEST GUST SPEED    17   HIGHEST GUST DIRECTION     W (260)
  AVERAGE WIND SPEED     6.4



WEATHER CONDITIONS
 THE FOLLOWING WEATHER WAS RECORDED YESTERDAY.
  NO SIGNIFICANT WEATHER WAS OBSERVED.


RELATIVE HUMIDITY (PERCENT)
 HIGHEST    93
 LOWEST     43

..........................................................




SUNRISE AND SUNSET
APRIL 26 2017.........SUNRISE   654 AM EDT   SUNSET   806 PM EDT
APRIL 27 2017.........SUNRISE   654 AM EDT   SUNSET   807 PM EDT


-  INDICATES NEGATIVE NUMBERS.
R  INDICATES RECORD WAS SET OR TIED.
MM INDICATES DATA IS MISSING.
T  INDICATES TRACE AMOUNT.




$$
