000
CDUS42 KTAE 170630
CLICTY


CLIMATE REPORT
NATIONAL WEATHER SERVICE TALLAHASSEE FL
130 AM EST WED JAN 17 2018


...................................

...THE CROSS CITY  CLIMATE SUMMARY FOR JANUARY 16 2018...

CLIMATE NORMAL PERIOD 1981 TO 2010
CLIMATE RECORD PERIOD 1948 TO 2018


WEATHER ITEM   OBSERVED TIME   NORMAL DEPARTURE LAST
                VALUE   (LST)  VALUE  FROM      YEAR
                                      NORMAL
......................................................
TEMPERATURE (F)
 YESTERDAY
  MAXIMUM         68        MM  66      2       79
  MINIMUM         29        MM  40    -11       52
  AVERAGE         49            53     -4

PRECIPITATION (IN)
  YESTERDAY        0.00          0.13  -0.13     0.00
  MONTH TO DATE    1.83          2.06  -0.23     1.29
  SINCE DEC 1      5.08          4.58   0.50     5.16
  SINCE JAN 1      1.83          2.06  -0.23     1.29

DEGREE DAYS
 HEATING
  YESTERDAY       16            12      4
  MONTH TO DATE  283           203     80
  SINCE DEC 1    549           540      9
  SINCE JUL 1    702           708     -6

 COOLING
  YESTERDAY        0             0      0
  MONTH TO DATE    9             0      9
  SINCE DEC 1     36            18     18
  SINCE JAN 1      9             0      9
......................................................


WIND (MPH)
  RESULTANT WIND SPEED   2   RESULTANT WIND DIRECTION  NE (40)
  HIGHEST WIND SPEED     9   HIGHEST WIND DIRECTION    NE (30)
  HIGHEST GUST SPEED    MM   HIGHEST GUST DIRECTION    MM
  AVERAGE WIND SPEED     2.5



WEATHER CONDITIONS
 THE FOLLOWING WEATHER WAS RECORDED YESTERDAY.
  NO SIGNIFICANT WEATHER WAS OBSERVED.


RELATIVE HUMIDITY (PERCENT)
 HIGHEST   100
 LOWEST     27

..........................................................




SUNRISE AND SUNSET
JANUARY 17 2018.......SUNRISE   728 AM EST   SUNSET   557 PM EST
JANUARY 18 2018.......SUNRISE   728 AM EST   SUNSET   558 PM EST


-  INDICATES NEGATIVE NUMBERS.
R  INDICATES RECORD WAS SET OR TIED.
MM INDICATES DATA IS MISSING.
T  INDICATES TRACE AMOUNT.




$$
