000
CDUS42 KTAE 010932
CLICTY


CLIMATE REPORT
NATIONAL WEATHER SERVICE TALLAHASSEE FL
528 AM EDT FRI AUG 1 2014


...................................

...THE CROSS CITY (AWOS) CLIMATE SUMMARY FOR JULY 31 2014...

CLIMATE NORMAL PERIOD 1981 TO 2010
CLIMATE RECORD PERIOD 1948 TO 2014


WEATHER ITEM   OBSERVED TIME   NORMAL DEPARTURE LAST
                VALUE   (LST)  VALUE  FROM      YEAR
                                      NORMAL
......................................................
TEMPERATURE (F)
 YESTERDAY
  MAXIMUM         93    354 PM  91      2
  MINIMUM         67    554 AM  72     -5
  AVERAGE         80            82     -2

PRECIPITATION (IN)
  YESTERDAY        0.00          0.20  -0.20     0.51
  MONTH TO DATE    7.29          5.66   1.63    21.01
  SINCE JUN 1     11.06         10.75   0.31    30.36
  SINCE JAN 1     36.56         27.92   8.64    42.90

DEGREE DAYS
 HEATING
  YESTERDAY        0             0      0
  MONTH TO DATE    0             0      0
  SINCE JUN 1      0             0      0
  SINCE JUL 1      0             0      0

 COOLING
  YESTERDAY       15            17     -2
  MONTH TO DATE  521           508     13
  SINCE JUN 1   1000           955     45
  SINCE JAN 1   1492          1434     58
......................................................


WIND (MPH)
  RESULTANT WIND SPEED   2   RESULTANT WIND DIRECTION  NW (300)
  HIGHEST WIND SPEED    13   HIGHEST WIND DIRECTION     W (280)
  HIGHEST GUST SPEED    17   HIGHEST GUST DIRECTION     W (280)
  AVERAGE WIND SPEED     2.9



WEATHER CONDITIONS
 THE FOLLOWING WEATHER WAS RECORDED YESTERDAY.
  NO SIGNIFICANT WEATHER WAS OBSERVED.


RELATIVE HUMIDITY (PERCENT)
 HIGHEST    97
 LOWEST     38

..........................................................




SUNRISE AND SUNSET
AUGUST  1 2014........SUNRISE   652 AM EDT   SUNSET   825 PM EDT
AUGUST  2 2014........SUNRISE   653 AM EDT   SUNSET   824 PM EDT


-  INDICATES NEGATIVE NUMBERS.
R  INDICATES RECORD WAS SET OR TIED.
MM INDICATES DATA IS MISSING.
T  INDICATES TRACE AMOUNT.




$$
