331
CDUS42 KTAE 050635
CLICTY


CLIMATE REPORT
NATIONAL WEATHER SERVICE TALLAHASSEE FL
234 AM EDT THU MAY 5 2016


...................................

...THE CROSS CITY  CLIMATE SUMMARY FOR MAY 4 2016...

CLIMATE NORMAL PERIOD 1981 TO 2010
CLIMATE RECORD PERIOD 1948 TO 2016


WEATHER ITEM   OBSERVED TIME   NORMAL DEPARTURE LAST
                VALUE   (LST)  VALUE  FROM      YEAR
                                      NORMAL
......................................................
TEMPERATURE (F)
 YESTERDAY
  MAXIMUM         84    251 PM  85     -1       85
  MINIMUM         62   1159 PM  58      4       50
  AVERAGE         73            71      2

PRECIPITATION (IN)
  YESTERDAY        0.10          0.07   0.03     0.02
  MONTH TO DATE    0.17          0.25  -0.08     0.02
  SINCE MAR 1      8.14          7.42   0.72     3.32
  SINCE JAN 1     14.90         14.73   0.17     9.29

DEGREE DAYS
 HEATING
  YESTERDAY        0             0      0
  MONTH TO DATE    0             0      0
  SINCE MAR 1     76           183   -107
  SINCE JUL 1    807          1303   -496

 COOLING
  YESTERDAY        8             6      2
  MONTH TO DATE   48            24     24
  SINCE MAR 1    354           179    175
  SINCE JAN 1    383           206    177
......................................................


WIND (MPH)
  RESULTANT WIND SPEED   4   RESULTANT WIND DIRECTION  NW (330)
  HIGHEST WIND SPEED    15   HIGHEST WIND DIRECTION    NW (320)
  HIGHEST GUST SPEED    22   HIGHEST GUST DIRECTION    NW (310)
  AVERAGE WIND SPEED     6.4



WEATHER CONDITIONS
 THE FOLLOWING WEATHER WAS RECORDED YESTERDAY.
  NO SIGNIFICANT WEATHER WAS OBSERVED.


RELATIVE HUMIDITY (PERCENT)
 HIGHEST    97
 LOWEST     45

..........................................................




SUNRISE AND SUNSET
MAY  5 2016...........SUNRISE   646 AM EDT   SUNSET   812 PM EDT
MAY  6 2016...........SUNRISE   646 AM EDT   SUNSET   813 PM EDT


-  INDICATES NEGATIVE NUMBERS.
R  INDICATES RECORD WAS SET OR TIED.
MM INDICATES DATA IS MISSING.
T  INDICATES TRACE AMOUNT.




$$
