000
CDUS42 KTAE 270635
CLICTY


CLIMATE REPORT
NATIONAL WEATHER SERVICE TALLAHASSEE FL
134 AM EST MON FEB 27 2017


...................................

...THE CROSS CITY  CLIMATE SUMMARY FOR FEBRUARY 26 2017...

CLIMATE NORMAL PERIOD 1981 TO 2010
CLIMATE RECORD PERIOD 1948 TO 2017


WEATHER ITEM   OBSERVED TIME   NORMAL DEPARTURE LAST
                VALUE   (LST)  VALUE  FROM      YEAR
                                      NORMAL
......................................................
TEMPERATURE (F)
 YESTERDAY
  MAXIMUM         75    315 PM  73      2       63
  MINIMUM         41    415 AM  45     -4       35
  AVERAGE         58            59     -1

PRECIPITATION (IN)
  YESTERDAY        0.00          0.15  -0.15     0.00
  MONTH TO DATE    1.12          2.93  -1.81     3.68
  SINCE DEC 1      6.42          9.49  -3.07     9.02
  SINCE JAN 1      2.55          6.97  -4.42     6.76

DEGREE DAYS
 HEATING
  YESTERDAY        7             7      0
  MONTH TO DATE  100           227   -127
  SINCE DEC 1    473           937   -464
  SINCE JUL 1    598          1105   -507

 COOLING
  YESTERDAY        0             1     -1
  MONTH TO DATE   25            20      5
  SINCE DEC 1    112            49     63
  SINCE JAN 1     59            31     28
......................................................


WIND (MPH)
  RESULTANT WIND SPEED   5   RESULTANT WIND DIRECTION  NE (40)
  HIGHEST WIND SPEED    14   HIGHEST WIND DIRECTION    NE (30)
  HIGHEST GUST SPEED    17   HIGHEST GUST DIRECTION    NE (50)
  AVERAGE WIND SPEED     6.2



WEATHER CONDITIONS
 THE FOLLOWING WEATHER WAS RECORDED YESTERDAY.
  NO SIGNIFICANT WEATHER WAS OBSERVED.


RELATIVE HUMIDITY (PERCENT)
 HIGHEST    76
 LOWEST     14

..........................................................




SUNRISE AND SUNSET
FEBRUARY 27 2017......SUNRISE   700 AM EST   SUNSET   631 PM EST
FEBRUARY 28 2017......SUNRISE   659 AM EST   SUNSET   631 PM EST


-  INDICATES NEGATIVE NUMBERS.
R  INDICATES RECORD WAS SET OR TIED.
MM INDICATES DATA IS MISSING.
T  INDICATES TRACE AMOUNT.




$$
