000
CDUS42 KTAE 020732
CLICTY


CLIMATE REPORT
NATIONAL WEATHER SERVICE TALLAHASSEE FL
329 AM EDT TUE JUN 2 2015

...................................

...THE CROSS CITY  CLIMATE SUMMARY FOR JUNE 1 2015...

CLIMATE NORMAL PERIOD 1981 TO 2010
CLIMATE RECORD PERIOD 1948 TO 2015


WEATHER ITEM   OBSERVED TIME   NORMAL DEPARTURE LAST
                VALUE   (LST)  VALUE  FROM      YEAR
                                      NORMAL
......................................................
TEMPERATURE (F)
 YESTERDAY
  MAXIMUM         91   1257 PM  90      1       86
  MINIMUM         68    514 AM  67      1       71
  AVERAGE         80            78      2

PRECIPITATION (IN)
  YESTERDAY        0.34          0.10   0.24     0.26
  MONTH TO DATE    0.34          0.10   0.24     0.26
  SINCE JUN 1      0.34          0.10   0.24     0.26
  SINCE JAN 1     13.48         17.27  -3.79    25.76

DEGREE DAYS
 HEATING
  YESTERDAY        0             0      0
  MONTH TO DATE    0             0      0
  SINCE JUN 1      0             0      0
  SINCE JUL 1   1213          1306    -93

 COOLING
  YESTERDAY       15            13      2
  MONTH TO DATE   15            13      2
  SINCE JUN 1     15            13      2
  SINCE JAN 1    854           492    362
......................................................


WIND (MPH)
  RESULTANT WIND SPEED   1   RESULTANT WIND DIRECTION  NE (50)
  HIGHEST WIND SPEED    22   HIGHEST WIND DIRECTION     N (340)
  HIGHEST GUST SPEED    27   HIGHEST GUST DIRECTION     N (350)
  AVERAGE WIND SPEED     3.1



WEATHER CONDITIONS
 THE FOLLOWING WEATHER WAS RECORDED YESTERDAY.
  NO SIGNIFICANT WEATHER WAS OBSERVED.


RELATIVE HUMIDITY (PERCENT)
 HIGHEST    97
 LOWEST     52

..........................................................



SUNRISE AND SUNSET
JUNE  2 2015..........SUNRISE   633 AM EDT   SUNSET   828 PM EDT
JUNE  3 2015..........SUNRISE   632 AM EDT   SUNSET   829 PM EDT


-  INDICATES NEGATIVE NUMBERS.
R  INDICATES RECORD WAS SET OR TIED.
MM INDICATES DATA IS MISSING.
T  INDICATES TRACE AMOUNT.


$$
