000
CDUS42 KCAE 230732
CLICUB


CLIMATE REPORT
NATIONAL WEATHER SERVICE COLUMBIA SC
232 AM EST THU FEB 23 2017


...................................

...THE HAMILTON - OWENS AIRPORT SC CLIMATE SUMMARY FOR FEBRUARY 22 2017...

CLIMATE NORMAL PERIOD 1981 TO 2010
CLIMATE RECORD PERIOD 9999 TO 9999


WEATHER ITEM   OBSERVED TIME   NORMAL DEPARTURE LAST
                VALUE   (LST)  VALUE  FROM      YEAR
                                      NORMAL
......................................................
TEMPERATURE (F)
 YESTERDAY
  MAXIMUM         74    415 PM  62     12       64
  MINIMUM         57    735 AM  39     18       55
  AVERAGE         66            51     15       60

PRECIPITATION (IN)
  YESTERDAY        0.00          0.15  -0.15     0.80
  MONTH TO DATE    1.56          2.78  -1.22     3.08
  SINCE DEC 1     11.08          9.61   1.47     9.87
  SINCE JAN 1      7.70          6.41   1.29     4.63

DEGREE DAYS
 HEATING
  YESTERDAY        0            14    -14        5
  MONTH TO DATE  193           355   -162      366
  SINCE DEC 1    979          1476   -497     1173
  SINCE JUL 1   1240          1847   -607     1420

 COOLING
  YESTERDAY        1             0      1        0
  MONTH TO DATE    5             0      5        3
  SINCE DEC 1      8             5      3       59
  SINCE JAN 1      7             1      6        3
......................................................


WIND (MPH)
  HIGHEST WIND SPEED    12   HIGHEST WIND DIRECTION     S (160)
  HIGHEST GUST SPEED    17   HIGHEST GUST DIRECTION     S (160)
  AVERAGE WIND SPEED     3.1


SKY COVER
  AVERAGE SKY COVER 0.6


WEATHER CONDITIONS
 THE FOLLOWING WEATHER WAS RECORDED YESTERDAY.
  NO SIGNIFICANT WEATHER WAS OBSERVED.


RELATIVE HUMIDITY (PERCENT)
 HIGHEST    86           700 AM
 LOWEST     49           200 PM

..........................................................


THE HAMILTON - OWENS AIRPORT SC CLIMATE NORMALS FOR TODAY
                         NORMAL    RECORD    YEAR
 MAXIMUM TEMPERATURE (F)   62        MM        MM
 MINIMUM TEMPERATURE (F)   40        MM        MM


SUNRISE AND SUNSET
FEBRUARY 23 2017......SUNRISE   659 AM EST   SUNSET   615 PM EST
FEBRUARY 24 2017......SUNRISE   658 AM EST   SUNSET   616 PM EST


-  INDICATES NEGATIVE NUMBERS.
R  INDICATES RECORD WAS SET OR TIED.
MM INDICATES DATA IS MISSING.
T  INDICATES TRACE AMOUNT.




$$
