000
CDUS42 KCAE 260545
CLICUB


CLIMATE REPORT
NATIONAL WEATHER SERVICE COLUMBIA SC
145 AM EDT FRI MAY 26 2017


...................................

...THE HAMILTON - OWENS AIRPORT SC CLIMATE SUMMARY FOR MAY 25 2017...

CLIMATE NORMAL PERIOD 1981 TO 2010
CLIMATE RECORD PERIOD 9999 TO 9999


WEATHER ITEM   OBSERVED TIME   NORMAL DEPARTURE LAST
                VALUE   (LST)  VALUE  FROM      YEAR
                                      NORMAL
......................................................
TEMPERATURE (F)
 YESTERDAY
  MAXIMUM         77    455 PM  86     -9       90
  MINIMUM         62    629 AM  63     -1       62
  AVERAGE         70            75     -5       76

PRECIPITATION (IN)
  YESTERDAY        0.06          0.12  -0.06     0.00
  MONTH TO DATE    4.25          2.30   1.95     3.88
  SINCE MAR 1     12.37          8.87   3.50     8.43
  SINCE JAN 1     20.07         16.15   3.92    13.35

DEGREE DAYS
 HEATING
  YESTERDAY        0             0      0        0
  MONTH TO DATE   10            11     -1        6
  SINCE MAR 1    309           383    -74      217
  SINCE JUL 1   1573          2312   -739     1717

 COOLING
  YESTERDAY        5            10     -5       11
  MONTH TO DATE  209           175     34      179
  SINCE MAR 1    435           271    164      364
  SINCE JAN 1    453           274    179      367
......................................................


WIND (MPH)
  HIGHEST WIND SPEED    24   HIGHEST WIND DIRECTION     W (270)
  HIGHEST GUST SPEED    31   HIGHEST GUST DIRECTION     W (270)
  AVERAGE WIND SPEED     9.8


SKY COVER
  AVERAGE SKY COVER 0.3


WEATHER CONDITIONS
 THE FOLLOWING WEATHER WAS RECORDED YESTERDAY.
  THUNDERSTORM
  HEAVY RAIN
  RAIN
  LIGHT RAIN
  HAZE


RELATIVE HUMIDITY (PERCENT)
 HIGHEST    93           100 AM
 LOWEST     36           500 PM

..........................................................


THE HAMILTON - OWENS AIRPORT SC CLIMATE NORMALS FOR TODAY
                         NORMAL    RECORD    YEAR
 MAXIMUM TEMPERATURE (F)   86        MM        MM
 MINIMUM TEMPERATURE (F)   64        MM        MM


SUNRISE AND SUNSET
MAY 26 2017...........SUNRISE   616 AM EDT   SUNSET   826 PM EDT
MAY 27 2017...........SUNRISE   616 AM EDT   SUNSET   827 PM EDT


-  INDICATES NEGATIVE NUMBERS.
R  INDICATES RECORD WAS SET OR TIED.
MM INDICATES DATA IS MISSING.
T  INDICATES TRACE AMOUNT.




$$
