000
CDUS43 KUNR 240833
CLICUT


CLIMATE REPORT
NATIONAL WEATHER SERVICE RAPID CITY SD
232 AM MDT THU APR 24 2014


...................................

...THE CUSTER COUNTY AIRPORT SD CLIMATE SUMMARY FOR APRIL 23 2014...

CLIMATE NORMAL PERIOD 1981 TO 2010
CLIMATE RECORD PERIOD 9999 TO 9999


WEATHER ITEM   OBSERVED TIME   NORMAL DEPARTURE LAST
                VALUE   (LST)  VALUE  FROM      YEAR
                                      NORMAL
......................................................
TEMPERATURE (F)
 YESTERDAY
  MAXIMUM         59   1157 AM  53      6       30
  MINIMUM         32   1157 PM  30      2        2
  AVERAGE         46            41      5       16

PRECIPITATION (IN)
  YESTERDAY        T             0.07  -0.07     0.00
  MONTH TO DATE    1.21          1.51  -0.30     3.21
  SINCE MAR 1      2.41          2.52  -0.11     3.95
  SINCE JAN 1      3.74          3.38   0.36     4.88

DEGREE DAYS
 HEATING
  YESTERDAY       19            24     -5       49
  MONTH TO DATE  595           620    -25      825
  SINCE MAR 1   1647          1660    -13     1910
  SINCE JUL 1   7505          7495     10     7452

 COOLING
  YESTERDAY        0             0      0        0
  MONTH TO DATE    0             0      0        0
  SINCE MAR 1      0             0      0        0
  SINCE JAN 1      0             0      0        0
......................................................


WIND (MPH)
  HIGHEST WIND SPEED    30   HIGHEST WIND DIRECTION     W (270)
  HIGHEST GUST SPEED    45   HIGHEST GUST DIRECTION     W (280)
  AVERAGE WIND SPEED    12.0


SKY COVER
  AVERAGE SKY COVER 0.3


WEATHER CONDITIONS
 THE FOLLOWING WEATHER WAS RECORDED YESTERDAY.
  LIGHT RAIN


RELATIVE HUMIDITY (PERCENT)
 HIGHEST    76
 LOWEST     24
 AVERAGE    50

..........................................................




SUNRISE AND SUNSET
APRIL 24 2014.........SUNRISE   557 AM MDT   SUNSET   749 PM MDT
APRIL 25 2014.........SUNRISE   556 AM MDT   SUNSET   750 PM MDT


-  INDICATES NEGATIVE NUMBERS.
R  INDICATES RECORD WAS SET OR TIED.
MM INDICATES DATA IS MISSING.
T  INDICATES TRACE AMOUNT.




$$
