000
CDUS43 KUNR 240833
CLICUT


CLIMATE REPORT
NATIONAL WEATHER SERVICE RAPID CITY SD
232 AM MDT MON JUL 24 2017


...................................

...THE CUSTER COUNTY AIRPORT SD CLIMATE SUMMARY FOR JULY 23 2017...

CLIMATE NORMAL PERIOD 1981 TO 2010
CLIMATE RECORD PERIOD 9999 TO 9999


WEATHER ITEM   OBSERVED TIME   NORMAL DEPARTURE LAST
                VALUE   (LST)  VALUE  FROM      YEAR
                                      NORMAL
......................................................
TEMPERATURE (F)
 YESTERDAY
  MAXIMUM         84    328 PM  80      4       88
  MINIMUM         52    453 AM  52      0       62
  AVERAGE         68            66      2       75

PRECIPITATION (IN)
  YESTERDAY        0.00          0.07  -0.07     0.00
  MONTH TO DATE    1.48          1.85  -0.37     1.50
  SINCE JUN 1      2.82          5.07  -2.25     4.20
  SINCE JAN 1     10.70         12.18  -1.48     8.78

DEGREE DAYS
 HEATING
  YESTERDAY        0             2     -2        0
  MONTH TO DATE    3            50    -47       36
  SINCE JUN 1    158           270   -112       92
  SINCE JUL 1      3            50    -47       36

 COOLING
  YESTERDAY        3             3      0       10
  MONTH TO DATE  134            59     75       95
  SINCE JUN 1    154            84     70      172
  SINCE JAN 1    154            85     69      172
......................................................


WIND (MPH)
  HIGHEST WIND SPEED    20   HIGHEST WIND DIRECTION     E (80)
  HIGHEST GUST SPEED    24   HIGHEST GUST DIRECTION     E (90)
  AVERAGE WIND SPEED     9.8


SKY COVER
  AVERAGE SKY COVER 0.0


WEATHER CONDITIONS
 THE FOLLOWING WEATHER WAS RECORDED YESTERDAY.
  NO SIGNIFICANT WEATHER WAS OBSERVED.


RELATIVE HUMIDITY (PERCENT)
 HIGHEST    59
 LOWEST     23
 AVERAGE    41

..........................................................




SUNRISE AND SUNSET
JULY 24 2017..........SUNRISE   535 AM MDT   SUNSET   826 PM MDT
JULY 25 2017..........SUNRISE   536 AM MDT   SUNSET   825 PM MDT


-  INDICATES NEGATIVE NUMBERS.
R  INDICATES RECORD WAS SET OR TIED.
MM INDICATES DATA IS MISSING.
T  INDICATES TRACE AMOUNT.




$$
