000
CDUS43 KUNR 250836
CLICUT


CLIMATE REPORT
NATIONAL WEATHER SERVICE RAPID CITY SD
236 AM MDT MON SEP 25 2017


...................................

...THE CUSTER COUNTY AIRPORT SD CLIMATE SUMMARY FOR SEPTEMBER 24 2017...

CLIMATE NORMAL PERIOD 1981 TO 2010
CLIMATE RECORD PERIOD 9999 TO 9999


WEATHER ITEM   OBSERVED TIME   NORMAL DEPARTURE LAST
                VALUE   (LST)  VALUE  FROM      YEAR
                                      NORMAL
......................................................
TEMPERATURE (F)
 YESTERDAY
  MAXIMUM         47    906 AM  63    -16       50
  MINIMUM         38   1159 PM  38      0       40
  AVERAGE         43            50     -7       45

PRECIPITATION (IN)
  YESTERDAY        0.04          0.04   0.00     0.14
  MONTH TO DATE    1.32          1.35  -0.03     1.77
  SINCE SEP 1      1.32          1.35  -0.03     1.77
  SINCE JAN 1     18.89         16.27   2.62    14.61

DEGREE DAYS
 HEATING
  YESTERDAY       22            15      7       20
  MONTH TO DATE  186           236    -50      201
  SINCE SEP 1    186           236    -50      201
  SINCE JUL 1    287           390   -103      337

 COOLING
  YESTERDAY        0             0      0        0
  MONTH TO DATE   27            11     16        7
  SINCE SEP 1     27            11     16        7
  SINCE JAN 1    235           177     58      259
......................................................


WIND (MPH)
  HIGHEST WIND SPEED    12   HIGHEST WIND DIRECTION    NE (50)
  HIGHEST GUST SPEED    18   HIGHEST GUST DIRECTION     E (90)
  AVERAGE WIND SPEED     5.8


SKY COVER
  AVERAGE SKY COVER 0.9


WEATHER CONDITIONS
 THE FOLLOWING WEATHER WAS RECORDED YESTERDAY.
  RAIN
  LIGHT RAIN
  FOG
  HAZE


RELATIVE HUMIDITY (PERCENT)
 HIGHEST    93
 LOWEST     65
 AVERAGE    79

..........................................................




SUNRISE AND SUNSET
SEPTEMBER 25 2017.....SUNRISE   645 AM MDT   SUNSET   646 PM MDT
SEPTEMBER 26 2017.....SUNRISE   647 AM MDT   SUNSET   644 PM MDT


-  INDICATES NEGATIVE NUMBERS.
R  INDICATES RECORD WAS SET OR TIED.
MM INDICATES DATA IS MISSING.
T  INDICATES TRACE AMOUNT.




$$
