000
CDUS43 KUNR 300841
CLICUT


CLIMATE REPORT
NATIONAL WEATHER SERVICE RAPID CITY SD
238 AM MDT THU MAR 30 2017


...................................

...THE CUSTER COUNTY AIRPORT SD CLIMATE SUMMARY FOR MARCH 29 2017...

CLIMATE NORMAL PERIOD 1981 TO 2010
CLIMATE RECORD PERIOD 9999 TO 9999


WEATHER ITEM   OBSERVED TIME   NORMAL DEPARTURE LAST
                VALUE   (LST)  VALUE  FROM      YEAR
                                      NORMAL
......................................................
TEMPERATURE (F)
 YESTERDAY
  MAXIMUM         48    208 PM  45      3       49
  MINIMUM         28    615 AM  24      4       34
  AVERAGE         38            34      4       42

PRECIPITATION (IN)
  YESTERDAY        T             0.04  -0.04     0.00
  MONTH TO DATE    0.69          0.92  -0.23     1.05
  SINCE MAR 1      0.69          0.92  -0.23     1.05
  SINCE JAN 1      2.70          1.78   0.92     1.66

DEGREE DAYS
 HEATING
  YESTERDAY       27            31     -4       23
  MONTH TO DATE  791           979   -188      807
  SINCE MAR 1    791           979   -188      807
  SINCE JUL 1   6159          6814   -655     5862

 COOLING
  YESTERDAY        0             0      0        0
  MONTH TO DATE    0             0      0        0
  SINCE MAR 1      0             0      0        0
  SINCE JAN 1      0             0      0        0
......................................................


WIND (MPH)
  HIGHEST WIND SPEED    12   HIGHEST WIND DIRECTION     E (90)
  HIGHEST GUST SPEED    15   HIGHEST GUST DIRECTION     E (90)
  AVERAGE WIND SPEED     4.4


SKY COVER
  AVERAGE SKY COVER 0.5


WEATHER CONDITIONS
 THE FOLLOWING WEATHER WAS RECORDED YESTERDAY.
  LIGHT RAIN
  FOG


RELATIVE HUMIDITY (PERCENT)
 HIGHEST    92
 LOWEST     60
 AVERAGE    76

..........................................................




SUNRISE AND SUNSET
MARCH 30 2017.........SUNRISE   639 AM MDT   SUNSET   719 PM MDT
MARCH 31 2017.........SUNRISE   637 AM MDT   SUNSET   720 PM MDT


-  INDICATES NEGATIVE NUMBERS.
R  INDICATES RECORD WAS SET OR TIED.
MM INDICATES DATA IS MISSING.
T  INDICATES TRACE AMOUNT.




$$
