000
CDUS43 KUNR 120833
CLICUT


CLIMATE REPORT
NATIONAL WEATHER SERVICE RAPID CITY SD
231 AM MDT SAT JUL 12 2014


...................................

...THE CUSTER COUNTY AIRPORT SD CLIMATE SUMMARY FOR JULY 11 2014...

CLIMATE NORMAL PERIOD 1981 TO 2010
CLIMATE RECORD PERIOD 9999 TO 9999


WEATHER ITEM   OBSERVED TIME   NORMAL DEPARTURE LAST
                VALUE   (LST)  VALUE  FROM      YEAR
                                      NORMAL
......................................................
TEMPERATURE (F)
 YESTERDAY
  MAXIMUM         80   1119 AM  79      1       89
  MINIMUM         57   1159 PM  52      5       58
  AVERAGE         69            66      3       74

PRECIPITATION (IN)
  YESTERDAY        0.13          0.09   0.04     0.04
  MONTH TO DATE    0.78          0.85  -0.07     2.22
  SINCE JUN 1      4.17          4.07   0.10     3.87
  SINCE JAN 1     11.89         11.18   0.71    10.40

DEGREE DAYS
 HEATING
  YESTERDAY        0             2     -2        0
  MONTH TO DATE   35            26      9       10
  SINCE JUN 1    308           246     62      203
  SINCE JUL 1     35            26      9       10

 COOLING
  YESTERDAY        4             3      1        9
  MONTH TO DATE   31            23      8       21
  SINCE JUN 1     32            48    -16       30
  SINCE JAN 1     36            49    -13       32
......................................................


WIND (MPH)
  HIGHEST WIND SPEED    18   HIGHEST WIND DIRECTION     E (80)
  HIGHEST GUST SPEED    24   HIGHEST GUST DIRECTION    SE (140)
  AVERAGE WIND SPEED     5.8


SKY COVER
  AVERAGE SKY COVER 0.5


WEATHER CONDITIONS
 THE FOLLOWING WEATHER WAS RECORDED YESTERDAY.
  THUNDERSTORM
  RAIN
  LIGHT RAIN
  FOG


RELATIVE HUMIDITY (PERCENT)
 HIGHEST    93
 LOWEST     42
 AVERAGE    68

..........................................................




SUNRISE AND SUNSET
JULY 12 2014..........SUNRISE   524 AM MDT   SUNSET   836 PM MDT
JULY 13 2014..........SUNRISE   525 AM MDT   SUNSET   835 PM MDT


-  INDICATES NEGATIVE NUMBERS.
R  INDICATES RECORD WAS SET OR TIED.
MM INDICATES DATA IS MISSING.
T  INDICATES TRACE AMOUNT.




$$
