000
CDUS41 KILN 210553
CLICVG


CLIMATE REPORT
NATIONAL WEATHER SERVICE WILMINGTON OH
152 AM EDT SUN SEP 21 2014


...................................

...THE CINCINNATI OH CLIMATE SUMMARY FOR SEPTEMBER 20 2014...

CLIMATE NORMAL PERIOD 1981 TO 2010
CLIMATE RECORD PERIOD 1869 TO 2014


WEATHER ITEM   OBSERVED TIME   RECORD YEAR NORMAL DEPARTURE LAST
                VALUE   (LST)  VALUE       VALUE  FROM      YEAR
                                                  NORMAL
..................................................................
TEMPERATURE (F)
 YESTERDAY
  MAXIMUM         81    425 PM  95    1895  77      4       86
  MINIMUM         59    444 AM  39    1956  55      4       67
  AVERAGE         70                        66      4       77

PRECIPITATION (IN)
  YESTERDAY        0.00          2.33 2013   0.08  -0.08     2.33
  MONTH TO DATE    3.18                      1.73   1.45     2.93
  SINCE SEP 1      3.18                      1.73   1.45     2.93
  SINCE JAN 1     33.64                     31.52   2.12    35.98

SNOWFALL (IN)
  YESTERDAY        0.0          MM      MM   0.0    0.0      0.0
  MONTH TO DATE    0.0                       0.0    0.0      0.0
  SINCE SEP 1      0.0                       0.0    0.0      0.0
  SINCE JUL 1      0.0                       0.0    0.0      0.0
  SNOW DEPTH       0

DEGREE DAYS
 HEATING
  YESTERDAY        0                         2     -2        0
  MONTH TO DATE   37                        19     18       10
  SINCE SEP 1     37                        19     18       10
  SINCE JUL 1     42                        19     23       14

 COOLING
  YESTERDAY        5                         3      2       12
  MONTH TO DATE   92                       113    -21      136
  SINCE SEP 1     92                       113    -21      136
  SINCE JAN 1   1038                      1081    -43     1112
..................................................................


WIND (MPH)
  RESULTANT WIND SPEED   8   RESULTANT WIND DIRECTION   S (200)
  HIGHEST WIND SPEED    17   HIGHEST WIND DIRECTION    SW (230)
  HIGHEST GUST SPEED    23   HIGHEST GUST DIRECTION     S (190)
  AVERAGE WIND SPEED     8.4


SKY COVER
  POSSIBLE SUNSHINE  MM
  AVERAGE SKY COVER 0.6


WEATHER CONDITIONS
 THE FOLLOWING WEATHER WAS RECORDED YESTERDAY.
  FOG
  HAZE


RELATIVE HUMIDITY (PERCENT)
 HIGHEST    90           300 AM
 LOWEST     54           300 PM
 AVERAGE    72

..........................................................


THE CINCINNATI OH CLIMATE NORMALS FOR TODAY
                         NORMAL    RECORD    YEAR
 MAXIMUM TEMPERATURE (F)   76        97      1940
 MINIMUM TEMPERATURE (F)   55        35      1962


SUNRISE AND SUNSET
SEPTEMBER 21 2014.....SUNRISE   725 AM EDT   SUNSET   737 PM EDT
SEPTEMBER 22 2014.....SUNRISE   726 AM EDT   SUNSET   736 PM EDT


-  INDICATES NEGATIVE NUMBERS.
R  INDICATES RECORD WAS SET OR TIED.
MM INDICATES DATA IS MISSING.
T  INDICATES TRACE AMOUNT.




$$
