000
CDUS41 KILN 011238
CLICVG


CLIMATE REPORT...CORRECTED WINDS
NATIONAL WEATHER SERVICE WILMINGTON OH
836 AM EDT SAT AUG 1 2015


...................................

...THE CINCINNATI OH CLIMATE SUMMARY FOR JULY 31 2015...

CLIMATE NORMAL PERIOD 1981 TO 2010
CLIMATE RECORD PERIOD 1869 TO 2015


WEATHER ITEM   OBSERVED TIME   RECORD YEAR NORMAL DEPARTURE LAST
                VALUE   (LST)  VALUE       VALUE  FROM      YEAR
                                                  NORMAL
..................................................................
TEMPERATURE (F)
 YESTERDAY
  MAXIMUM         87    405 PM 100    1913  85      2       83
  MINIMUM         65    645 AM  50    1993  66     -1       61
  AVERAGE         76                        76      0       72

PRECIPITATION (IN)
  YESTERDAY        0.00          2.67 1926   0.12  -0.12     0.00
  MONTH TO DATE    5.04                      3.76   1.28     2.83
  SINCE JUN 1     12.37                      7.79   4.58     9.05
  SINCE JAN 1     29.60                     26.38   3.22    26.52

SNOWFALL (IN)
  YESTERDAY        0.0           0.0    MM   0.0    0.0      0.0
  MONTH TO DATE    0.0                       0.0    0.0      0.0
  SINCE JUN 1      0.0                       0.0    0.0      0.0
  SINCE JUL 1      0.0                       0.0    0.0      0.0
  SNOW DEPTH       0

DEGREE DAYS
 HEATING
  YESTERDAY        0                         0      0        0
  MONTH TO DATE    0                         0      0        5
  SINCE JUN 1     19                        15      4        8
  SINCE JUL 1      0                         0      0        5

 COOLING
  YESTERDAY       11                        11      0        7
  MONTH TO DATE  319                       339    -20      217
  SINCE JUN 1    578                       565     13      491
  SINCE JAN 1    727                       659     68      625
..................................................................


WIND (MPH)
  RESULTANT WIND SPEED   3   RESULTANT WIND DIRECTION   W (280)
  HIGHEST WIND SPEED    MM   HIGHEST WIND DIRECTION    MM
  HIGHEST GUST SPEED    MM   HIGHEST GUST DIRECTION    MM
  AVERAGE WIND SPEED     4.8


SKY COVER
  POSSIBLE SUNSHINE  MM
  AVERAGE SKY COVER 0.1


WEATHER CONDITIONS
 THE FOLLOWING WEATHER WAS RECORDED YESTERDAY.
  NO SIGNIFICANT WEATHER WAS OBSERVED.


RELATIVE HUMIDITY (PERCENT)
 HIGHEST    87           500 AM
 LOWEST     34           200 PM
 AVERAGE    61

..........................................................


THE CINCINNATI OH CLIMATE NORMALS FOR TODAY
                         NORMAL    RECORD    YEAR
 MAXIMUM TEMPERATURE (F)   85        98      1933
 MINIMUM TEMPERATURE (F)   66        52      1992


SUNRISE AND SUNSET
AUGUST  1 2015........SUNRISE   639 AM EDT   SUNSET   850 PM EDT
AUGUST  2 2015........SUNRISE   640 AM EDT   SUNSET   849 PM EDT


-  INDICATES NEGATIVE NUMBERS.
R  INDICATES RECORD WAS SET OR TIED.
MM INDICATES DATA IS MISSING.
T  INDICATES TRACE AMOUNT.




$$
