000
CDUS41 KILN 042104
CLICVG


CLIMATE REPORT
NATIONAL WEATHER SERVICE WILMINGTON OH
503 PM EDT FRI SEP 4 2015


...................................

...THE CINCINNATI OH CLIMATE SUMMARY FOR SEPTEMBER 4 2015...
VALID TODAY AS OF 0500 PM LOCAL TIME.

CLIMATE NORMAL PERIOD 1981 TO 2010
CLIMATE RECORD PERIOD 1869 TO 2015


WEATHER ITEM   OBSERVED TIME   RECORD YEAR NORMAL DEPARTURE LAST
                VALUE   (LST)  VALUE       VALUE  FROM      YEAR
                                                  NORMAL
..................................................................
TEMPERATURE (F)
 TODAY
  MAXIMUM         93    325 PM  96    2007  82     11       88
  MINIMUM         66    458 AM  45    1952  62      4       63
  AVERAGE         80                        72      8       76

PRECIPITATION (IN)
  TODAY            0.00          1.88 1991   0.08  -0.08     0.00
  MONTH TO DATE    0.00                      0.35  -0.35     1.30
  SINCE SEP 1      0.00                      0.35  -0.35     1.30
  SINCE JAN 1     32.21                     30.14   2.07    31.76

SNOWFALL (IN)
  TODAY            0.0           0.0    MM   0.0    0.0      0.0
  MONTH TO DATE    0.0                       0.0    0.0      0.0
  SINCE SEP 1      0.0                       0.0    0.0      0.0
  SINCE JUL 1      0.0                       0.0    0.0      0.0
  SNOW DEPTH       0

DEGREE DAYS
 HEATING
  TODAY            0                         0      0        0
  MONTH TO DATE    0                         0      0        0
  SINCE SEP 1      0                         0      0        0
  SINCE JUL 1      2                         0      2        5

 COOLING
  TODAY           15                         7      8       11
  MONTH TO DATE   54                        31     23       43
  SINCE SEP 1     54                        31     23       43
  SINCE JAN 1   1009                       999     10      989
..................................................................


WIND (MPH)
  HIGHEST WIND SPEED    10   HIGHEST WIND DIRECTION    SW (230)
  HIGHEST GUST SPEED    13   HIGHEST GUST DIRECTION     W (250)
  AVERAGE WIND SPEED     2.7


SKY COVER
  POSSIBLE SUNSHINE  MM
  AVERAGE SKY COVER 0.3


WEATHER CONDITIONS
 THE FOLLOWING WEATHER WAS RECORDED TODAY.
  FOG
  HAZE


RELATIVE HUMIDITY (PERCENT)
 HIGHEST   100           600 AM
 LOWEST     44           100 PM
 AVERAGE    72

..........................................................


THE CINCINNATI OH CLIMATE NORMALS FOR TOMORROW
                         NORMAL    RECORD    YEAR
 MAXIMUM TEMPERATURE (F)   82       100      1954
 MINIMUM TEMPERATURE (F)   61        44      1997


SUNRISE AND SUNSET
SEPTEMBER  4 2015.....SUNRISE   710 AM EDT   SUNSET   805 PM EDT
SEPTEMBER  5 2015.....SUNRISE   711 AM EDT   SUNSET   803 PM EDT


-  INDICATES NEGATIVE NUMBERS.
R  INDICATES RECORD WAS SET OR TIED.
MM INDICATES DATA IS MISSING.
T  INDICATES TRACE AMOUNT.




$$
