000
CDUS41 KILN 012053
CLICVG


CLIMATE REPORT
NATIONAL WEATHER SERVICE WILMINGTON OH
453 PM EDT SUN MAY 1 2016


...................................

...THE CINCINNATI OH CLIMATE SUMMARY FOR MAY 1 2016...
VALID TODAY AS OF 0400 PM LOCAL TIME.

CLIMATE NORMAL PERIOD 1981 TO 2010
CLIMATE RECORD PERIOD 1869 TO 2016


WEATHER ITEM   OBSERVED TIME   RECORD YEAR NORMAL DEPARTURE LAST
                VALUE   (LST)  VALUE       VALUE  FROM      YEAR
                                                  NORMAL
..................................................................
TEMPERATURE (F)
 TODAY
  MAXIMUM         80    307 PM  92    1951  70     10       73
  MINIMUM         60    354 AM  27    1963  49     11       44
  AVERAGE         70                        59     11       59

PRECIPITATION (IN)
  TODAY            0.11          2.43 1893   0.16  -0.05     0.00
  MONTH TO DATE    0.11                      0.16  -0.05     0.00
  SINCE MAR 1     10.29                      8.01   2.28    11.45
  SINCE JAN 1     16.92                     13.82   3.10    15.60

SNOWFALL (IN)
  TODAY            0.0           0.0    MM   0.0    0.0      0.0
  MONTH TO DATE    0.0                       0.0    0.0      0.0
  SINCE MAR 1      2.3                       3.5   -1.2      4.9
  SINCE JUL 1     19.2                      22.1   -2.9     29.9
  SNOW DEPTH       0

DEGREE DAYS
 HEATING
  TODAY            0                         7     -7        6
  MONTH TO DATE    0                         7     -7        6
  SINCE MAR 1    765                      1014   -249      988
  SINCE JUL 1   3973                      4841   -868     5215

 COOLING
  TODAY            5                         1      4        0
  MONTH TO DATE    5                         1      4        0
  SINCE MAR 1     23                        19      4        5
  SINCE JAN 1     23                        19      4        5
..................................................................


WIND (MPH)
  HIGHEST WIND SPEED    13   HIGHEST WIND DIRECTION     S (200)
  HIGHEST GUST SPEED    17   HIGHEST GUST DIRECTION     S (200)
  AVERAGE WIND SPEED     6.6


SKY COVER
  POSSIBLE SUNSHINE  MM
  AVERAGE SKY COVER 0.7


WEATHER CONDITIONS
 THE FOLLOWING WEATHER WAS RECORDED TODAY.
  LIGHT RAIN
  FOG


RELATIVE HUMIDITY (PERCENT)
 HIGHEST   100           300 AM
 LOWEST     50           300 PM
 AVERAGE    75

..........................................................


THE CINCINNATI OH CLIMATE NORMALS FOR TOMORROW
                         NORMAL    RECORD    YEAR
 MAXIMUM TEMPERATURE (F)   70        90      1959
 MINIMUM TEMPERATURE (F)   49        30      1994


SUNRISE AND SUNSET
MAY  1 2016...........SUNRISE   640 AM EDT   SUNSET   832 PM EDT
MAY  2 2016...........SUNRISE   639 AM EDT   SUNSET   833 PM EDT


-  INDICATES NEGATIVE NUMBERS.
R  INDICATES RECORD WAS SET OR TIED.
MM INDICATES DATA IS MISSING.
T  INDICATES TRACE AMOUNT.




$$
