000
CDUS41 KILN 250547
CLICVG


CLIMATE REPORT
NATIONAL WEATHER SERVICE WILMINGTON OH
147 AM EDT SAT OCT 25 2014


...................................

...THE CINCINNATI OH CLIMATE SUMMARY FOR OCTOBER 24 2014...

CLIMATE NORMAL PERIOD 1981 TO 2010
CLIMATE RECORD PERIOD 1869 TO 2014


WEATHER ITEM   OBSERVED TIME   RECORD YEAR NORMAL DEPARTURE LAST
                VALUE   (LST)  VALUE       VALUE  FROM      YEAR
                                                  NORMAL
..................................................................
TEMPERATURE (F)
 YESTERDAY
  MAXIMUM         67    322 PM  81    1920  63      4       45
  MINIMUM         40    808 AM  20    1981  43     -3       36
  AVERAGE         54                        53      1       41

PRECIPITATION (IN)
  YESTERDAY        0.00          1.55 2001   0.10  -0.10     0.02
  MONTH TO DATE    3.02                      2.55   0.47     4.52
  SINCE SEP 1      6.22                      5.18   1.04     8.17
  SINCE JAN 1     36.68                     34.97   1.71    41.22

SNOWFALL (IN)
  YESTERDAY        0.0           T    2013   0.0    0.0       T
  MONTH TO DATE    0.0                       0.2   -0.2       T
  SINCE SEP 1      0.0                       0.2   -0.2       T
  SINCE JUL 1      0.0                       0.2   -0.2       T
  SNOW DEPTH       0

DEGREE DAYS
 HEATING
  YESTERDAY       11                        12     -1       24
  MONTH TO DATE  226                       211     15      192
  SINCE SEP 1    277                       269      8      218
  SINCE JUL 1    282                       269     13      222

 COOLING
  YESTERDAY        0                         0      0        0
  MONTH TO DATE   13                        16     -3       30
  SINCE SEP 1    131                       153    -22      174
  SINCE JAN 1   1077                      1121    -44     1150
..................................................................


WIND (MPH)
  RESULTANT WIND SPEED   2   RESULTANT WIND DIRECTION  SW (220)
  HIGHEST WIND SPEED     9   HIGHEST WIND DIRECTION     W (270)
  HIGHEST GUST SPEED    13   HIGHEST GUST DIRECTION     W (270)
  AVERAGE WIND SPEED     2.3


SKY COVER
  POSSIBLE SUNSHINE  MM
  AVERAGE SKY COVER 0.4


WEATHER CONDITIONS
 THE FOLLOWING WEATHER WAS RECORDED YESTERDAY.
  FOG
  FOG W/VISIBILITY <= 1/4 MILE
  HAZE


RELATIVE HUMIDITY (PERCENT)
 HIGHEST    92           800 AM
 LOWEST     34           300 PM
 AVERAGE    63

..........................................................


THE CINCINNATI OH CLIMATE NORMALS FOR TODAY
                         NORMAL    RECORD    YEAR
 MAXIMUM TEMPERATURE (F)   63        82      1963
 MINIMUM TEMPERATURE (F)   43        25      1960


SUNRISE AND SUNSET
OCTOBER 25 2014.......SUNRISE   759 AM EDT   SUNSET   646 PM EDT
OCTOBER 26 2014.......SUNRISE   800 AM EDT   SUNSET   645 PM EDT


-  INDICATES NEGATIVE NUMBERS.
R  INDICATES RECORD WAS SET OR TIED.
MM INDICATES DATA IS MISSING.
T  INDICATES TRACE AMOUNT.




$$
