000
CDUS41 KILN 260635
CLICVG


CLIMATE REPORT
NATIONAL WEATHER SERVICE WILMINGTON OH
134 AM EST WED NOV 26 2014


...................................

...THE CINCINNATI OH CLIMATE SUMMARY FOR NOVEMBER 25 2014...

CLIMATE NORMAL PERIOD 1981 TO 2010
CLIMATE RECORD PERIOD 1869 TO 2014


WEATHER ITEM   OBSERVED TIME   RECORD YEAR NORMAL DEPARTURE LAST
                VALUE   (LST)  VALUE       VALUE  FROM      YEAR
                                                  NORMAL
..................................................................
TEMPERATURE (F)
 YESTERDAY
  MAXIMUM         44    308 PM  70    1908  49     -5       40
                                      1896
  MINIMUM         31   1159 PM   0    1950  33     -2       19
  AVERAGE         38                        41     -3       30

PRECIPITATION (IN)
  YESTERDAY        0.00          2.62 2010   0.12  -0.12     0.01
  MONTH TO DATE    1.67                      2.84  -1.17     2.08
  SINCE SEP 1      8.13                      8.77  -0.64    11.41
  SINCE JAN 1     38.59                     38.56   0.03    44.46

SNOWFALL (IN)
  YESTERDAY        0.0           3.1  1950   0.1   -0.1      0.2
  MONTH TO DATE    5.1                       0.3    4.8      0.9
  SINCE SEP 1      5.1                       0.7    4.4      0.9
  SINCE JUL 1      5.1                       0.7    4.4      0.9
  SNOW DEPTH       0

DEGREE DAYS
 HEATING
  YESTERDAY       27                        24      3       35
  MONTH TO DATE  660                       472    188      533
  SINCE SEP 1   1011                       834    177      862
  SINCE JUL 1   1016                       834    182      866

 COOLING
  YESTERDAY        0                         0      0        0
  MONTH TO DATE    0                         0      0        0
  SINCE SEP 1    131                       153    -22      174
  SINCE JAN 1   1077                      1121    -44     1150
..................................................................


WIND (MPH)
  RESULTANT WIND SPEED   6   RESULTANT WIND DIRECTION   W (270)
  HIGHEST WIND SPEED    17   HIGHEST WIND DIRECTION     W (270)
  HIGHEST GUST SPEED    21   HIGHEST GUST DIRECTION     W (260)
  AVERAGE WIND SPEED     7.7


SKY COVER
  POSSIBLE SUNSHINE  MM
  AVERAGE SKY COVER 0.5


WEATHER CONDITIONS
 THE FOLLOWING WEATHER WAS RECORDED YESTERDAY.
  NO SIGNIFICANT WEATHER WAS OBSERVED.


RELATIVE HUMIDITY (PERCENT)
 HIGHEST    78          1100 PM
 LOWEST     49           300 PM
 AVERAGE    64

..........................................................


THE CINCINNATI OH CLIMATE NORMALS FOR TODAY
                         NORMAL    RECORD    YEAR
 MAXIMUM TEMPERATURE (F)   49        71      1896
                                             1887
 MINIMUM TEMPERATURE (F)   33         9      1930


SUNRISE AND SUNSET
NOVEMBER 26 2014......SUNRISE   734 AM EST   SUNSET   518 PM EST
NOVEMBER 27 2014......SUNRISE   735 AM EST   SUNSET   518 PM EST


-  INDICATES NEGATIVE NUMBERS.
R  INDICATES RECORD WAS SET OR TIED.
MM INDICATES DATA IS MISSING.
T  INDICATES TRACE AMOUNT.




$$
