000
CDUS41 KILN 090537
CLICVG


CLIMATE REPORT
NATIONAL WEATHER SERVICE WILMINGTON OH
1236 AM EST TUE FEB 9 2016


...................................

...THE CINCINNATI OH CLIMATE SUMMARY FOR FEBRUARY 8 2016...

CLIMATE NORMAL PERIOD 1981 TO 2010
CLIMATE RECORD PERIOD 1869 TO 2016


WEATHER ITEM   OBSERVED TIME   RECORD YEAR NORMAL DEPARTURE LAST
                VALUE   (LST)  VALUE       VALUE  FROM      YEAR
                                                  NORMAL
..................................................................
TEMPERATURE (F)
 YESTERDAY
  MAXIMUM         45    119 AM  73    1937  41      4       59
  MINIMUM         23   1159 PM -12    1895  25     -2       47
  AVERAGE         34                        33      1       53

PRECIPITATION (IN)
  YESTERDAY        0.27          2.06 1950   0.11   0.16     0.01
  MONTH TO DATE    2.00                      0.84   1.16     0.36
  SINCE DEC 1      9.48                      7.21   2.27     6.31
  SINCE JAN 1      3.39                      3.84  -0.45     2.71

SNOWFALL (IN)
  YESTERDAY        2.1           6.4  1971   0.3    1.8      0.0
  MONTH TO DATE    2.1                       2.2   -0.1      1.1
  SINCE DEC 1     10.6                      13.5   -2.9      2.4
  SINCE JUL 1     10.6                      14.3   -3.7      7.5
  SNOW DEPTH       0

DEGREE DAYS
 HEATING
  YESTERDAY       31                        32     -1       12
  MONTH TO DATE  204                       262    -58      249
  SINCE DEC 1   1843                      2274   -431     2166
  SINCE JUL 1   2588                      3234   -646     3304

 COOLING
  YESTERDAY        0                         0      0        0
  MONTH TO DATE    0                         0      0        0
  SINCE DEC 1      0                         0      0        0
  SINCE JAN 1      0                         0      0        0
..................................................................


WIND (MPH)
  RESULTANT WIND SPEED  10   RESULTANT WIND DIRECTION   W (270)
  HIGHEST WIND SPEED    23   HIGHEST WIND DIRECTION     W (280)
  HIGHEST GUST SPEED    29   HIGHEST GUST DIRECTION     W (280)
  AVERAGE WIND SPEED    10.3


SKY COVER
  POSSIBLE SUNSHINE  MM
  AVERAGE SKY COVER 1.0


WEATHER CONDITIONS
 THE FOLLOWING WEATHER WAS RECORDED YESTERDAY.
  MIXED PRECIP
  LIGHT RAIN
  SNOW
  LIGHT SNOW
  FOG
  FOG W/VISIBILITY <= 1/4 MILE


RELATIVE HUMIDITY (PERCENT)
 HIGHEST    96           300 PM
 LOWEST     40          1200 AM
 AVERAGE    68

..........................................................


THE CINCINNATI OH CLIMATE NORMALS FOR TODAY
                         NORMAL    RECORD    YEAR
 MAXIMUM TEMPERATURE (F)   41        67      2001
 MINIMUM TEMPERATURE (F)   25       -17      1899


SUNRISE AND SUNSET
FEBRUARY  9 2016......SUNRISE   738 AM EST   SUNSET   609 PM EST
FEBRUARY 10 2016......SUNRISE   737 AM EST   SUNSET   610 PM EST


-  INDICATES NEGATIVE NUMBERS.
R  INDICATES RECORD WAS SET OR TIED.
MM INDICATES DATA IS MISSING.
T  INDICATES TRACE AMOUNT.




$$
