000
CDUS41 KILN 192055
CLICVG


CLIMATE REPORT
NATIONAL WEATHER SERVICE WILMINGTON OH
451 PM EDT TUE AUG 19 2014


...................................

...THE CINCINNATI OH CLIMATE SUMMARY FOR AUGUST 19 2014...
VALID TODAY AS OF 0400 PM LOCAL TIME.

CLIMATE NORMAL PERIOD 1981 TO 2010
CLIMATE RECORD PERIOD 1869 TO 2014


WEATHER ITEM   OBSERVED TIME   RECORD YEAR NORMAL DEPARTURE LAST
                VALUE   (LST)  VALUE       VALUE  FROM      YEAR
                                                  NORMAL
..................................................................
TEMPERATURE (F)
 TODAY
  MAXIMUM         87    316 PM 102    1936  85      2       85
  MINIMUM         66    434 AM  49    1953  65      1       62
  AVERAGE         77                        75      2       74

PRECIPITATION (IN)
  TODAY            0.00          1.37 1905   0.11  -0.11     0.00
  MONTH TO DATE    2.05                      2.17  -0.12     2.02
  SINCE JUN 1     11.10                      9.96   1.14    13.50
  SINCE JAN 1     28.57                     28.55   0.02    31.38

SNOWFALL (IN)
  TODAY            0.0           0.0    MM   0.0    0.0      0.0
  MONTH TO DATE    0.0                       0.0    0.0      0.0
  SINCE JUN 1      0.0                       0.0    0.0      0.0
  SINCE JUL 1      0.0                       0.0    0.0      0.0
  SNOW DEPTH       0

DEGREE DAYS
 HEATING
  TODAY            0                         0      0        0
  MONTH TO DATE    0                         0      0        2
  SINCE JUN 1      8                        15     -7        5
  SINCE JUL 1      5                         0      5        4

 COOLING
  TODAY           12                        10      2        9
  MONTH TO DATE  156                       199    -43      142
  SINCE JUN 1    647                       764   -117      685
  SINCE JAN 1    781                       858    -77      824
..................................................................


WIND (MPH)
  HIGHEST WIND SPEED    13   HIGHEST WIND DIRECTION     S (190)
  HIGHEST GUST SPEED    17   HIGHEST GUST DIRECTION     S (190)
  AVERAGE WIND SPEED     4.2


SKY COVER
  POSSIBLE SUNSHINE  MM
  AVERAGE SKY COVER 0.6


WEATHER CONDITIONS
 THE FOLLOWING WEATHER WAS RECORDED TODAY.
  FOG
  FOG W/VISIBILITY <= 1/4 MILE
  HAZE


RELATIVE HUMIDITY (PERCENT)
 HIGHEST   100           900 AM
 LOWEST     51           200 PM
 AVERAGE    76

..........................................................


THE CINCINNATI OH CLIMATE NORMALS FOR TOMORROW
                         NORMAL    RECORD    YEAR
 MAXIMUM TEMPERATURE (F)   85       102      1962
 MINIMUM TEMPERATURE (F)   65        49      1932


SUNRISE AND SUNSET
AUGUST 19 2014........SUNRISE   656 AM EDT   SUNSET   828 PM EDT
AUGUST 20 2014........SUNRISE   657 AM EDT   SUNSET   827 PM EDT


-  INDICATES NEGATIVE NUMBERS.
R  INDICATES RECORD WAS SET OR TIED.
MM INDICATES DATA IS MISSING.
T  INDICATES TRACE AMOUNT.




$$
