000
CDUS41 KILN 222055
CLICVG


CLIMATE REPORT
NATIONAL WEATHER SERVICE WILMINGTON OH
454 PM EDT TUE AUG 22 2017


...................................

...THE CINCINNATI OH CLIMATE SUMMARY FOR AUGUST 22 2017...
VALID TODAY AS OF 0400 PM LOCAL TIME.

CLIMATE NORMAL PERIOD 1981 TO 2010
CLIMATE RECORD PERIOD 1869 TO 2017


WEATHER ITEM   OBSERVED TIME   RECORD YEAR NORMAL DEPARTURE LAST
                VALUE   (LST)  VALUE       VALUE  FROM      YEAR
                                                  NORMAL
..................................................................
TEMPERATURE (F)
 TODAY
  MAXIMUM         85   1056 AM 103    1936  85      0       80
  MINIMUM         73   1129 AM  48    1950  64      9       56
  AVERAGE         79                        75      4       68

PRECIPITATION (IN)
  TODAY            0.68          1.41 1971   0.11   0.57     0.00
  MONTH TO DATE    1.85                      2.51  -0.66     5.08
  SINCE JUN 1     12.91                     10.30   2.61    12.63
  SINCE JAN 1     36.31                     28.89   7.42    32.24

SNOWFALL (IN)
  TODAY            0.0           0.0    MM   0.0    0.0      0.0
  MONTH TO DATE    0.0                       0.0    0.0      0.0
  SINCE JUN 1      0.0                       0.0    0.0      0.0
  SINCE JUL 1      0.0                       0.0    0.0      0.0
  SNOW DEPTH       0

DEGREE DAYS
 HEATING
  TODAY            0                         0      0        0
  MONTH TO DATE    1                         0      1        0
  SINCE JUN 1      8                        15     -7        2
  SINCE JUL 1      1                         0      1        0

 COOLING
  TODAY           14                        10      4        3
  MONTH TO DATE  206                       229    -23      292
  SINCE JUN 1    751                       794    -43      954
  SINCE JAN 1    885                       888     -3     1047
..................................................................


WIND (MPH)
  HIGHEST WIND SPEED    20   HIGHEST WIND DIRECTION     S (200)
  HIGHEST GUST SPEED    29   HIGHEST GUST DIRECTION     S (190)
  AVERAGE WIND SPEED     9.5


SKY COVER
  POSSIBLE SUNSHINE  MM
  AVERAGE SKY COVER 0.8


WEATHER CONDITIONS
 THE FOLLOWING WEATHER WAS RECORDED TODAY.
  THUNDERSTORM
  HEAVY RAIN
  RAIN
  LIGHT RAIN
  FOG
  HAZE


RELATIVE HUMIDITY (PERCENT)
 HIGHEST    91          1200 PM
 LOWEST     74          1100 AM
 AVERAGE    83

..........................................................


THE CINCINNATI OH CLIMATE NORMALS FOR TOMORROW
                         NORMAL    RECORD    YEAR
 MAXIMUM TEMPERATURE (F)   85       100      2007
 MINIMUM TEMPERATURE (F)   64        46      1923


SUNRISE AND SUNSET
AUGUST 22 2017........SUNRISE   659 AM EDT   SUNSET   824 PM EDT
AUGUST 23 2017........SUNRISE   700 AM EDT   SUNSET   822 PM EDT


-  INDICATES NEGATIVE NUMBERS.
R  INDICATES RECORD WAS SET OR TIED.
MM INDICATES DATA IS MISSING.
T  INDICATES TRACE AMOUNT.




$$
