000
CDUS41 KILN 240628
CLICVG


CLIMATE REPORT
NATIONAL WEATHER SERVICE WILMINGTON OH
128 AM EST TUE JAN 24 2017


...................................

...THE CINCINNATI OH CLIMATE SUMMARY FOR JANUARY 23 2017...

CLIMATE NORMAL PERIOD 1981 TO 2010
CLIMATE RECORD PERIOD 1869 TO 2017


WEATHER ITEM   OBSERVED TIME   RECORD YEAR NORMAL DEPARTURE LAST
                VALUE   (LST)  VALUE       VALUE  FROM      YEAR
                                                  NORMAL
..................................................................
TEMPERATURE (F)
 YESTERDAY
  MAXIMUM         56   1210 AM  70    1993  39     17       30
  MINIMUM         42   1159 PM -16    1963  23     19       14
                                      1936
  AVERAGE         49                        31     18       22

PRECIPITATION (IN)
  YESTERDAY        0.08          1.57 1996   0.09  -0.01     0.01
  MONTH TO DATE    3.52                      2.22   1.30     1.36
  SINCE DEC 1      7.95                      5.59   2.36     7.45
  SINCE JAN 1      3.52                      2.22   1.30     1.36

SNOWFALL (IN)
  YESTERDAY        0.0           5.5  1963   0.2   -0.2      0.1
  MONTH TO DATE    2.5                       4.6   -2.1      8.5
  SINCE DEC 1      4.7                       9.4   -4.7      8.5
  SINCE JUL 1      4.7                      10.2   -5.5      8.5
  SNOW DEPTH       0

DEGREE DAYS
 HEATING
  YESTERDAY       16                        34    -18       43
  MONTH TO DATE  608                       782   -174      841
  SINCE DEC 1   1577                      1741   -164     1417
  SINCE JUL 1   2259                      2701   -442     2162

 COOLING
  YESTERDAY        0                         0      0        0
  MONTH TO DATE    0                         0      0        0
  SINCE DEC 1      0                         0      0        0
  SINCE JAN 1      0                         0      0        0
..................................................................


WIND (MPH)
  RESULTANT WIND SPEED  14   RESULTANT WIND DIRECTION   N (350)
  HIGHEST WIND SPEED    24   HIGHEST WIND DIRECTION     N (350)
  HIGHEST GUST SPEED    29   HIGHEST GUST DIRECTION     N (350)
  AVERAGE WIND SPEED    15.5


SKY COVER
  POSSIBLE SUNSHINE  MM
  AVERAGE SKY COVER 1.0


WEATHER CONDITIONS
 THE FOLLOWING WEATHER WAS RECORDED YESTERDAY.
  LIGHT RAIN
  FOG


RELATIVE HUMIDITY (PERCENT)
 HIGHEST   100           900 AM
 LOWEST     77          1200 AM
 AVERAGE    89

..........................................................


THE CINCINNATI OH CLIMATE NORMALS FOR TODAY
                         NORMAL    RECORD    YEAR
 MAXIMUM TEMPERATURE (F)   39        77      1943
 MINIMUM TEMPERATURE (F)   23       -19      1963


SUNRISE AND SUNSET
JANUARY 24 2017.......SUNRISE   751 AM EST   SUNSET   551 PM EST
JANUARY 25 2017.......SUNRISE   751 AM EST   SUNSET   552 PM EST


-  INDICATES NEGATIVE NUMBERS.
R  INDICATES RECORD WAS SET OR TIED.
MM INDICATES DATA IS MISSING.
T  INDICATES TRACE AMOUNT.




$$
