000
CDUS41 KILN 260602
CLICVG


CLIMATE REPORT
NATIONAL WEATHER SERVICE WILMINGTON OH
202 AM EDT SAT JUL 26 2014


...................................

...THE CINCINNATI OH CLIMATE SUMMARY FOR JULY 25 2014...

CLIMATE NORMAL PERIOD 1981 TO 2010
CLIMATE RECORD PERIOD 1869 TO 2014


WEATHER ITEM   OBSERVED TIME   RECORD YEAR NORMAL DEPARTURE LAST
                VALUE   (LST)  VALUE       VALUE  FROM      YEAR
                                                  NORMAL
..................................................................
TEMPERATURE (F)
 YESTERDAY
  MAXIMUM         79    316 PM 107    1934  86     -7       78
  MINIMUM         55R   430 AM  55    2014  66    -11       59
  AVERAGE         67                        76     -9       69

PRECIPITATION (IN)
  YESTERDAY        0.00          1.87 1968   0.13  -0.13     0.00
  MONTH TO DATE    2.21                      3.03  -0.82     5.05
  SINCE JUN 1      8.43                      7.06   1.37    11.07
  SINCE JAN 1     25.90                     25.65   0.25    28.95

SNOWFALL (IN)
  YESTERDAY        0.0           0.0    MM   0.0    0.0      0.0
  MONTH TO DATE    0.0                       0.0    0.0      0.0
  SINCE JUN 1      0.0                       0.0    0.0      0.0
  SINCE JUL 1      0.0                       0.0    0.0      0.0
  SNOW DEPTH       0

DEGREE DAYS
 HEATING
  YESTERDAY        0                         0      0        0
  MONTH TO DATE    2                         0      2        0
  SINCE JUN 1      5                        15    -10        1
  SINCE JUL 1      2                         0      2        0

 COOLING
  YESTERDAY        2                        11     -9        4
  MONTH TO DATE  185                       273    -88      284
  SINCE JUN 1    459                       499    -40      523
  SINCE JAN 1    593                       593      0      662
..................................................................


WIND (MPH)
  RESULTANT WIND SPEED   1   RESULTANT WIND DIRECTION  SE (140)
  HIGHEST WIND SPEED    10   HIGHEST WIND DIRECTION    SE (130)
  HIGHEST GUST SPEED    13   HIGHEST GUST DIRECTION    SW (210)
  AVERAGE WIND SPEED     3.8


SKY COVER
  POSSIBLE SUNSHINE  MM
  AVERAGE SKY COVER 0.5


WEATHER CONDITIONS
 THE FOLLOWING WEATHER WAS RECORDED YESTERDAY.
  NO SIGNIFICANT WEATHER WAS OBSERVED.


RELATIVE HUMIDITY (PERCENT)
 HIGHEST    78           700 AM
 LOWEST     43           100 PM
 AVERAGE    61

..........................................................


THE CINCINNATI OH CLIMATE NORMALS FOR TODAY
                         NORMAL    RECORD    YEAR
 MAXIMUM TEMPERATURE (F)   86       100      1934
 MINIMUM TEMPERATURE (F)   66        52      1962
                                             1920


SUNRISE AND SUNSET
JULY 26 2014..........SUNRISE   634 AM EDT   SUNSET   856 PM EDT
JULY 27 2014..........SUNRISE   635 AM EDT   SUNSET   855 PM EDT


-  INDICATES NEGATIVE NUMBERS.
R  INDICATES RECORD WAS SET OR TIED.
MM INDICATES DATA IS MISSING.
T  INDICATES TRACE AMOUNT.




$$
