000
CDUS41 KILN 170541
CLICVG


CLIMATE REPORT
NATIONAL WEATHER SERVICE WILMINGTON OH
140 AM EDT THU APR 17 2014


...................................

...THE CINCINNATI OH CLIMATE SUMMARY FOR APRIL 16 2014...

CLIMATE NORMAL PERIOD 1981 TO 2010
CLIMATE RECORD PERIOD 1869 TO 2014


WEATHER ITEM   OBSERVED TIME   RECORD YEAR NORMAL DEPARTURE LAST
                VALUE   (LST)  VALUE       VALUE  FROM      YEAR
                                                  NORMAL
..................................................................
TEMPERATURE (F)
 YESTERDAY
  MAXIMUM         51    533 PM  86    1896  65    -14       80
  MINIMUM         27    611 AM  24    1875  44    -17       56
  AVERAGE         39                        54    -15       68

PRECIPITATION (IN)
  YESTERDAY        0.00          2.14 1998   0.12  -0.12     0.27
  MONTH TO DATE    4.84                      2.01   2.83     1.63
  SINCE MAR 1      7.25                      5.97   1.28     5.54
  SINCE JAN 1     12.79                     11.78   1.01    11.14

SNOWFALL (IN)
  YESTERDAY        0.0           0.4  1935   0.0    0.0      0.0
  MONTH TO DATE    0.6                       0.4    0.2       T
  SINCE MAR 1      3.9                       3.4    0.5      8.8
  SINCE JUL 1     47.5                      22.0   25.5     25.2
  SNOW DEPTH       0

DEGREE DAYS
 HEATING
  YESTERDAY       26                        11     15        0
  MONTH TO DATE  189                       216    -27      183
  SINCE MAR 1    971                       882     89     1038
  SINCE JUL 1   5215                      4709    506     4748

 COOLING
  YESTERDAY        0                         1     -1        3
  MONTH TO DATE    7                         4      3       15
  SINCE MAR 1      7                         4      3       15
  SINCE JAN 1      7                         4      3       15
..................................................................


WIND (MPH)
  RESULTANT WIND SPEED   8   RESULTANT WIND DIRECTION   E (100)
  HIGHEST WIND SPEED    16   HIGHEST WIND DIRECTION    SE (120)
  HIGHEST GUST SPEED    23   HIGHEST GUST DIRECTION     E (90)
  AVERAGE WIND SPEED     8.4


SKY COVER
  POSSIBLE SUNSHINE  MM
  AVERAGE SKY COVER 0.5


WEATHER CONDITIONS
 THE FOLLOWING WEATHER WAS RECORDED YESTERDAY.
  NO SIGNIFICANT WEATHER WAS OBSERVED.


RELATIVE HUMIDITY (PERCENT)
 HIGHEST    63           300 AM
 LOWEST     29           400 PM
 AVERAGE    46

..........................................................


THE CINCINNATI OH CLIMATE NORMALS FOR TODAY
                         NORMAL    RECORD    YEAR
 MAXIMUM TEMPERATURE (F)   65        87      1896
 MINIMUM TEMPERATURE (F)   44        19      1875


SUNRISE AND SUNSET
APRIL 17 2014.........SUNRISE   659 AM EDT   SUNSET   818 PM EDT
APRIL 18 2014.........SUNRISE   658 AM EDT   SUNSET   819 PM EDT


-  INDICATES NEGATIVE NUMBERS.
R  INDICATES RECORD WAS SET OR TIED.
MM INDICATES DATA IS MISSING.
T  INDICATES TRACE AMOUNT.




$$
