000
CDUS45 KCYS 281215 CCA
CLICYS

CLIMATE REPORT...CORRECTED
NATIONAL WEATHER SERVICE CHEYENNE WY
614 AM MDT SUN AUG 28 2016


...................................

...THE CHEYENNE WYOMING AIRPORT CLIMATE SUMMARY FOR AUGUST 27 2016...

CLIMATE NORMAL PERIOD 1981 TO 2010
CLIMATE RECORD PERIOD 1871 TO 2016


WEATHER ITEM   OBSERVED TIME   RECORD YEAR NORMAL DEPARTURE LAST
                VALUE   (LST)  VALUE       VALUE  FROM      YEAR
                                                  NORMAL
..................................................................
TEMPERATURE (F)
 YESTERDAY
  MAXIMUM         80    140 PM  93    1969  79      1       79
  MINIMUM         47    516 AM  39    1992  52     -5       58
  AVERAGE         64                        66     -2       69

PRECIPITATION (IN)
  YESTERDAY        0.00          0.53 1933   0.04  -0.04     0.04
  MONTH TO DATE    1.05                      1.74  -0.69     0.62
  SINCE JAN 1     12.83                     12.24   0.59    13.58

SNOWFALL (IN)
  YESTERDAY        0.0          MM      MM   0.0    0.0      0.0
  MONTH TO DATE    T                         0.0    0.0      0.0
  SINCE JUL 1      T                         0.0    0.0      0.0
  SNOW DEPTH       0

DEGREE DAYS
 HEATING
  YESTERDAY        1                         2     -1        0
  MONTH TO DATE   44                        30     14       40
  SINCE JUN 1     73                       186   -113      105
  SINCE JUL 1     47                        52     -5       69

 COOLING
  YESTERDAY        0                         2     -2        4
  MONTH TO DATE  101                       108     -7      120
  SINCE JUN 1    413                       315     98      292
  SINCE JAN 1    413                       318     95      292
..................................................................


WIND (MPH)
  HIGHEST WIND SPEED    22   HIGHEST WIND DIRECTION     W (270)
  HIGHEST GUST SPEED    26   HIGHEST GUST DIRECTION     W (270)
  AVERAGE WIND SPEED     7.7


SKY COVER
  AVERAGE SKY COVER 0.1


WEATHER CONDITIONS
 THE FOLLOWING WEATHER WAS RECORDED YESTERDAY.
  NO SIGNIFICANT WEATHER WAS OBSERVED.


RELATIVE HUMIDITY (PERCENT)
 HIGHEST    83          1200 AM
 LOWEST     16           100 PM
 AVERAGE    50

..........................................................


THE CHEYENNE WYOMING AIRPORT CLIMATE NORMALS FOR TODAY
                         NORMAL    RECORD    YEAR
 MAXIMUM TEMPERATURE (F)   79        92      2013
                                             1937
 MINIMUM TEMPERATURE (F)   52        36      1875


SUNRISE AND SUNSET
AUGUST 28 2016........SUNRISE   622 AM MDT   SUNSET   737 PM MDT
AUGUST 29 2016........SUNRISE   623 AM MDT   SUNSET   736 PM MDT


-  INDICATES NEGATIVE NUMBERS.
R  INDICATES RECORD WAS SET OR TIED.
MM INDICATES DATA IS MISSING.
T  INDICATES TRACE AMOUNT.




$$
