000
CDUS45 KCYS 280739
CLICYS


CLIMATE REPORT
NATIONAL WEATHER SERVICE CHEYENNE WY
138 AM MDT FRI AUG 28 2015


...................................

...THE CHEYENNE WYOMING AIRPORT CLIMATE SUMMARY FOR AUGUST 27 2015...

CLIMATE NORMAL PERIOD 1981 TO 2010
CLIMATE RECORD PERIOD 1871 TO 2015


WEATHER ITEM   OBSERVED TIME   RECORD YEAR NORMAL DEPARTURE LAST
                VALUE   (LST)  VALUE       VALUE  FROM      YEAR
                                                  NORMAL
..................................................................
TEMPERATURE (F)
 YESTERDAY
  MAXIMUM         79    106 PM  93    1969  79      0       70
  MINIMUM         58   1159 PM  39    1992  52      6       52
  AVERAGE         69                        66      3       61

PRECIPITATION (IN)
  YESTERDAY        0.04          0.53 1933   0.04   0.00     0.40
  MONTH TO DATE    0.62                      1.74  -1.12     1.41
  SINCE JAN 1     13.58                     12.24   1.34    13.59

SNOWFALL (IN)
  YESTERDAY        0.0          MM      MM   0.0    0.0      0.0
  MONTH TO DATE    0.0                       0.0    0.0      0.0
  SINCE JUL 1      0.0                       0.0    0.0      0.0
  SNOW DEPTH       0

DEGREE DAYS
 HEATING
  YESTERDAY        0                         2     -2        4
  MONTH TO DATE   39                        30      9       15
  SINCE JUN 1    102                       186    -84      170
  SINCE JUL 1     66                        52     14       44

 COOLING
  YESTERDAY        4                         2      2        0
  MONTH TO DATE  137                       108     29       92
  SINCE JUN 1    329                       315     14      264
  SINCE JAN 1    329                       318     11      265
..................................................................


WIND (MPH)
  HIGHEST WIND SPEED    24   HIGHEST WIND DIRECTION    NW (310)
  HIGHEST GUST SPEED    35   HIGHEST GUST DIRECTION    NW (320)
  AVERAGE WIND SPEED    12.9


SKY COVER
  AVERAGE SKY COVER 0.4


WEATHER CONDITIONS
 THE FOLLOWING WEATHER WAS RECORDED YESTERDAY.
  THUNDERSTORM
  LIGHT RAIN
  FOG


RELATIVE HUMIDITY (PERCENT)
 HIGHEST    72          1000 PM
 LOWEST     38          1100 AM
 AVERAGE    55

..........................................................


THE CHEYENNE WYOMING AIRPORT CLIMATE NORMALS FOR TODAY
                         NORMAL    RECORD    YEAR
 MAXIMUM TEMPERATURE (F)   79        92      2013
                                             1937
 MINIMUM TEMPERATURE (F)   52        36      1875


SUNRISE AND SUNSET
AUGUST 28 2015........SUNRISE   622 AM MDT   SUNSET   739 PM MDT
AUGUST 29 2015........SUNRISE   623 AM MDT   SUNSET   737 PM MDT


-  INDICATES NEGATIVE NUMBERS.
R  INDICATES RECORD WAS SET OR TIED.
MM INDICATES DATA IS MISSING.
T  INDICATES TRACE AMOUNT.




$$
