000
CDUS45 KCYS 230727
CLICYS


CLIMATE REPORT
NATIONAL WEATHER SERVICE CHEYENNE WY
127 AM MDT WED JUL 23 2014


...................................

...THE CHEYENNE WYOMING CLIMATE SUMMARY FOR JULY 22 2014...

CLIMATE NORMAL PERIOD 1981 TO 2010
CLIMATE RECORD PERIOD 1871 TO 2014


WEATHER ITEM   OBSERVED TIME   RECORD YEAR NORMAL DEPARTURE LAST
                VALUE   (LST)  VALUE       VALUE  FROM      YEAR
                                                  NORMAL
..................................................................
TEMPERATURE (F)
 YESTERDAY
  MAXIMUM         86    359 PM  96    2005  84      2       86
  MINIMUM         61    531 AM  44    1990  56      5       59
                                      1978
  AVERAGE         74                        70      4       73

PRECIPITATION (IN)
  YESTERDAY        0.00          1.56 1991   0.09  -0.09     0.00
  MONTH TO DATE    2.16                      1.48   0.68     1.12
  SINCE JAN 1     11.10                      9.79   1.31     6.76

SNOWFALL (IN)
  YESTERDAY        0.0          MM      MM   0.0    0.0      0.0
  MONTH TO DATE    0.0                       0.0    0.0      0.0
  SINCE JUL 1      0.0                       0.0    0.0      0.0
  SNOW DEPTH       0

DEGREE DAYS
 HEATING
  YESTERDAY        0                         1     -1        0
  MONTH TO DATE   21                        22     -1        0
  SINCE JUN 1    147                       156     -9       62
  SINCE JUL 1     21                        22     -1        0

 COOLING
  YESTERDAY        9                         6      3        8
  MONTH TO DATE  112                       111      1      135
  SINCE JUN 1    126                       158    -32      252
  SINCE JAN 1    127                       161    -34      258
..................................................................


WIND (MPH)
  HIGHEST WIND SPEED    17   HIGHEST WIND DIRECTION    NW (330)
  HIGHEST GUST SPEED    26   HIGHEST GUST DIRECTION     N (340)
  AVERAGE WIND SPEED     9.5


SKY COVER
  AVERAGE SKY COVER 0.0


WEATHER CONDITIONS
 THE FOLLOWING WEATHER WAS RECORDED YESTERDAY.
  NO SIGNIFICANT WEATHER WAS OBSERVED.


RELATIVE HUMIDITY (PERCENT)
 HIGHEST    73           700 AM
 LOWEST     29           400 PM
 AVERAGE    51

..........................................................


THE CHEYENNE WYOMING CLIMATE NORMALS FOR TODAY
                         NORMAL    RECORD    YEAR
 MAXIMUM TEMPERATURE (F)   84        97      1940
 MINIMUM TEMPERATURE (F)   56        44      1990


SUNRISE AND SUNSET
JULY 23 2014..........SUNRISE   546 AM MDT   SUNSET   825 PM MDT
JULY 24 2014..........SUNRISE   547 AM MDT   SUNSET   824 PM MDT


-  INDICATES NEGATIVE NUMBERS.
R  INDICATES RECORD WAS SET OR TIED.
MM INDICATES DATA IS MISSING.
T  INDICATES TRACE AMOUNT.




$$
